{"id":813,"date":"2026-01-04T08:07:53","date_gmt":"2026-01-04T08:07:53","guid":{"rendered":"https:\/\/rrb.be\/rrb\/?page_id=813"},"modified":"2026-02-10T13:27:30","modified_gmt":"2026-02-10T13:27:30","slug":"premiere-guerre-mondiale-les-tragiques-destins-croises-caporal-francais-jules-peugeot-et-sous-lieutenant-allemand-albert-mayer","status":"publish","type":"page","link":"https:\/\/rrb.be\/rrb\/premiere-guerre-mondiale\/premiere-guerre-mondiale-les-tragiques-destins-croises-caporal-francais-jules-peugeot-et-sous-lieutenant-allemand-albert-mayer\/","title":{"rendered":"Premi\u00e8re Guerre Mondiale : Les tragiques destins crois\u00e9s des caporal Fran\u00e7ais Jules PEUGEOT et sous-lieutenant Allemand Albert MAYER"},"content":{"rendered":"\n<p><strong>D\u2019une part<\/strong> :<br>Caporal Jules Andr\u00e9 PEUGEOT, 21 ans, r\u00e9put\u00e9 pour \u00eatre le premier soldat Fran\u00e7ais tu\u00e9 lors de la premi\u00e8re guerre mondiale, par le sous-lieutenant Allemand Albert MAYER la veille de la d\u00e9claration de guerre \u00e0 Etupes le 2 ao\u00fbt 1914 \u00e0 Joncherey dans le territoire de Belfort&nbsp;;<br><strong>D\u2019autre part<\/strong> :<br>Sous-lieutenant Albert MAYER, 22 ans, r\u00e9put\u00e9 pour \u00eatre le premier soldat Allemand tu\u00e9 lors de la premi\u00e8re guerre mondiale, par le caporal Fran\u00e7ais Jules PEUGEOT la veille de la d\u00e9claration de guerre \u00e0 Etupes le 2 ao\u00fbt 1914 \u00e0 Joncherey dans le territoire de Belfort.<\/p>\n\n\n\n<h2 class=\"wp-block-heading\">Caporal Fran\u00e7ais Jules Andr\u00e9 PEUGEOT<\/h2>\n\n\n\n<figure class=\"wp-block-image size-full\"><img loading=\"lazy\" decoding=\"async\" width=\"313\" height=\"320\" src=\"https:\/\/rrb.be\/rrb\/wp-content\/uploads\/2026\/01\/Caporal-Francais-Jules-Andre-PEUGEOT.jpg\" alt=\"\" class=\"wp-image-815\" srcset=\"https:\/\/rrb.be\/rrb\/wp-content\/uploads\/2026\/01\/Caporal-Francais-Jules-Andre-PEUGEOT.jpg 313w, https:\/\/rrb.be\/rrb\/wp-content\/uploads\/2026\/01\/Caporal-Francais-Jules-Andre-PEUGEOT-293x300.jpg 293w\" sizes=\"auto, (max-width: 313px) 100vw, 313px\" \/><\/figure>\n\n\n\n<ul class=\"wp-block-list\">\n<li>N\u00e9 le 11 janvier 1893 \u00e0 Etupes, 25228, Doubs, Franche-Comt\u00e9, France<\/li>\n\n\n\n<li>Tu\u00e9 le 2 ao\u00fbt 1914 \u00e0 Joncherey, 90056, Territoire de Belfort, Franche-Comt\u00e9, France, \u00e0 l\u2019\u00e2ge de 21 ans<\/li>\n\n\n\n<li>Profession (civil) : Instituteur<\/li>\n\n\n\n<li>Caporal arm\u00e9e fran\u00e7aise au 44 R\u00e9giment d\u2019Infanterie<\/li>\n<\/ul>\n\n\n\n<h2 class=\"wp-block-heading\">Sous-lieutenant Allemand Albert Otto Walter MAYER<\/h2>\n\n\n\n<figure class=\"wp-block-image size-full\"><img loading=\"lazy\" decoding=\"async\" width=\"237\" height=\"320\" src=\"https:\/\/rrb.be\/rrb\/wp-content\/uploads\/2026\/01\/Sous-lieutenant-Allemand-Albert-Otto-Walter-MAYER.jpg\" alt=\"\" class=\"wp-image-816\" srcset=\"https:\/\/rrb.be\/rrb\/wp-content\/uploads\/2026\/01\/Sous-lieutenant-Allemand-Albert-Otto-Walter-MAYER.jpg 237w, https:\/\/rrb.be\/rrb\/wp-content\/uploads\/2026\/01\/Sous-lieutenant-Allemand-Albert-Otto-Walter-MAYER-222x300.jpg 222w\" sizes=\"auto, (max-width: 237px) 100vw, 237px\" \/><\/figure>\n\n\n\n<ul class=\"wp-block-list\">\n<li>N\u00e9 le 24 avril 1892 (dimanche) \u00e0 Magdeburg, Sachsen Anhalt, Allemagne<\/li>\n\n\n\n<li>Tu\u00e9 le 2 ao\u00fbt 1914 \u00e0 Joncherey, 90056, Territoire de Belfort, Franche-Comt\u00e9, France, \u00e0 l\u2019\u00e2ge de 22 ans<\/li>\n\n\n\n<li>Profession (civil) : \u00c9tudiant<\/li>\n\n\n\n<li>Sous-lieutenant Allemand au 5e r\u00e9giment de chasseurs \u00e0 cheval<\/li>\n<\/ul>\n\n\n\n<h2 class=\"wp-block-heading\">Informations<\/h2>\n\n\n\n<p>Face \u00e0 la menace de guerre, le gouvernement fran\u00e7ais mobilise ses troupes, mais pour \u00e9viter toute provocation, les enjoint de rester \u00e0 10 km de la fronti\u00e8re. Le 2 ao\u00fbt 1914 au matin, le caporal PEUGEOT, 21 ans, et quatre de ses hommes sont en mission de surveillance et arrivent \u00e0 la maison de Monsieur et Madame DOCOURT. Le couple vit ici avec ses deux fils, leur fille Adrienne Nicolet et sa petite Fernande sont aussi pr\u00e9sentes. Ils prennent une collation quand la fille du propri\u00e9taire, partie chercher de l\u2019eau, revient effray\u00e9e en criant \u00ab<em>&nbsp;Les Prussiens! Les Prussiens arrivent!<\/em>&nbsp;\u00bb.<\/p>\n\n\n\n<p>Il s\u2019agit d\u2019un d\u00e9tachement de reconnaissance Allemand de huit hommes du 5e r\u00e9giment de chasseurs \u00e0 cheval de Mulhouse, command\u00e9 par le sous-lieutenant Albert MAYER, 22 ans, qui progresse vers Joncherey en venant de Faverois apr\u00e8s avoir viol\u00e9 la fronti\u00e8re fran\u00e7aise.<\/p>\n\n\n\n<p>Commandant une escouade de la 6e compagnie du 2e bataillon du 44e r\u00e9giment d\u2019infanterie de Lons-le-Saunier, la mission du caporal PEUGEOT est de faire barrage et d\u2019emp\u00eacher la progression du d\u00e9tachement allemand. Ils aper\u00e7oivent alors quatre ou cinq cavaliers \u00e0 la lisi\u00e8re du bois situ\u00e9e \u00e0 leur gauche, c\u2019est une patrouille Allemande. Le sergent Aim\u00e9 MATHIEU ordonne de faire \u00ab <em>feu \u00e0 volont\u00e9!<\/em> \u00bb. Trois cavaliers ennemis tombent bless\u00e9s et quatre chevaux sont abattus.<\/p>\n\n\n\n<p>Pendant ce temps, le sous-lieutenant Albert MAYER (du 5e chasseurs \u00e0 cheval, de Mulhouse, commandant de la patrouille allemande), s\u2019avance seul par la route. Il \u00e9vite les sentinelles fran\u00e7aises avanc\u00e9es et arrive pr\u00e8s de la maison DOCOURT, devant laquelle se trouve le caporal PEUGEOT.<\/p>\n\n\n\n<p>Le sous-lieutenant Albert MAYER s\u2019attaque \u00e0 la sentinelle COINTET en le frappant dans le dos d\u2019un coup de sabre qui fut fortement amorti par les bretelles de suspension, le soldat COINTET n\u2019est que l\u00e9g\u00e8rement bless\u00e9, mais sonn\u00e9, il ne peut r\u00e9agir. Le sous-lieutenant Albert MAYER ne compte pas en rester l\u00e0 et essaie de le tuer avec son sabre.<\/p>\n\n\n\n<p>Voyant cela, le caporal PEUGEOT se pr\u00e9cipite vers le sous-lieutenant Albert MAYER pour l\u2019arr\u00eater, en essayant de saisir les brides de son cheval. C\u2019est \u00e0 ce moment que le sous-lieutenant Albert MAYER prend son r\u00e9volver et malgr\u00e9 son cheval qui se cabre, parvient \u00e0 tirer \u00e0 trois reprises en direction du caporal PEUGEOT. La deuxi\u00e8me balle le blesse gri\u00e8vement au niveau du thorax et il s\u2019effondre \u00e0 terre. <\/p>\n\n\n\n<blockquote class=\"wp-block-quote is-layout-flow wp-block-quote-is-layout-flow\">\n<p>Un soldat plus exp\u00e9riment\u00e9 \u00e0 la guerre aurait pris son arme et tir\u00e9 sur l\u2019ennemi, le caporal PEUGEOT a-t-il voulu le capturer vivant ou n\u2019a-t-il tout simplement pas pens\u00e9 \u00e0 prendre son arme pour l\u2019abattre, en tout \u00e9tat de cause cela s\u2019av\u00e8re \u00eatre une strat\u00e9gie catastrophique. Pensant le caporal PEUGEOT mort, le sous-lieutenant Albert MAYER ne lui pr\u00eate plus attention et retourne vers le soldat COINTET avec la ferme intention de l\u2019abattre \u00e0 son tour avec son r\u00e9volver.<\/p>\n<\/blockquote>\n\n\n\n<p>La guerre n\u2019est pas encore officiellement d\u00e9clar\u00e9e, un premier combat s\u2019est d\u00e9j\u00e0 engag\u00e9 avec trois bless\u00e9s c\u00f4t\u00e9 allemand et deux bless\u00e9s c\u00f4t\u00e9 fran\u00e7ais. Alors que le sous-lieutenant Albert MAYER s\u2019appr\u00eate \u00e0 tirer sur le soldat COINTET, malgr\u00e9 sa grave blessure, ce dernier a la vie sauve gr\u00e2ce au caporal PEUGEOT qui trouve la force de riposter. Il vise et atteint le sous-lieutenant Albert MAYER d\u2019une balle dans le ventre, ce dernier s\u2019\u00e9croule de son cheval. <\/p>\n\n\n\n<p>\u00c0 terre, allong\u00e9 sur le dos et perdant beaucoup de sang, le sous-lieutenant Albert MAYER hurle de douleur et est rapidement achev\u00e9 par le soldat BONZON d\u2019une balle dans la t\u00eate. <strong>Le sous-lieutenant Albert MAYER est mort<\/strong> et par ce fait, est le premier soldat Allemand \u00e0 \u00eatre tu\u00e9.<\/p>\n\n\n\n<p>Gri\u00e8vement bless\u00e9, le caporal PEUGEOT essaye de rejoindre la maison DOCOURT pour s\u2019y r\u00e9fugier. Tr\u00e9buchant \u00e0 plusieurs reprises mais parvenant \u00e0 se relever, il arrive pr\u00e8s du seuil de la porte. Alors que la fille des DOCOURT vient \u00e0 lui pour le secourir, \u00e0 bout de force, il s\u2019\u00e9croule. La fille DOCOURT essaie de l\u2019aider \u00e0 se relever, mais sa blessure au thorax l\u2019emp\u00eache de respirer. Crachant du sang, <strong>le caporal PEUGEOT \u00e9touffe et meurt \u00e0 son tour.<\/strong><\/p>\n\n\n\n<blockquote class=\"wp-block-quote is-layout-flow wp-block-quote-is-layout-flow\">\n<p><strong>C\u2019est ainsi qu\u2019\u00e0 la veille de la d\u00e9claration de guerre, les premiers soldats Fran\u00e7ais et Allemands se sont entretu\u00e9s.<\/strong>&nbsp;Les trois soldats Allemands bless\u00e9s ont quant \u00e0 eux \u00e9t\u00e9 captur\u00e9s \u00e9t\u00e9 soign\u00e9s.<\/p>\n<\/blockquote>\n\n\n\n<h2 class=\"wp-block-heading\">R\u00e9f\u00e9rences :<\/h2>\n\n\n\n<ul class=\"wp-block-list\">\n<li><strong>SHD Vincennes<\/strong>&nbsp;: Journal ops 44e RI (cotte 24N 1024) : patrouille Peugeot (6e cie, 2e bn) maison Docourt vs 8 chasseurs \u00e0 cheval Mayer (5e RCH Mulhouse). Sabre Cointet, revolver thorax, riposte Mayer puis Bonzon t\u00eate.<\/li>\n\n\n\n<li><strong>M\u00e9moire des Hommes<\/strong>&nbsp;: Fiche Peugeot (n\u00e9 Etupes 11\/01\/1893, instituteur, caporal) ; registre d\u00e9c\u00e8s Joncherey 2\/08\/1914.<\/li>\n\n\n\n<li><strong>Reichsarchiv<\/strong>&nbsp;:&nbsp;<em>Der Weltkrieg 1914-18<\/em>&nbsp;(vol.1, 1925), p.89 : Mayer (n\u00e9 Magdeburg 24\/04\/1892, \u00e9tudiant) premier officier tu\u00e9 ; 3 bless\u00e9s captur\u00e9s, chevaux abattus bois.<\/li>\n\n\n\n<li><strong>Monument Joncherey<\/strong>&nbsp;: St\u00e8le 1921 (plaque : \u00ab\u00a0Premier sang vers\u00e9\u00a0\u00bb) + mus\u00e9e local Joncherey ; t\u00e9moignages Docourt\/Nicolet archiv\u00e9s Mairie Territoire Belfort.<\/li>\n\n\n\n<li><strong>Jean-Yves Le Naour<\/strong>,&nbsp;<em>1914, les premiers feux<\/em>&nbsp;(Tallandier, 2013), pp.35-42 : reconstitution heure par heure, analyse \u00ab\u00a0imprudence Peugeot\u00a0\u00bb vs bravoure.<\/li>\n\n\n\n<li><strong>Fran\u00e7ois Cochet<\/strong>,&nbsp;<em>Les Premiers et les Derniers<\/em>&nbsp;(14-18 \u00c9d., 2009), chap.3 : duel Mayer-Peugeot paradigme guerre non d\u00e9clar\u00e9e.<\/li>\n\n\n\n<li><strong>Herwig Gonte<\/strong>,&nbsp;<em>Grenzk\u00e4mpfe 1914<\/em>&nbsp;(Oldenbourg, 1962) : perspective uhlans isol\u00e9s<\/li>\n<\/ul>\n\n\n\n<p>Par Alain Schenkels<\/p>\n\n\n\n<figure data-wp-context=\"{&quot;imageId&quot;:&quot;69ea815929072&quot;}\" data-wp-interactive=\"core\/image\" data-wp-key=\"69ea815929072\" class=\"wp-block-image size-full is-resized wp-lightbox-container\"><img loading=\"lazy\" decoding=\"async\" width=\"728\" height=\"1006\" data-wp-class--hide=\"state.isContentHidden\" data-wp-class--show=\"state.isContentVisible\" data-wp-init=\"callbacks.setButtonStyles\" data-wp-on--click=\"actions.showLightbox\" data-wp-on--load=\"callbacks.setButtonStyles\" data-wp-on-window--resize=\"callbacks.setButtonStyles\" src=\"http:\/\/rrb.be\/rrb\/wp-content\/uploads\/2025\/12\/Alain_Schenkels-1.jpg\" alt=\"\" class=\"wp-image-329\" style=\"width:240px;height:auto\" srcset=\"https:\/\/rrb.be\/rrb\/wp-content\/uploads\/2025\/12\/Alain_Schenkels-1.jpg 728w, https:\/\/rrb.be\/rrb\/wp-content\/uploads\/2025\/12\/Alain_Schenkels-1-217x300.jpg 217w\" sizes=\"auto, (max-width: 728px) 100vw, 728px\" \/><button\n\t\t\tclass=\"lightbox-trigger\"\n\t\t\ttype=\"button\"\n\t\t\taria-haspopup=\"dialog\"\n\t\t\taria-label=\"Enlarge\"\n\t\t\tdata-wp-init=\"callbacks.initTriggerButton\"\n\t\t\tdata-wp-on--click=\"actions.showLightbox\"\n\t\t\tdata-wp-style--right=\"state.imageButtonRight\"\n\t\t\tdata-wp-style--top=\"state.imageButtonTop\"\n\t\t>\n\t\t\t<svg xmlns=\"http:\/\/www.w3.org\/2000\/svg\" width=\"12\" height=\"12\" fill=\"none\" viewBox=\"0 0 12 12\">\n\t\t\t\t<path fill=\"#fff\" d=\"M2 0a2 2 0 0 0-2 2v2h1.5V2a.5.5 0 0 1 .5-.5h2V0H2Zm2 10.5H2a.5.5 0 0 1-.5-.5V8H0v2a2 2 0 0 0 2 2h2v-1.5ZM8 12v-1.5h2a.5.5 0 0 0 .5-.5V8H12v2a2 2 0 0 1-2 2H8Zm2-12a2 2 0 0 1 2 2v2h-1.5V2a.5.5 0 0 0-.5-.5H8V0h2Z\" \/>\n\t\t\t<\/svg>\n\t\t<\/button><\/figure>\n\n\n\n<p>Cat\u00e9gorie(s) :<\/p>\n\n\n<div class=\"taxonomy-category wp-block-post-terms\"><a href=\"https:\/\/rrb.be\/rrb\/category\/conflits-guerres\/premiere-guerre-mondiale\/histoire-de-soldats-et-de-guerre\/\" rel=\"tag\">Histoire de soldats et de guerre<\/a><span class=\"wp-block-post-terms__separator\">, <\/span><a href=\"https:\/\/rrb.be\/rrb\/category\/conflits-guerres\/premiere-guerre-mondiale\/\" rel=\"tag\">Premi\u00e8re Guerre Mondiale<\/a><span class=\"wp-block-post-terms__separator\">, <\/span><a href=\"https:\/\/rrb.be\/rrb\/category\/conflits-guerres\/premiere-guerre-mondiale\/soldats-allies-tues-a-lennemi-premiere-guerre-mondiale\/\" rel=\"tag\">Soldats Alli\u00e9s tu\u00e9s \u00e0 l&rsquo;ennemi<\/a><span class=\"wp-block-post-terms__separator\">, <\/span><a href=\"https:\/\/rrb.be\/rrb\/category\/conflits-guerres\/premiere-guerre-mondiale\/soldats-ennemis-tues\/\" rel=\"tag\">Soldats ennemis tu\u00e9s<\/a><\/div>\n\n\n<figure class=\"wp-block-embed is-type-wp-embed is-provider-alain-schenkels wp-block-embed-alain-schenkels\"><div class=\"wp-block-embed__wrapper\">\n<blockquote class=\"wp-embedded-content\" data-secret=\"JOP8FSvLZq\"><a href=\"https:\/\/rrb.be\/rrb\/premiere-guerre-mondiale\/\">Premi\u00e8re Guerre Mondiale<\/a><\/blockquote><iframe loading=\"lazy\" class=\"wp-embedded-content\" sandbox=\"allow-scripts\" security=\"restricted\" style=\"position: absolute; visibility: hidden;\" title=\"\u00ab\u00a0Premi\u00e8re Guerre Mondiale\u00a0\u00bb &#8212; Alain Schenkels\" src=\"https:\/\/rrb.be\/rrb\/premiere-guerre-mondiale\/embed\/#?secret=rdWsGk9mwk#?secret=JOP8FSvLZq\" data-secret=\"JOP8FSvLZq\" width=\"600\" height=\"338\" frameborder=\"0\" marginwidth=\"0\" marginheight=\"0\" scrolling=\"no\"><\/iframe>\n<\/div><\/figure>\n","protected":false},"excerpt":{"rendered":"<p>D\u2019une part :Caporal Jules Andr\u00e9 PEUGEOT, 21 ans, r\u00e9put\u00e9 pour \u00eatre le premier soldat Fran\u00e7ais tu\u00e9 lors de la premi\u00e8re guerre mondiale, par le sous-lieutenant Allemand Albert MAYER la veille de la d\u00e9claration de guerre \u00e0 Etupes le 2 ao\u00fbt 1914 \u00e0 Joncherey dans le territoire de Belfort&nbsp;;D\u2019autre part :Sous-lieutenant Albert MAYER, 22 ans, r\u00e9put\u00e9 [&hellip;]<\/p>\n","protected":false},"author":1,"featured_media":814,"parent":727,"menu_order":0,"comment_status":"closed","ping_status":"closed","template":"","meta":{"footnotes":""},"categories":[33,10,37,38],"tags":[],"class_list":["post-813","page","type-page","status-publish","has-post-thumbnail","hentry","category-histoire-de-soldats-et-de-guerre","category-premiere-guerre-mondiale","category-soldats-allies-tues-a-lennemi-premiere-guerre-mondiale","category-soldats-ennemis-tues"],"_links":{"self":[{"href":"https:\/\/rrb.be\/rrb\/wp-json\/wp\/v2\/pages\/813","targetHints":{"allow":["GET"]}}],"collection":[{"href":"https:\/\/rrb.be\/rrb\/wp-json\/wp\/v2\/pages"}],"about":[{"href":"https:\/\/rrb.be\/rrb\/wp-json\/wp\/v2\/types\/page"}],"author":[{"embeddable":true,"href":"https:\/\/rrb.be\/rrb\/wp-json\/wp\/v2\/users\/1"}],"replies":[{"embeddable":true,"href":"https:\/\/rrb.be\/rrb\/wp-json\/wp\/v2\/comments?post=813"}],"version-history":[{"count":7,"href":"https:\/\/rrb.be\/rrb\/wp-json\/wp\/v2\/pages\/813\/revisions"}],"predecessor-version":[{"id":3150,"href":"https:\/\/rrb.be\/rrb\/wp-json\/wp\/v2\/pages\/813\/revisions\/3150"}],"up":[{"embeddable":true,"href":"https:\/\/rrb.be\/rrb\/wp-json\/wp\/v2\/pages\/727"}],"wp:featuredmedia":[{"embeddable":true,"href":"https:\/\/rrb.be\/rrb\/wp-json\/wp\/v2\/media\/814"}],"wp:attachment":[{"href":"https:\/\/rrb.be\/rrb\/wp-json\/wp\/v2\/media?parent=813"}],"wp:term":[{"taxonomy":"category","embeddable":true,"href":"https:\/\/rrb.be\/rrb\/wp-json\/wp\/v2\/categories?post=813"},{"taxonomy":"post_tag","embeddable":true,"href":"https:\/\/rrb.be\/rrb\/wp-json\/wp\/v2\/tags?post=813"}],"curies":[{"name":"wp","href":"https:\/\/api.w.org\/{rel}","templated":true}]}}