{"id":807,"date":"2026-01-04T07:54:55","date_gmt":"2026-01-04T07:54:55","guid":{"rendered":"https:\/\/rrb.be\/rrb\/?page_id=807"},"modified":"2026-02-10T13:25:37","modified_gmt":"2026-02-10T13:25:37","slug":"premiere-guerre-mondiale-soldat-canadien-george-price-tue-en-belgique-deux-minutes-avant-le-cesse-de-feu","status":"publish","type":"page","link":"https:\/\/rrb.be\/rrb\/premiere-guerre-mondiale\/premiere-guerre-mondiale-soldat-canadien-george-price-tue-en-belgique-deux-minutes-avant-le-cesse-de-feu\/","title":{"rendered":"Premi\u00e8re Guerre Mondiale : Soldat Canadien George PRICE tu\u00e9 en Belgique deux minutes avant le cess\u00e9 de feu"},"content":{"rendered":"\n<ul class=\"wp-block-list\">\n<li>N\u00e9 le 15 d\u00e9cembre 1892 \u00e0 Falmouth, Nova Scotia, Canada<\/li>\n\n\n\n<li>Tu\u00e9 le 11 novembre 1918 \u00e0 Ville-sur-Haine (Le Roeulx), Hainaut, Belgique, \u00e0 l\u2019\u00e2ge de 25 ans<\/li>\n\n\n\n<li>Inhum\u00e9 au cimeti\u00e8re militaire de St Symphorien \u00e0 Mons, Belgique<\/li>\n\n\n\n<li>Soldat Canadien, matricule 256265, 28th Battalion (Northwest), CEF, Canadian Expeditionary Force<\/li>\n<\/ul>\n\n\n\n<blockquote class=\"wp-block-quote is-layout-flow wp-block-quote-is-layout-flow\">\n<p><strong><em>Tu\u00e9 d\u2019une balle en plein c\u0153ur par un tireur d\u2019\u00e9lite Allemand deux minutes avant le cess\u00e9 de feu, Georges PRICE est r\u00e9put\u00e9 pour \u00eatre le dernier soldat du Commonwealth tu\u00e9 durant la premi\u00e8re guerre mondiale.<\/em><\/strong><\/p>\n<\/blockquote>\n\n\n\n<h2 class=\"wp-block-heading\">Informations<\/h2>\n\n\n\n<p>La 6e Brigade d\u2019infanterie canadienne de la 2e Division a \u00e9t\u00e9 choisie pour attaquer ce jour-l\u00e0. De la 6e brigade, le 28e bataillon \u00ab Nord-Ouest \u00bb et le 31e bataillon\/Alberta R\u00e9giment ont \u00e9t\u00e9 choisis pour mener l\u2019attaque. Le 28e bataillon avait ordre pour le 11 novembre d\u2019avancer depuis Frameries (au sud de Mons) et de continuer jusqu\u2019au village du Havre, en s\u00e9curisant tous les ponts du canal du Centre. Le bataillon a avanc\u00e9 rapidement \u00e0 partir de 4h00 du matin, repoussant la l\u00e9g\u00e8re r\u00e9sistance Allemande et ils ont atteint leur position le long du canal face \u00e0 Ville-sur-Haine \u00e0 9h00 o\u00f9 le bataillon a re\u00e7u un message que toutes les hostilit\u00e9s cesseraient \u00e0 11h00.<\/p>\n\n\n\n<p>Georges PRICE et son camarade Art Goodmurphy craignaient que la position du bataillon sur la berge ouverte du canal ne soit expos\u00e9e aux positions allemandes de l\u2019autre c\u00f4t\u00e9 du canal o\u00f9 ils pouvaient voir que des briques avaient \u00e9t\u00e9 arrach\u00e9es des lucarnes des maisons pour cr\u00e9er des positions de tir. Selon Goodmurphy, ils ont d\u00e9cid\u00e9 de leur propre initiative de faire traverser le pont \u00e0 une patrouille de cinq hommes pour fouiller les maisons. Atteignant les maisons et les inspectant une par une, ils d\u00e9couvrirent des soldats Allemands montant des mitrailleuses le long d\u2019un mur de briques surplombant le canal.<\/p>\n\n\n\n<p>Les Allemands ont ouvert le feu sur la patrouille avec des tirs de mitrailleuses lourdes, mais les Canadiens ont \u00e9t\u00e9 prot\u00e9g\u00e9s par les murs de briques d\u2019une des maisons. Conscients qu\u2019ils avaient \u00e9t\u00e9 d\u00e9couverts et d\u00e9bord\u00e9s, les Allemands commenc\u00e8rent \u00e0 battre en retraite. Une famille belge dans l\u2019une des maisons a averti les Canadiens d\u2019\u00eatre prudents alors qu\u2019ils suivaient les Allemands en retraite.<\/p>\n\n\n\n<p>Alors qu\u2019il sortait d\u2019une maison dans la rue, Georges PRICE est touch\u00e9 au niveau du c\u0153ur par un tireur d\u2019\u00e9lite Allemand qui s\u2019est offert son dernier tir mortel. Il est emmen\u00e9 dans l\u2019une des maisons et soign\u00e9 par une jeune infirmi\u00e8re belge qui a travers\u00e9 la rue pour lui venir en aide, mais il d\u00e9c\u00e8de une minute plus tard \u00e0 10h58, le 11 novembre 1918, deux minutes avant l\u2019entr\u00e9e en vigueur de l\u2019armistice.<\/p>\n\n\n\n<p>George Lawrence PRICE \u00e9tait c\u00e9libataire lorsqu\u2019il a \u00e9t\u00e9 tu\u00e9, tel qu\u2019indiqu\u00e9 sur sa feuille de recrutement militaire. Sa tombe fait face \u00e0 celle de&nbsp;John PARR,&nbsp;le premier soldat Britannique tu\u00e9 \u00e0 seulement 17 ans et de celle de George ELLISON, dernier soldat Britannique tu\u00e9 durant la premi\u00e8re guerre mondiale. Ils sont inhum\u00e9s au cimeti\u00e8re militaire de St Symphorien \u00e0 Mons, Belgique.<\/p>\n\n\n\n<p><strong><em>La guerre tua des hommes jusqu&rsquo;au dernier instant<\/em><\/strong>.<\/p>\n\n\n\n<h2 class=\"wp-block-heading\">R\u00e9f\u00e9rences :<\/h2>\n\n\n\n<ul class=\"wp-block-list\">\n<li><strong>CWGC\/Library Archives Canada<\/strong>&nbsp;: Fiche CEF d\u00e9taill\u00e9e (bac-lac.gc.ca) ; attestation d\u00e9c\u00e8s 10h58 confirm\u00e9e par Goodmurphy.<\/li>\n\n\n\n<li><strong>War Diary 28th Bn<\/strong>&nbsp;: Library Archives Canada (RG9, vol. 4678) : ordre Havre, patrouille improvis\u00e9e, 1 tu\u00e9.<\/li>\n\n\n\n<li><strong>T\u00e9moignage<\/strong>&nbsp;: Arthur Goodmurphy d\u00e9claration 1919 (inclus enqu\u00eate IWGC).<\/li>\n\n\n\n<li><strong>Histoire CEF<\/strong>&nbsp;: Pierre Berton,&nbsp;<em>Marching as to War<\/em>&nbsp;(2001), chap. 15 ; David Bercuson,&nbsp;<em>The Fighting Canadians<\/em>&nbsp;(2005).<\/li>\n\n\n\n<li><strong>British Legion\/Canadian Legion<\/strong>&nbsp;: Rapport centenaire 2018 <\/li>\n\n\n\n<li><strong>Analyse<\/strong>&nbsp;: Richard Holmes,&nbsp;<em>The Last Dead Soldier<\/em>&nbsp;(2003) : parall\u00e8le Ellison\/Price.<\/li>\n<\/ul>\n\n\n\n<p>Par Alain Schenkels<\/p>\n\n\n\n<figure data-wp-context=\"{&quot;imageId&quot;:&quot;69ea8127459dd&quot;}\" data-wp-interactive=\"core\/image\" data-wp-key=\"69ea8127459dd\" class=\"wp-block-image size-full is-resized wp-lightbox-container\"><img loading=\"lazy\" decoding=\"async\" width=\"728\" height=\"1006\" data-wp-class--hide=\"state.isContentHidden\" data-wp-class--show=\"state.isContentVisible\" data-wp-init=\"callbacks.setButtonStyles\" data-wp-on--click=\"actions.showLightbox\" data-wp-on--load=\"callbacks.setButtonStyles\" data-wp-on-window--resize=\"callbacks.setButtonStyles\" src=\"http:\/\/rrb.be\/rrb\/wp-content\/uploads\/2025\/12\/Alain_Schenkels-1.jpg\" alt=\"\" class=\"wp-image-329\" style=\"width:247px;height:auto\" srcset=\"https:\/\/rrb.be\/rrb\/wp-content\/uploads\/2025\/12\/Alain_Schenkels-1.jpg 728w, https:\/\/rrb.be\/rrb\/wp-content\/uploads\/2025\/12\/Alain_Schenkels-1-217x300.jpg 217w\" sizes=\"auto, (max-width: 728px) 100vw, 728px\" \/><button\n\t\t\tclass=\"lightbox-trigger\"\n\t\t\ttype=\"button\"\n\t\t\taria-haspopup=\"dialog\"\n\t\t\taria-label=\"Enlarge\"\n\t\t\tdata-wp-init=\"callbacks.initTriggerButton\"\n\t\t\tdata-wp-on--click=\"actions.showLightbox\"\n\t\t\tdata-wp-style--right=\"state.imageButtonRight\"\n\t\t\tdata-wp-style--top=\"state.imageButtonTop\"\n\t\t>\n\t\t\t<svg xmlns=\"http:\/\/www.w3.org\/2000\/svg\" width=\"12\" height=\"12\" fill=\"none\" viewBox=\"0 0 12 12\">\n\t\t\t\t<path fill=\"#fff\" d=\"M2 0a2 2 0 0 0-2 2v2h1.5V2a.5.5 0 0 1 .5-.5h2V0H2Zm2 10.5H2a.5.5 0 0 1-.5-.5V8H0v2a2 2 0 0 0 2 2h2v-1.5ZM8 12v-1.5h2a.5.5 0 0 0 .5-.5V8H12v2a2 2 0 0 1-2 2H8Zm2-12a2 2 0 0 1 2 2v2h-1.5V2a.5.5 0 0 0-.5-.5H8V0h2Z\" \/>\n\t\t\t<\/svg>\n\t\t<\/button><\/figure>\n\n\n\n<p>Cat\u00e9gorie(s) :<\/p>\n\n\n<div class=\"taxonomy-category wp-block-post-terms\"><a href=\"https:\/\/rrb.be\/rrb\/category\/conflits-guerres\/premiere-guerre-mondiale\/histoire-de-soldats-et-de-guerre\/\" rel=\"tag\">Histoire de soldats et de guerre<\/a><span class=\"wp-block-post-terms__separator\">, <\/span><a href=\"https:\/\/rrb.be\/rrb\/category\/conflits-guerres\/premiere-guerre-mondiale\/\" rel=\"tag\">Premi\u00e8re Guerre Mondiale<\/a><span class=\"wp-block-post-terms__separator\">, <\/span><a href=\"https:\/\/rrb.be\/rrb\/category\/conflits-guerres\/premiere-guerre-mondiale\/soldats-allies-tues-a-lennemi-premiere-guerre-mondiale\/\" rel=\"tag\">Soldats Alli\u00e9s tu\u00e9s \u00e0 l&rsquo;ennemi<\/a><\/div>\n\n\n<figure class=\"wp-block-embed is-type-wp-embed is-provider-alain-schenkels wp-block-embed-alain-schenkels\"><div class=\"wp-block-embed__wrapper\">\n<blockquote class=\"wp-embedded-content\" data-secret=\"Pj2lDGoAgi\"><a href=\"https:\/\/rrb.be\/rrb\/premiere-guerre-mondiale\/\">Premi\u00e8re Guerre Mondiale<\/a><\/blockquote><iframe loading=\"lazy\" class=\"wp-embedded-content\" sandbox=\"allow-scripts\" security=\"restricted\" style=\"position: absolute; visibility: hidden;\" title=\"\u00ab\u00a0Premi\u00e8re Guerre Mondiale\u00a0\u00bb &#8212; Alain Schenkels\" src=\"https:\/\/rrb.be\/rrb\/premiere-guerre-mondiale\/embed\/#?secret=gmQt81oXPh#?secret=Pj2lDGoAgi\" data-secret=\"Pj2lDGoAgi\" width=\"600\" height=\"338\" frameborder=\"0\" marginwidth=\"0\" marginheight=\"0\" scrolling=\"no\"><\/iframe>\n<\/div><\/figure>\n","protected":false},"excerpt":{"rendered":"<p>Tu\u00e9 d\u2019une balle en plein c\u0153ur par un tireur d\u2019\u00e9lite Allemand deux minutes avant le cess\u00e9 de feu, Georges PRICE est r\u00e9put\u00e9 pour \u00eatre le dernier soldat du Commonwealth tu\u00e9 durant la premi\u00e8re guerre mondiale. Informations La 6e Brigade d\u2019infanterie canadienne de la 2e Division a \u00e9t\u00e9 choisie pour attaquer ce jour-l\u00e0. De la 6e [&hellip;]<\/p>\n","protected":false},"author":1,"featured_media":808,"parent":727,"menu_order":0,"comment_status":"closed","ping_status":"closed","template":"","meta":{"footnotes":""},"categories":[33,10,37],"tags":[],"class_list":["post-807","page","type-page","status-publish","has-post-thumbnail","hentry","category-histoire-de-soldats-et-de-guerre","category-premiere-guerre-mondiale","category-soldats-allies-tues-a-lennemi-premiere-guerre-mondiale"],"_links":{"self":[{"href":"https:\/\/rrb.be\/rrb\/wp-json\/wp\/v2\/pages\/807","targetHints":{"allow":["GET"]}}],"collection":[{"href":"https:\/\/rrb.be\/rrb\/wp-json\/wp\/v2\/pages"}],"about":[{"href":"https:\/\/rrb.be\/rrb\/wp-json\/wp\/v2\/types\/page"}],"author":[{"embeddable":true,"href":"https:\/\/rrb.be\/rrb\/wp-json\/wp\/v2\/users\/1"}],"replies":[{"embeddable":true,"href":"https:\/\/rrb.be\/rrb\/wp-json\/wp\/v2\/comments?post=807"}],"version-history":[{"count":3,"href":"https:\/\/rrb.be\/rrb\/wp-json\/wp\/v2\/pages\/807\/revisions"}],"predecessor-version":[{"id":3148,"href":"https:\/\/rrb.be\/rrb\/wp-json\/wp\/v2\/pages\/807\/revisions\/3148"}],"up":[{"embeddable":true,"href":"https:\/\/rrb.be\/rrb\/wp-json\/wp\/v2\/pages\/727"}],"wp:featuredmedia":[{"embeddable":true,"href":"https:\/\/rrb.be\/rrb\/wp-json\/wp\/v2\/media\/808"}],"wp:attachment":[{"href":"https:\/\/rrb.be\/rrb\/wp-json\/wp\/v2\/media?parent=807"}],"wp:term":[{"taxonomy":"category","embeddable":true,"href":"https:\/\/rrb.be\/rrb\/wp-json\/wp\/v2\/categories?post=807"},{"taxonomy":"post_tag","embeddable":true,"href":"https:\/\/rrb.be\/rrb\/wp-json\/wp\/v2\/tags?post=807"}],"curies":[{"name":"wp","href":"https:\/\/api.w.org\/{rel}","templated":true}]}}