{"id":766,"date":"2026-01-03T09:17:02","date_gmt":"2026-01-03T09:17:02","guid":{"rendered":"https:\/\/rrb.be\/rrb\/?page_id=766"},"modified":"2026-02-10T13:12:45","modified_gmt":"2026-02-10T13:12:45","slug":"premiere-guerre-mondiale-1914-un-mitrailleur-belge-en-action","status":"publish","type":"page","link":"https:\/\/rrb.be\/rrb\/premiere-guerre-mondiale\/premiere-guerre-mondiale-1914-un-mitrailleur-belge-en-action\/","title":{"rendered":"Premi\u00e8re Guerre Mondiale : 1914 \u2013 Un mitrailleur belge en action"},"content":{"rendered":"\n<p><strong>Cigarette au bec, un soldat belge pose pour la cam\u00e9ra entre Dendermonde et Oudegem. <\/strong><br>Le but ? Montrer la guerre, mais aussi s\u00fbrement donner un peu de courage aux soldats et \u00e0 ceux qui sont rest\u00e9s \u00e0 l\u2019arri\u00e8re. Pourtant, la sc\u00e8ne n\u2019a rien de naturel. Pas de casque, une position peu pratique, une cigarette allum\u00e9e dans une grange pleine de paille, tout cela montre bien que la photo a \u00e9t\u00e9 arrang\u00e9e pour l\u2019occasion. On comprend alors que m\u00eame au plus pr\u00e8s du front, les photos de guerre sont souvent mises en sc\u00e8ne.<\/p>\n\n\n\n<blockquote class=\"wp-block-quote is-layout-flow wp-block-quote-is-layout-flow\">\n<p>Je ne me permettrai jamais de romancer l\u2019histoire de nos soldats : le devoir de m\u00e9moire nous oblige envers ces hommes qui ont travers\u00e9 d\u2019inou\u00efes \u00e9preuves, parfois mortelles, pour nous rendre notre libert\u00e9. Nous leur devons gratitude et bienveillance, en souvenir de nos soldats, ces hommes souvent bien jeunes, qui ont tout sacrifi\u00e9 pour leur pays, parfois leur vie.<\/p>\n<\/blockquote>\n\n\n\n<p>La photo est prise, mais la journ\u00e9e du soldat ne s\u2019arr\u00eate pas l\u00e0. Une fois l\u2019appareil rang\u00e9, il doit retourner \u00e0 son vrai r\u00f4le, celui de combattant, pr\u00eat \u00e0 d\u00e9fendre Dendermonde contre l\u2019avanc\u00e9e allemande, mitrailleuse en main.<\/p>\n\n\n\n<p>On ne sait pas ce qu\u2019il est devenu, ce soldat belge, rest\u00e9 anonyme sur la photo. Derri\u00e8re son air s\u00fbr de lui, il y a s\u00fbrement beaucoup de fatigue et d\u2019inqui\u00e9tude, peut-\u00eatre a-t-il \u00e9t\u00e9 victime de la violence de la guerre, il en va de m\u00eame pour tous les soldats \u00e0 cette \u00e9poque.<\/p>\n\n\n\n<p>Autour de lui, la campagne flamande porte d\u00e9j\u00e0 les traces de la guerre. Les villages voisins sont ab\u00eem\u00e9s, les champs marqu\u00e9s par les bombardements. Pourtant, dans cette grange, le temps semble s\u2019arr\u00eater un instant pour la photo. Les photographes, eux, ne se contentent pas de capturer la r\u00e9alit\u00e9, ils la mettent parfois en sc\u00e8ne pour raconter une histoire ou transmettre un message.<\/p>\n\n\n\n<p>Cette image, retrouv\u00e9e bien plus tard, nous confronte au fait que la guerre, ce n\u2019est pas seulement des combats et des strat\u00e9gies. Ce sont aussi des moments comme celui-ci, o\u00f9 l\u2019on essaie de garder le moral, de donner une image forte, m\u00eame si la r\u00e9alit\u00e9 est bien plus dure.<\/p>\n\n\n\n<blockquote class=\"wp-block-quote is-layout-flow wp-block-quote-is-layout-flow\">\n<p><strong><em>Le soldat sur la photo repr\u00e9sente tous ceux qui ont v\u00e9cu cette guerre, avec leurs peurs, leurs espoirs et leur courage, m\u00eame si l\u2019Histoire n\u2019a pas retenu leur nom.<\/em><\/strong><\/p>\n<\/blockquote>\n\n\n\n<p><strong>Hommage \u00e0 tous ces hommes, les d\u00e9fenseurs de notre libert\u00e9 !<\/strong><\/p>\n\n\n\n<p>Par Alain Schenkels<\/p>\n\n\n\n<figure data-wp-context=\"{&quot;imageId&quot;:&quot;69ea97509c8f9&quot;}\" data-wp-interactive=\"core\/image\" data-wp-key=\"69ea97509c8f9\" class=\"wp-block-image size-full is-resized wp-lightbox-container\"><img loading=\"lazy\" decoding=\"async\" width=\"728\" height=\"1006\" data-wp-class--hide=\"state.isContentHidden\" data-wp-class--show=\"state.isContentVisible\" data-wp-init=\"callbacks.setButtonStyles\" data-wp-on--click=\"actions.showLightbox\" data-wp-on--load=\"callbacks.setButtonStyles\" data-wp-on-window--resize=\"callbacks.setButtonStyles\" src=\"http:\/\/rrb.be\/rrb\/wp-content\/uploads\/2025\/12\/Alain_Schenkels-1.jpg\" alt=\"\" class=\"wp-image-329\" style=\"width:239px;height:auto\" srcset=\"https:\/\/rrb.be\/rrb\/wp-content\/uploads\/2025\/12\/Alain_Schenkels-1.jpg 728w, https:\/\/rrb.be\/rrb\/wp-content\/uploads\/2025\/12\/Alain_Schenkels-1-217x300.jpg 217w\" sizes=\"auto, (max-width: 728px) 100vw, 728px\" \/><button\n\t\t\tclass=\"lightbox-trigger\"\n\t\t\ttype=\"button\"\n\t\t\taria-haspopup=\"dialog\"\n\t\t\taria-label=\"Enlarge\"\n\t\t\tdata-wp-init=\"callbacks.initTriggerButton\"\n\t\t\tdata-wp-on--click=\"actions.showLightbox\"\n\t\t\tdata-wp-style--right=\"state.imageButtonRight\"\n\t\t\tdata-wp-style--top=\"state.imageButtonTop\"\n\t\t>\n\t\t\t<svg xmlns=\"http:\/\/www.w3.org\/2000\/svg\" width=\"12\" height=\"12\" fill=\"none\" viewBox=\"0 0 12 12\">\n\t\t\t\t<path fill=\"#fff\" d=\"M2 0a2 2 0 0 0-2 2v2h1.5V2a.5.5 0 0 1 .5-.5h2V0H2Zm2 10.5H2a.5.5 0 0 1-.5-.5V8H0v2a2 2 0 0 0 2 2h2v-1.5ZM8 12v-1.5h2a.5.5 0 0 0 .5-.5V8H12v2a2 2 0 0 1-2 2H8Zm2-12a2 2 0 0 1 2 2v2h-1.5V2a.5.5 0 0 0-.5-.5H8V0h2Z\" \/>\n\t\t\t<\/svg>\n\t\t<\/button><\/figure>\n\n\n\n<p>Cat\u00e9gorie(s) :<\/p>\n\n\n<div class=\"taxonomy-category wp-block-post-terms\"><a href=\"https:\/\/rrb.be\/rrb\/category\/conflits-guerres\/premiere-guerre-mondiale\/histoire-de-soldats-et-de-guerre\/\" rel=\"tag\">Histoire de soldats et de guerre<\/a><span class=\"wp-block-post-terms__separator\">, <\/span><a href=\"https:\/\/rrb.be\/rrb\/category\/conflits-guerres\/premiere-guerre-mondiale\/\" rel=\"tag\">Premi\u00e8re Guerre Mondiale<\/a><\/div>\n\n\n<figure class=\"wp-block-embed is-type-wp-embed is-provider-alain-schenkels wp-block-embed-alain-schenkels\"><div class=\"wp-block-embed__wrapper\">\n<blockquote class=\"wp-embedded-content\" data-secret=\"bW4dOtpDtx\"><a href=\"https:\/\/rrb.be\/rrb\/premiere-guerre-mondiale\/\">Premi\u00e8re Guerre Mondiale<\/a><\/blockquote><iframe loading=\"lazy\" class=\"wp-embedded-content\" sandbox=\"allow-scripts\" security=\"restricted\" style=\"position: absolute; visibility: hidden;\" title=\"\u00ab\u00a0Premi\u00e8re Guerre Mondiale\u00a0\u00bb &#8212; Alain Schenkels\" src=\"https:\/\/rrb.be\/rrb\/premiere-guerre-mondiale\/embed\/#?secret=eKLNHWlOgG#?secret=bW4dOtpDtx\" data-secret=\"bW4dOtpDtx\" width=\"600\" height=\"338\" frameborder=\"0\" marginwidth=\"0\" marginheight=\"0\" scrolling=\"no\"><\/iframe>\n<\/div><\/figure>\n","protected":false},"excerpt":{"rendered":"<p>Cigarette au bec, un soldat belge pose pour la cam\u00e9ra entre Dendermonde et Oudegem. Le but ? Montrer la guerre, mais aussi s\u00fbrement donner un peu de courage aux soldats et \u00e0 ceux qui sont rest\u00e9s \u00e0 l\u2019arri\u00e8re. Pourtant, la sc\u00e8ne n\u2019a rien de naturel. Pas de casque, une position peu pratique, une cigarette allum\u00e9e [&hellip;]<\/p>\n","protected":false},"author":1,"featured_media":767,"parent":727,"menu_order":0,"comment_status":"closed","ping_status":"closed","template":"","meta":{"footnotes":""},"categories":[33,10],"tags":[],"class_list":["post-766","page","type-page","status-publish","has-post-thumbnail","hentry","category-histoire-de-soldats-et-de-guerre","category-premiere-guerre-mondiale"],"_links":{"self":[{"href":"https:\/\/rrb.be\/rrb\/wp-json\/wp\/v2\/pages\/766","targetHints":{"allow":["GET"]}}],"collection":[{"href":"https:\/\/rrb.be\/rrb\/wp-json\/wp\/v2\/pages"}],"about":[{"href":"https:\/\/rrb.be\/rrb\/wp-json\/wp\/v2\/types\/page"}],"author":[{"embeddable":true,"href":"https:\/\/rrb.be\/rrb\/wp-json\/wp\/v2\/users\/1"}],"replies":[{"embeddable":true,"href":"https:\/\/rrb.be\/rrb\/wp-json\/wp\/v2\/comments?post=766"}],"version-history":[{"count":3,"href":"https:\/\/rrb.be\/rrb\/wp-json\/wp\/v2\/pages\/766\/revisions"}],"predecessor-version":[{"id":3138,"href":"https:\/\/rrb.be\/rrb\/wp-json\/wp\/v2\/pages\/766\/revisions\/3138"}],"up":[{"embeddable":true,"href":"https:\/\/rrb.be\/rrb\/wp-json\/wp\/v2\/pages\/727"}],"wp:featuredmedia":[{"embeddable":true,"href":"https:\/\/rrb.be\/rrb\/wp-json\/wp\/v2\/media\/767"}],"wp:attachment":[{"href":"https:\/\/rrb.be\/rrb\/wp-json\/wp\/v2\/media?parent=766"}],"wp:term":[{"taxonomy":"category","embeddable":true,"href":"https:\/\/rrb.be\/rrb\/wp-json\/wp\/v2\/categories?post=766"},{"taxonomy":"post_tag","embeddable":true,"href":"https:\/\/rrb.be\/rrb\/wp-json\/wp\/v2\/tags?post=766"}],"curies":[{"name":"wp","href":"https:\/\/api.w.org\/{rel}","templated":true}]}}