{"id":448,"date":"2025-12-29T17:02:01","date_gmt":"2025-12-29T17:02:01","guid":{"rendered":"https:\/\/rrb.be\/rrb\/?page_id=448"},"modified":"2026-04-28T09:10:51","modified_gmt":"2026-04-28T09:10:51","slug":"resume-de-mon-parcours-professionnel-et-politique","status":"publish","type":"page","link":"https:\/\/rrb.be\/rrb\/resume-de-mon-parcours-professionnel-et-politique\/","title":{"rendered":"Ma bio en r\u00e9sum\u00e9"},"content":{"rendered":"\n<h2 class=\"wp-block-heading\">Parcours professionnel :<\/h2>\n\n\n\n<p><strong>Attention : <\/strong><br><strong>il s&rsquo;agit d&rsquo;un condens\u00e9 de mes activit\u00e9s, toutes ne sont pas r\u00e9pertori\u00e9es&#8230;<\/strong><\/p>\n\n\n\n<p><strong>Chroniqueur<\/strong><br>=&gt; M\u00e9dia 21News, depuis 22 d\u00e9cembre 2024<\/p>\n\n\n\n<p><strong>Administrateur<\/strong><br>=&gt; MediaZone, K.I.F Radio \u00e0 Bruxelles et Namur, depuis mars 2020<br>=&gt; Urban Culture, K.I.F Radio \u00e0 Charleroi, Mons, La Louvi\u00e8re, depuis septembre 2025<\/p>\n\n\n\n<p><strong>Journaliste : Arts &amp; antiquit\u00e9s, automobiles de prestige &amp; collection, a\u00e9ronautique<\/strong><br>World Press Agency &#8211; WPA News Wire Network, de janvier 2016 \u00e0 d\u00e9cembre 2020<\/p>\n\n\n\n<p><strong>CEO<\/strong><br>XXX-CONFIDENTIEL-, depuis d\u00e9cembre 2015<\/p>\n\n\n\n<p><strong>Administrateur d\u00e9l\u00e9gu\u00e9<\/strong><br>SKS Group S.A. Grand-Duch\u00e9 de Luxembourg, de janvier 1998 \u00e0 d\u00e9cembre 2015<\/p>\n\n\n\n<p><strong>Administrateur d\u00e9l\u00e9gu\u00e9<\/strong><br>Mobilocation &#8211; NTCO \u00e0 Watermael-Boitsfort, de janvier 1992 \u00e0 d\u00e9cembre 1999<\/p>\n\n\n\n<p><strong>Administrateur<\/strong><br>ESBEA \u00e0 Watermael-Boitsfort, de janvier 1992 \u00e0 janvier 1993<\/p>\n\n\n\n<h2 class=\"wp-block-heading\">Mandats personnels<\/h2>\n\n\n\n<p><strong>Vice-Pr\u00e9sident du Bureau du Conseil d&rsquo;Administration<\/strong><br>Cr\u00e9emploi, Woluwe-Saint-Pierre, depuis juin 2025<\/p>\n\n\n\n<p><strong>Vice-Pr\u00e9sident Conseil participatif<\/strong><br>R\u00e9sidence pour seniors du CPAS de Watermael-Boitsfort, depuis octobre 2024<\/p>\n\n\n\n<p><strong>Administrateur et secr\u00e9taire du Bureau du Conseil d&rsquo;Administration<\/strong><br>Agence Locale pour l&rsquo;Emploi, Woluwe-Saint-Pierre, depuis juin 2025<\/p>\n\n\n\n<p><strong>Administrateur et secr\u00e9taire du Bureau du Conseil d&rsquo;Administration<\/strong><br>Villa Fran\u00e7ois Gay, Woluwe-Saint-Pierre,  de juin 2025 \u00e0 juin 2026<\/p>\n\n\n\n<hr class=\"wp-block-separator has-alpha-channel-opacity\"\/>\n\n\n\n<p><strong>J&rsquo;adore les sauts de puce en Jet priv\u00e9.<\/strong> <br>Message subliminal \u00e0 destination des \u00e9colos-bobos\u2026 Une petite perfidie \u00e9cologique mais quel bonheur.<br>Provocation \u00e9cologique parfaitement assum\u00e9e \ud83d\udc9a\u2708\ufe0f\ud83d\ude04<\/p>\n\n\n\n<figure class=\"wp-block-image size-full is-resized\"><img loading=\"lazy\" decoding=\"async\" width=\"819\" height=\"960\" src=\"https:\/\/rrb.be\/rrb\/wp-content\/uploads\/2026\/02\/Alain-Schenkels-jet.jpg\" alt=\"\" class=\"wp-image-2207\" style=\"width:400px;height:auto\" srcset=\"https:\/\/rrb.be\/rrb\/wp-content\/uploads\/2026\/02\/Alain-Schenkels-jet.jpg 819w, https:\/\/rrb.be\/rrb\/wp-content\/uploads\/2026\/02\/Alain-Schenkels-jet-256x300.jpg 256w, https:\/\/rrb.be\/rrb\/wp-content\/uploads\/2026\/02\/Alain-Schenkels-jet-768x900.jpg 768w\" sizes=\"auto, (max-width: 819px) 100vw, 819px\" \/><\/figure>\n","protected":false},"excerpt":{"rendered":"<p>Parcours professionnel : Attention : il s&rsquo;agit d&rsquo;un condens\u00e9 de mes activit\u00e9s, toutes ne sont pas r\u00e9pertori\u00e9es&#8230; Chroniqueur=&gt; M\u00e9dia 21News, depuis 22 d\u00e9cembre 2024 Administrateur=&gt; MediaZone, K.I.F Radio \u00e0 Bruxelles et Namur, depuis mars 2020=&gt; Urban Culture, K.I.F Radio \u00e0 Charleroi, Mons, La Louvi\u00e8re, depuis septembre 2025 Journaliste : Arts &amp; antiquit\u00e9s, automobiles de prestige [&hellip;]<\/p>\n","protected":false},"author":1,"featured_media":449,"parent":0,"menu_order":0,"comment_status":"closed","ping_status":"closed","template":"","meta":{"footnotes":""},"categories":[],"tags":[],"class_list":["post-448","page","type-page","status-publish","has-post-thumbnail","hentry"],"_links":{"self":[{"href":"https:\/\/rrb.be\/rrb\/wp-json\/wp\/v2\/pages\/448","targetHints":{"allow":["GET"]}}],"collection":[{"href":"https:\/\/rrb.be\/rrb\/wp-json\/wp\/v2\/pages"}],"about":[{"href":"https:\/\/rrb.be\/rrb\/wp-json\/wp\/v2\/types\/page"}],"author":[{"embeddable":true,"href":"https:\/\/rrb.be\/rrb\/wp-json\/wp\/v2\/users\/1"}],"replies":[{"embeddable":true,"href":"https:\/\/rrb.be\/rrb\/wp-json\/wp\/v2\/comments?post=448"}],"version-history":[{"count":20,"href":"https:\/\/rrb.be\/rrb\/wp-json\/wp\/v2\/pages\/448\/revisions"}],"predecessor-version":[{"id":3730,"href":"https:\/\/rrb.be\/rrb\/wp-json\/wp\/v2\/pages\/448\/revisions\/3730"}],"wp:featuredmedia":[{"embeddable":true,"href":"https:\/\/rrb.be\/rrb\/wp-json\/wp\/v2\/media\/449"}],"wp:attachment":[{"href":"https:\/\/rrb.be\/rrb\/wp-json\/wp\/v2\/media?parent=448"}],"wp:term":[{"taxonomy":"category","embeddable":true,"href":"https:\/\/rrb.be\/rrb\/wp-json\/wp\/v2\/categories?post=448"},{"taxonomy":"post_tag","embeddable":true,"href":"https:\/\/rrb.be\/rrb\/wp-json\/wp\/v2\/tags?post=448"}],"curies":[{"name":"wp","href":"https:\/\/api.w.org\/{rel}","templated":true}]}}

Ma bio en résumé

<h2 class="wp-block-heading">Parcours professionnel :</h2>



<p><strong>Attention : </strong><br><strong>il s&rsquo;agit d&rsquo;un condensé de mes activités, toutes ne sont pas répertoriées&#8230;</strong></p>



<p><strong>Chroniqueur</strong><br>=&gt; Média 21News, depuis 22 décembre 2024</p>



<p><strong>Administrateur</strong><br>=&gt; MediaZone, K.I.F Radio à Bruxelles et Namur, depuis mars 2020<br>=&gt; Urban Culture, K.I.F Radio à Charleroi, Mons, La Louvière, depuis septembre 2025</p>



<p><strong>Journaliste : Arts &amp; antiquités, automobiles de prestige &amp; collection, aéronautique</strong><br>World Press Agency &#8211; WPA News Wire Network, de janvier 2016 à décembre 2020</p>



<p><strong>CEO</strong><br>XXX-CONFIDENTIEL-, depuis décembre 2015</p>



<p><strong>Administrateur délégué</strong><br>SKS Group S.A. Grand-Duché de Luxembourg, de janvier 1998 à décembre 2015</p>



<p><strong>Administrateur délégué</strong><br>Mobilocation &#8211; NTCO à Watermael-Boitsfort, de janvier 1992 à décembre 1999</p>



<p><strong>Administrateur</strong><br>ESBEA à Watermael-Boitsfort, de janvier 1992 à janvier 1993</p>



<h2 class="wp-block-heading">Mandats personnels</h2>



<p><strong>Vice-Président du Bureau du Conseil d&rsquo;Administration</strong><br>Créemploi, Woluwe-Saint-Pierre, depuis juin 2025</p>



<p><strong>Vice-Président Conseil participatif</strong><br>Résidence pour seniors du CPAS de Watermael-Boitsfort, depuis octobre 2024</p>



<p><strong>Administrateur et secrétaire du Bureau du Conseil d&rsquo;Administration</strong><br>Agence Locale pour l&rsquo;Emploi, Woluwe-Saint-Pierre, depuis juin 2025</p>



<p><strong>Administrateur et secrétaire du Bureau du Conseil d&rsquo;Administration</strong><br>Villa François Gay, Woluwe-Saint-Pierre,  de juin 2025 à juin 2026</p>



<hr class="wp-block-separator has-alpha-channel-opacity"/>



<p><strong>J&rsquo;adore les sauts de puce en Jet privé.</strong> <br>Message subliminal à destination des écolos-bobos… Une petite perfidie écologique mais quel bonheur.<br>Provocation écologique parfaitement assumée 💚✈️😄</p>



<figure class="wp-block-image size-full is-resized"><img loading="lazy" decoding="async" width="819" height="960" src="https://rrb.be/rrb/wp-content/uploads/2026/02/Alain-Schenkels-jet.jpg" alt="" class="wp-image-2207" style="width:400px;height:auto" srcset="https://rrb.be/rrb/wp-content/uploads/2026/02/Alain-Schenkels-jet.jpg 819w, https://rrb.be/rrb/wp-content/uploads/2026/02/Alain-Schenkels-jet-256x300.jpg 256w, https://rrb.be/rrb/wp-content/uploads/2026/02/Alain-Schenkels-jet-768x900.jpg 768w" sizes="auto, (max-width: 819px) 100vw, 819px" /></figure>

<p>Parcours professionnel : Attention : il s&rsquo;agit d&rsquo;un condensé de mes activités, toutes ne sont pas répertoriées&#8230; Chroniqueur=&gt; Média 21News, depuis 22 décembre 2024 Administrateur=&gt; MediaZone, K.I.F Radio à Bruxelles et Namur, depuis mars 2020=&gt; Urban Culture, K.I.F Radio à Charleroi, Mons, La Louvière, depuis septembre 2025 Journaliste : Arts &amp; antiquités, automobiles de prestige [&hellip;]</p>
