{"id":3246,"date":"2025-11-04T12:42:26","date_gmt":"2025-11-04T12:42:26","guid":{"rendered":"https:\/\/rrb.be\/rrb\/?p=3246"},"modified":"2026-02-11T13:14:15","modified_gmt":"2026-02-11T13:14:15","slug":"presentation-de-dimitri-abramovitch-belgo-russe-juif-bachelier-en-histoire-et-langues-etrangeres","status":"publish","type":"page","link":"https:\/\/rrb.be\/rrb\/presentation-de-dimitri-abramovitch-belgo-russe-juif-bachelier-en-histoire-et-langues-etrangeres\/","title":{"rendered":"Pr\u00e9sentation de Dimitri ABRAMOVITCH, Belgo-Russe juif, bachelier en Histoire et langues \u00e9trang\u00e8res."},"content":{"rendered":"\n<p><strong>J&rsquo;\u00e9tudie l&rsquo;h\u00e9breux que j&rsquo;affectionne particuli\u00e8rement. Juif Ashk\u00e9naze et fier de l&rsquo;\u00eatre !<\/strong><br>Fervent d\u00e9fenseur de l\u2019Ukraine face \u00e0 l\u2019agression de la Russie, mon pays d\u2019origine.<\/p>\n\n\n\n<blockquote class=\"wp-block-quote is-layout-flow wp-block-quote-is-layout-flow\">\n<p>Mon histoire familiale me fait int\u00e9resser \u00e0 la seconde guerre mondiale, mais aussi au conflit actuel avec l&rsquo;Ukraine, victime de la Russie.<\/p>\n<\/blockquote>\n\n\n\n<h2 class=\"wp-block-heading\">Premi\u00e8re Guerre Mondiale<\/h2>\n\n\n\n<p>Je n&rsquo;ai aucune information sur la participation de membres de ma famille durant la premi\u00e8re guerre mondiale. Tout ce que je sais c&rsquo;est qu&rsquo;un grand oncle faisait partie de la marine russe et qu&rsquo;il est mort en mer Noire en 1916 et qu&rsquo;un autre a \u00e9t\u00e9 captur\u00e9, je crois en Pologne.<\/p>\n\n\n\n<h2 class=\"wp-block-heading\">Seconde Guerre Mondiale <\/h2>\n\n\n\n<p><strong>Du c\u00f4t\u00e9 maternel :<\/strong><\/p>\n\n\n\n<p>Ma grand-m\u00e8re maternelle a miraculeusement surv\u00e9cu \u00e0 la raffle nazie, contrairement \u00e0 ses parents et \u00e0 son fr\u00e8re assassin\u00e9s dans les camps. <br>Elle a \u00e9chapp\u00e9 \u00e0 une mort certaine alors qu&rsquo;elle n&rsquo;\u00e9tait qu&rsquo;une toute petite fille gr\u00e2ce \u00e0 un oncle qui a fuit la Belgique avec elle. Cet histoire est un sujet tabou encore aujourd&rsquo;hui, j&rsquo;ignore o\u00f9 elle s&rsquo;est r\u00e9fugi\u00e9e, c&rsquo;est un secret qu&rsquo;elle gardera jusqu&rsquo;\u00e0 sa mort.<\/p>\n\n\n\n<p>Lorsque j&rsquo;avais 15 ans, je suis venu chez mes parents avec un copain de classe Lukas du m\u00eame \u00e2ge, mais qui \u00e9tait d&rsquo;origine Allemande avec un accent bien prononc\u00e9, ma grand-m\u00e8re \u00e9tait pr\u00e9sente. D\u00e9couvrant l&rsquo;origine de mon camarade, je n&rsquo;oublierai jamais l&rsquo;expression du visage de ma grand-m\u00e8re qui pourtant est d&rsquo;une gentillesse extr\u00eame.<\/p>\n\n\n\n<p>Jamais je n&rsquo;aurais imagin\u00e9 que tant d&rsquo;ann\u00e9es plus tard, sa blessure \u00e9tait telle que la vue d&rsquo;un Allemand m\u00eame tr\u00e8s jeune &#8211; trois g\u00e9n\u00e9rations le s\u00e9pare de cette guerre, il n&rsquo;a aucune responsabilit\u00e9 dans ces massacres -, la mettrait dans un tel \u00e9tat. Elle s&rsquo;est lev\u00e9e et est venue vers moi, elle m&rsquo;a gifl\u00e9 sans rien me dire, c&rsquo;est la premi\u00e8re et seule fois qu&rsquo;elle a agit ainsi. Elle a ensuite d\u00e9visag\u00e9 Lukas qui ne comprenait pas ce qui ce passait.<\/p>\n\n\n\n<p>Je sort rapidement de la maison avec Lukas r\u00e9alisant la peine que j&rsquo;ai involontairement inflig\u00e9 \u00e0 ma grand m\u00e8re. La voir dans cet \u00e9tat m&rsquo;a mis hors de moi. Lukas me demande ce qui se passe, je le regarde et la haine m&rsquo;envahi, je lui en veut alors qu&rsquo;il est totalement innocent, c&rsquo;est un bon gar\u00e7on. Ce jour l\u00e0 j&rsquo;ai commis une grave erreur, il \u00e9tait mon copain de classe et je lui ai saut\u00e9 dessus, nous sommes tomb\u00e9s \u00e0 terre, je l&rsquo;ai tabass\u00e9. Mon p\u00e8re se rendant compte de la situation nous a s\u00e9par\u00e9, Lukas saignait du nez, j&rsquo;\u00e9tais incontr\u00f4lable, j&rsquo;avais envie de le tuer ce que je n&rsquo;aurais \u00e9videmment jamais fait.<\/p>\n\n\n\n<p>Les d\u00e9c\u00e9nnies passent, mais la r\u00e9alit\u00e9 de l&rsquo;horreur de l&rsquo;holocauste r\u00e9apara\u00eet dans le coeur de ceux qui l&rsquo;ont v\u00e9cu, ce pauvre Lukas en a fait les frais, il ne m&rsquo;a jamais pardonn\u00e9 ce qui est bien compr\u00e9hensible. J&rsquo;ai perdu un copain, l&rsquo;ann\u00e9e suivante il a chang\u00e9 d&rsquo;\u00e9cole et je ne l&rsquo;ai jamais plus revu, aujourd&rsquo;hui encore j&rsquo;y pense et regrette de l&rsquo;avoir agress\u00e9 le pauvre est innocent des crimes commis par les nazis, mais ma grand-m\u00e8re est tout pour moi, la guerre fait des ravages m\u00eame lorsqu&rsquo;elle est termin\u00e9e.<\/p>\n\n\n\n<ul class=\"wp-block-list\">\n<li>Si jamais tu me lis Lukas, je te pr\u00e9sente toutes mes excuses, tu es quelqu&rsquo;un de bien et te souhaite le meilleur dans ta vie. <\/li>\n\n\n\n<li>Si tu me lis grand-m\u00e8re, je suis extr\u00eamement d\u00e9sol\u00e9 de t&rsquo;avoir caus\u00e9 cette souffrance, c&rsquo;\u00e9tait totalement involontaire et je comprends \u00f4 combien ta r\u00e9action, je t&rsquo;aime et j&rsquo;esp\u00e8re que tu est fi\u00e8re de l&rsquo;homme que je suis devenu.<\/li>\n<\/ul>\n\n\n\n<hr class=\"wp-block-separator has-alpha-channel-opacity\"\/>\n\n\n\n<h2 class=\"wp-block-heading\">Du c\u00f4t\u00e9 paternel<\/h2>\n\n\n\n<p><strong>Mon arri\u00e8re grand-p\u00e8re Pavel Abramovitch<\/strong> est n\u00e9 le 15 novembre 1919 \u00e0 Obninsk pr\u00e8s de Moscou, il est \u00e9b\u00e9niste. Il se marie en mai 1940 avec mon arri\u00e8re grand-m\u00e8re et ont un fils, mon grand-p\u00e8re Vassili n\u00e9 le 30 juin 1941. <\/p>\n\n\n\n<p><strong>Seconde guerre mondiale<\/strong><br>Il s&rsquo;engage d\u00e8s l&rsquo;entr\u00e9e en guerre le 22 juin 1941 (Op\u00e9ration Barbarossa) et combat en tant que soldat de l&rsquo;Arm\u00e9e rouge de l&rsquo;Union sovi\u00e9tique (formation mitrailleur), il est vaillant combattant et re\u00e7oit la m\u00e9daille de l&rsquo;Ordre de la Guerre patriotique de 1re classe d\u00e9cern\u00e9e \u00e0 tous les soldats de l&rsquo;Union sovi\u00e9tique qui ont \u00e9t\u00e9 \u00e0 l&rsquo;origine d&rsquo;actes h\u00e9ro\u00efques pendant la guerre. Il abat de tr\u00e8s nombreux soldats fascistes (Allemands), mais il est surtout reconnu pour avoir tu\u00e9 une vingtaine d&rsquo;officiers nazis lors de la Bataille de Stalingrad.<br>Je n&rsquo;en sais pas davantage sur son parcours militaire, mais ce f\u00fbt un excellent soldat.<\/p>\n\n\n\n<p><strong>Malheureusement, la guerre fait des morts de chaque c\u00f4t\u00e9. <\/strong><br>Apr\u00e8s plus de deux ann\u00e9es de combats acharn\u00e9s et apr\u00e8s avoir \u00e9limin\u00e9 un grand nombre de fascistes, il se trouve \u00e0 Jytomyr en Ukraine le 6 d\u00e9cembre 1943. Il vise avec sa mitrailleuse une section Allemande qui court vers sa position et parvient \u00e0 \u00e9liminer deux soldats ennemis, mais h\u00e9las il est la cible d&rsquo;un tireur d&rsquo;\u00e9lite Allemand&#8230;<\/p>\n\n\n\n<blockquote class=\"wp-block-quote is-layout-flow wp-block-quote-is-layout-flow\">\n<p><em>Mon arri\u00e8re grand-p\u00e8re est tu\u00e9 sur le coup d&rsquo;une balle dans la t\u00eate, il avait 24 ans. <\/em><\/p>\n<\/blockquote>\n\n\n\n<p>Mais il n&rsquo;est pas mort en vain, il est mort en h\u00e9ros ! <br>Je n&rsquo;ai h\u00e9las aucune photographie de mon arri\u00e8re grand-p\u00e8re.<\/p>\n\n\n\n<p><strong>Je suis fier de mon a\u00efeul qui a donn\u00e9 sa vie pour combattre les fachistes comme ils disaient \u00e0 l&rsquo;\u00e9poque. <\/strong><\/p>\n\n\n\n<p>Son fils, mon grand p\u00e8re Vassili est n\u00e9 huit jours apr\u00e8s l&rsquo;invasion de l&rsquo;Union sovi\u00e9tique, mon arri\u00e8re grand-p\u00e8re n&rsquo;a pas pu rentrer pour voir son fils, il ne l&rsquo;a jamais vu.<\/p>\n\n\n\n<blockquote class=\"wp-block-quote is-layout-flow wp-block-quote-is-layout-flow\">\n<p>De nos jours, les Allemands sont nos alli\u00e9s et c&rsquo;est tr\u00e8s bien ainsi, mais n&rsquo;oublions jamais l&rsquo;histoire, ce que les Allemands ont fait subir au monde lors des premi\u00e8re et seconde guerre mondiale, c&rsquo;est notre devoir de m\u00e9moire !<\/p>\n<\/blockquote>\n\n\n\n<p><strong>Mon grand-p\u00e8re Vassili<\/strong> n\u00e9 le 30 juin 1941, d\u00e9c\u00e9d\u00e9 en 1990, je ne l&rsquo;ai jamais connu. Il s&rsquo;est mari\u00e9 avec ma grand-m\u00e8re d\u00e9c\u00e9d\u00e9e en 1997.<\/p>\n\n\n\n<p><strong>La descendance :<\/strong><br>Mes grands parents paternels mari\u00e9s en 1973 ont eu deux enfants :<\/p>\n\n\n\n<ul class=\"wp-block-list\">\n<li>Mon oncle Sacha n\u00e9 en Russie en 1974, d\u00e9c\u00e9d\u00e9 accidentellement en 1993 \u00e0 l&rsquo;\u00e2ge de 19 ans lors de son service militaire. Lors d&rsquo;un exercice de nuit, il f\u00fbt mortellement renvers\u00e9 par un v\u00e9hicule blind\u00e9. La s\u00e9curit\u00e9 des hommes n&rsquo;est pas une priorit\u00e9 pour l&rsquo;arm\u00e9e Russe, il arrive fr\u00e9quemment que des miliciens soient victimes d&rsquo;accidents entra\u00eenant une blessure ou la mort, voir m\u00eame de brimades et de la maltraitance physique de la part d&rsquo;officiers qui choisissent leurs victimes !<br>\u05d1\u05e8\u05d5\u05da \u05d3\u05d9\u05d9\u05df \u05d4\u05d0\u05de\u05ea<\/li>\n\n\n\n<li>Mon p\u00e8re Oleksiy n\u00e9 en Russie en 1977, mari\u00e9 en 2002 avec ma m\u00e8re Sarah Cohen n\u00e9e en 1984, il ont eu 3 enfants, deux filles et un gar\u00e7on :<br>=&gt; Moi-m\u00eame Dimitri, n\u00e9 \u00e0 Riazan en Russie en 2004, je suis l&rsquo;a\u00een\u00e9. J&rsquo;habite en Belgique depuis mes 7 ans, j&rsquo;ai v\u00e9cu avant cela 4 ans \u00e0 Ha\u00effa en Isra\u00ebl, mais je n&rsquo;ai que tr\u00e8s peu de souvenirs de cette p\u00e9riode. C&rsquo;est \u00e0 l&rsquo;\u00e2ge de 3 ans que j&rsquo;ai quitt\u00e9 la Russie, j&rsquo;y suis retourn\u00e9 en visite dans la famille \u00e0 quatre reprises, la derni\u00e8re fois juste avant la guerre contre l&rsquo;Ukraine.<br>=&gt; Tatania, n\u00e9e \u00e0 Riazan en Russie en 2006<br>=&gt; Victoria n\u00e9e \u00e0 Ha\u00effa en Isra\u00ebl en 2008<\/li>\n<\/ul>\n\n\n\n<h2 class=\"wp-block-heading\">Guerre en Ukraine<\/h2>\n\n\n\n<blockquote class=\"wp-block-quote is-layout-flow wp-block-quote-is-layout-flow\">\n<p>De nos jours, si je retourne en Russie, je serai imm\u00e9diatement arr\u00eat\u00e9 : soit emprisonn\u00e9, soit envoy\u00e9 de force au front, en premi\u00e8re ligne, sans \u00e9quipement de s\u00e9curit\u00e9, et rapidement tu\u00e9 soit par les Ukrainiens, soit par mes propres officiers. Je ne me battrai jamais contre les Ukrainiens, j\u2019y pr\u00e9f\u00e8re la mort. Mais il est hors de question que je retourne en Russie.<\/p>\n<\/blockquote>\n\n\n\n<p><strong>Je suis un homme engag\u00e9 contre l\u2019envahisseur russe en Ukraine<\/strong>. <br>D\u2019origine russe, et apr\u00e8s les exploits de mon arri\u00e8re-grand-p\u00e8re durant la Seconde Guerre mondiale, je suis atterr\u00e9 de l\u2019attitude du monstre Poutine qui commet des actes criminels atroces envers la population d\u2019Ukraine, mais aussi envers les soldats ukrainiens qui se battent pour leur libert\u00e9. Lorsqu\u2019ils sont captur\u00e9s, ils subissent la torture, des abus sexuels et la famine. Ils sont trait\u00e9s comme des animaux.<\/p>\n\n\n\n<p>L\u2019OTAN et l\u2019UE doivent tout mettre en \u0153uvre pour aider l\u2019Ukraine \u00e0 vaincre l\u2019envahisseur russe. Je le dis avec tristesse, car les soldats russes qui se battent en Ukraine sont mes compatriotes de naissance, mais ils sont du mauvais c\u00f4t\u00e9, qu\u2019ils capitulent volontairement, ou qu\u2019ils cr\u00e8vent ! Je ne puis avoir de complaisance pour ces hommes, m\u00eame endoctrin\u00e9s dans l\u2019id\u00e9ologie poutiniste. Ils sont indirectement responsables du chaos en Ukraine, ils sont les soldats de Poutine, ils sont l\u2019ennemi que l\u2019Ukraine doit \u00e9liminer.<\/p>\n\n\n\n<p>Dimitri ABRAMOVITCH<\/p>\n\n\n\n<p><strong>Fin de ma pr\u00e9sentation<\/strong><\/p>\n\n\n\n<p>(<em>Photo d&rsquo;ent\u00eate : mitrailleur de l&rsquo;Arm\u00e9e rouge :<br>V.I. Obrastov avec une banni\u00e8re \u00e0 Orel lib\u00e9r\u00e9, 5 ao\u00fbt 1943.<\/em>)<\/p>\n\n\n\n<p><\/p>\n","protected":false},"excerpt":{"rendered":"<p>J&rsquo;\u00e9tudie l&rsquo;h\u00e9breux que j&rsquo;affectionne particuli\u00e8rement. Juif Ashk\u00e9naze et fier de l&rsquo;\u00eatre !Fervent d\u00e9fenseur de l\u2019Ukraine face \u00e0 l\u2019agression de la Russie, mon pays d\u2019origine. Mon histoire familiale me fait int\u00e9resser \u00e0 la seconde guerre mondiale, mais aussi au conflit actuel avec l&rsquo;Ukraine, victime de la Russie. Premi\u00e8re Guerre Mondiale Je n&rsquo;ai aucune information sur la [&hellip;]<\/p>\n","protected":false},"author":1,"featured_media":3248,"parent":0,"menu_order":0,"comment_status":"closed","ping_status":"open","template":"","meta":{"footnotes":""},"categories":[1],"tags":[],"class_list":["post-3246","page","type-page","status-publish","has-post-thumbnail","hentry","category-uncategorized"],"_links":{"self":[{"href":"https:\/\/rrb.be\/rrb\/wp-json\/wp\/v2\/pages\/3246","targetHints":{"allow":["GET"]}}],"collection":[{"href":"https:\/\/rrb.be\/rrb\/wp-json\/wp\/v2\/pages"}],"about":[{"href":"https:\/\/rrb.be\/rrb\/wp-json\/wp\/v2\/types\/page"}],"author":[{"embeddable":true,"href":"https:\/\/rrb.be\/rrb\/wp-json\/wp\/v2\/users\/1"}],"replies":[{"embeddable":true,"href":"https:\/\/rrb.be\/rrb\/wp-json\/wp\/v2\/comments?post=3246"}],"version-history":[{"count":5,"href":"https:\/\/rrb.be\/rrb\/wp-json\/wp\/v2\/pages\/3246\/revisions"}],"predecessor-version":[{"id":3261,"href":"https:\/\/rrb.be\/rrb\/wp-json\/wp\/v2\/pages\/3246\/revisions\/3261"}],"wp:featuredmedia":[{"embeddable":true,"href":"https:\/\/rrb.be\/rrb\/wp-json\/wp\/v2\/media\/3248"}],"wp:attachment":[{"href":"https:\/\/rrb.be\/rrb\/wp-json\/wp\/v2\/media?parent=3246"}],"wp:term":[{"taxonomy":"category","embeddable":true,"href":"https:\/\/rrb.be\/rrb\/wp-json\/wp\/v2\/categories?post=3246"},{"taxonomy":"post_tag","embeddable":true,"href":"https:\/\/rrb.be\/rrb\/wp-json\/wp\/v2\/tags?post=3246"}],"curies":[{"name":"wp","href":"https:\/\/api.w.org\/{rel}","templated":true}]}}