{"id":3117,"date":"2025-11-06T12:19:03","date_gmt":"2025-11-06T12:19:03","guid":{"rendered":"https:\/\/rrb.be\/rrb\/?p=3117"},"modified":"2026-02-10T12:27:33","modified_gmt":"2026-02-10T12:27:33","slug":"le-sergent-americain-john-ray-un-destin-un-homme-a-sainte-mere-eglise-tue-a-lage-de-21-ans","status":"publish","type":"page","link":"https:\/\/rrb.be\/rrb\/le-sergent-americain-john-ray-un-destin-un-homme-a-sainte-mere-eglise-tue-a-lage-de-21-ans\/","title":{"rendered":"Le Sergent Am\u00e9ricain John Ray : Un destin, un homme \u00e0 Sainte-M\u00e8re-\u00c9glise, tu\u00e9 \u00e0 l\u2019\u00e2ge de 21 ans"},"content":{"rendered":"\n<ul class=\"wp-block-list\">\n<li>N\u00e9 le 18 ao\u00fbt 1922 (vendredi) \u2013 Gretna, Louisiana, Etats-Unis d\u2019Am\u00e9rique<\/li>\n\n\n\n<li>Tu\u00e9 le 13 juin 1944 (mardi) \u2013 Normandie, France, \u00e0 l\u2019\u00e2ge de 21 ans (Bless\u00e9 le 6 juin 1944, mort de ses blessures le 13 juin)<\/li>\n\n\n\n<li>Inhum\u00e9 le 9 mars 1949 (mercredi) \u2013 Colleville-sur-Mer, 14165, Calvados, Normandie, France<\/li>\n\n\n\n<li>WWII : Sergent, matricule 34005401. 505e r\u00e9giment d\u2019infanterie de parachutistes de la 82e division a\u00e9roport\u00e9e<\/li>\n<\/ul>\n\n\n\n<h2 class=\"wp-block-heading\">Parents<\/h2>\n\n\n\n<ul class=\"wp-block-list\">\n<li>Johnny RAY (V\u00e9t\u00e9ran de la premi\u00e8re guerre mondiale)<\/li>\n\n\n\n<li>Nora RAY<\/li>\n<\/ul>\n\n\n\n<h2 class=\"wp-block-heading\">Union<\/h2>\n\n\n\n<ul class=\"wp-block-list\">\n<li><a href=\"javascript:;\"><\/a>\u00a0Mari\u00e9\u00a0<em>vers\u00a0mai\u00a01943, Gretna, Louisiana, Etats-Unis d\u2019Am\u00e9rique,\u00a0<\/em>avec\u00a0Paula FREEMAN\u00a01924-2019<br>(Pas de descendance)<\/li>\n<\/ul>\n\n\n\n<h2 class=\"wp-block-heading\">Informations<\/h2>\n\n\n\n<p><strong>9 janvier 1941<\/strong><br>John Ray s\u2019engage dans l\u2019arm\u00e9e am\u00e9ricaine, suivant les traces de son p\u00e8re, v\u00e9t\u00e9ran de la Premi\u00e8re Guerre mondiale. Son fr\u00e8re, Stanley, le rejoint.<\/p>\n\n\n\n<p><strong>1942<\/strong><br>John Ray est affect\u00e9 \u00e0 la 82e division a\u00e9roport\u00e9e, 505e r\u00e9giment d\u2019infanterie, compagnie F, 2e peloton.<\/p>\n\n\n\n<p><strong>Vers mai 1943<\/strong><br>Pendant une permission, John Ray \u00e9pouse Paula Freeman \u00e0 Gretna, en Louisiane. Leur lune de miel \u00e0 l\u2019h\u00f4tel Roosevelt est de courte dur\u00e9e (une semaine), car John est rapidement envoy\u00e9 au front. Ils ne se reverront jamais.<\/p>\n\n\n\n<p><strong>Juillet 1943<\/strong><br>Le sergent John Ray participe aux campagnes d\u2019Afrique du Nord et de Sicile, combattant en Sicile pour soutenir le d\u00e9barquement du g\u00e9n\u00e9ral Patton.<\/p>\n\n\n\n<figure class=\"wp-block-image size-full\"><img loading=\"lazy\" decoding=\"async\" width=\"255\" height=\"450\" src=\"https:\/\/rrb.be\/rrb\/wp-content\/uploads\/2026\/02\/Le-Sergent-Americain-John-Ray-Un-destin-un-homme-a-Sainte-Mere-Eglise-tue-a-lage-de-21-ans-2.jpg\" alt=\"\" class=\"wp-image-3119\" srcset=\"https:\/\/rrb.be\/rrb\/wp-content\/uploads\/2026\/02\/Le-Sergent-Americain-John-Ray-Un-destin-un-homme-a-Sainte-Mere-Eglise-tue-a-lage-de-21-ans-2.jpg 255w, https:\/\/rrb.be\/rrb\/wp-content\/uploads\/2026\/02\/Le-Sergent-Americain-John-Ray-Un-destin-un-homme-a-Sainte-Mere-Eglise-tue-a-lage-de-21-ans-2-170x300.jpg 170w\" sizes=\"auto, (max-width: 255px) 100vw, 255px\" \/><\/figure>\n\n\n\n<p><strong>6 juin 1944<\/strong><br><strong>Contexte :<\/strong><br>Parachutiste gravement bless\u00e9 par des tirs ennemis, balles dans la hanche et la jambe \u2013 Sainte-M\u00e8re-Eglise, 50523, Manche, Normandie, France<\/p>\n\n\n\n<h2 class=\"wp-block-heading\"><strong>Son histoire<\/strong><\/h2>\n\n\n\n<p>Nous sommes le Jour J. Le sergent John Ray est parachut\u00e9 sur la place de l\u2019\u00e9glise de Sainte-M\u00e8re-\u00c9glise, peu apr\u00e8s Ken Russell et John Steele (le parachutiste connu pour \u00eatre rest\u00e9 accroch\u00e9 \u00e0 l\u2019\u00e9glise).<\/p>\n\n\n\n<p>Un soldat allemand s\u2019approche de notre sergent et le mitraille, le blessant gri\u00e8vement \u00e0 la hanche et aux jambes.<br>Ken Russel raconte&nbsp;<em>\u00ab&nbsp;Je ne l\u2019oublierai jamais; il avait les cheveux roux et, en se rapprochant, il a mitraill\u00e9 le sergent RAY. Le pensant mort, il se tourna vers John Steele et amena son pistolet mitrailleur pour le tuer. Je ne pouvais intervenir mon arme \u00e9tait hors d\u2019usage et je savais que l\u2019Allemand m\u2019avait aussi rep\u00e9r\u00e9. Le sergent John RAY, alors qu\u2019il \u00e9tait \u00e0 l\u2019agonie, a trouv\u00e9 l\u2019ultime courage, il a sorti son 45 et a vis\u00e9 et tu\u00e9 le soldat Allemand lui tirant une balle dans la nuque. Sans John, Steele et moi serions morts&nbsp;\u00bb<\/em><\/p>\n\n\n\n<p>John agonise, il perd beaucoup de sang et sombre dans l\u2019inconscience alors que les combats font rage sur la place de l\u2019\u00e9glise. Les brancardiers ne peuvent rejoindre le sergent John RAY d\u2019autant plus qu\u2019ils sont persuad\u00e9s qu\u2019il est mort, il ne donne aucun signe de vie.<\/p>\n\n\n\n<p>Le combat termin\u00e9, des brancardiers se d\u00e9cident \u00e0 rejoindre le sergent John RAY pour r\u00e9cup\u00e9rer son corps, ils s\u2019aper\u00e7oivent avec stup\u00e9faction qu\u2019il est toujours vivant. Le sergent John RAY est envoy\u00e9 au 505e poste m\u00e9dical \u00e0 l\u2019int\u00e9rieur de l\u2019Hospice de Sainte-M\u00e8re-Eglise pour y \u00eatre soign\u00e9, ses blessures sont tr\u00e8s graves il est rapidement amput\u00e9 d\u2019une jambe. Les m\u00e9decins sont pessimistes, la gangr\u00e8ne s\u2019installe, ses chances de survies sont minces, il restera hospitalis\u00e9 durant 7 jours.<\/p>\n\n\n\n<p><strong>13 juin 1944<\/strong><br>Le sergent John Ray d\u00e9c\u00e8de de ses blessures et de la gangr\u00e8ne \u00e0 10h00 du matin \u00e0 l\u2019h\u00f4pital de Sainte-M\u00e8re-\u00c9glise.<\/p>\n\n\n\n<p><strong>23 avril 1948<\/strong><br>Son corps est exhum\u00e9 \u00e0 Sainte-M\u00e8re-\u00c9glise pour identification. Henry A. Gentzel proc\u00e8de \u00e0 l\u2019identification et \u00e0 la pr\u00e9paration du corps pour le rapatriement. Une \u00e9tiquette d\u2019identification y est plac\u00e9e. Cette identification a \u00e9t\u00e9 faite par Henry A. GENTZEL. Ensuite, une pr\u00e9paration des restes du corps pour l\u2019exp\u00e9dition est effectu\u00e9e. Nature de l\u2019enterrement : Reste de l\u2019uniforme\/ou du corps : squelette<\/p>\n\n\n\n<p><strong>9 mars 1949<\/strong>&nbsp;Le sergent John Ray est inhum\u00e9 au Normandy American Cemetery \u00e0 Colleville-sur-Mer (E-26-36), en pr\u00e9sence de l\u2019officier responsable des enterrements du 1st Lt, Infantry C.H. HIEMSTRA.<\/p>\n\n\n\n<hr class=\"wp-block-separator has-alpha-channel-opacity\"\/>\n\n\n\n<p><strong>Le soldat Elmer Habbs, de la 82e division a\u00e9roport\u00e9e, originaire du Delaware, a saut\u00e9 sur Sainte-M\u00e8re-\u00c9glise en m\u00eame temps que John Ray.<\/strong><br>Le 7 juin 1944, Elmer Habbs est photographi\u00e9 se reposant \u00e0 c\u00f4t\u00e9 de l\u2019entr\u00e9e nord de Sainte-Mere-Eglise. Il a surv\u00e9cu \u00e0 cette premi\u00e8re journ\u00e9e du d\u00e9barquement, contrairement \u00e0 son ami John Ray. Il a continu\u00e9 \u00e0 se battre jusqu\u2019\u00e0 son retour aux \u00c9tats-Unis.<\/p>\n\n\n\n<figure class=\"wp-block-image size-large\"><img loading=\"lazy\" decoding=\"async\" width=\"1024\" height=\"641\" src=\"https:\/\/rrb.be\/rrb\/wp-content\/uploads\/2026\/02\/soldat-Elmer-Habbs-de-la-82e-division-aeroportee-originaire-du-Delaware-a-saute-sur-Sainte-Mere-Eglise-en-meme-temps-que-John-Ray-1024x641.jpg\" alt=\"\" class=\"wp-image-3120\" srcset=\"https:\/\/rrb.be\/rrb\/wp-content\/uploads\/2026\/02\/soldat-Elmer-Habbs-de-la-82e-division-aeroportee-originaire-du-Delaware-a-saute-sur-Sainte-Mere-Eglise-en-meme-temps-que-John-Ray-1024x641.jpg 1024w, https:\/\/rrb.be\/rrb\/wp-content\/uploads\/2026\/02\/soldat-Elmer-Habbs-de-la-82e-division-aeroportee-originaire-du-Delaware-a-saute-sur-Sainte-Mere-Eglise-en-meme-temps-que-John-Ray-300x188.jpg 300w, https:\/\/rrb.be\/rrb\/wp-content\/uploads\/2026\/02\/soldat-Elmer-Habbs-de-la-82e-division-aeroportee-originaire-du-Delaware-a-saute-sur-Sainte-Mere-Eglise-en-meme-temps-que-John-Ray-768x481.jpg 768w, https:\/\/rrb.be\/rrb\/wp-content\/uploads\/2026\/02\/soldat-Elmer-Habbs-de-la-82e-division-aeroportee-originaire-du-Delaware-a-saute-sur-Sainte-Mere-Eglise-en-meme-temps-que-John-Ray.jpg 1163w\" sizes=\"auto, (max-width: 1024px) 100vw, 1024px\" \/><\/figure>\n\n\n\n<h2 class=\"wp-block-heading\">La tombe de John RAY \u00e0 Colleville-sur-Mer, Normandie<\/h2>\n\n\n\n<figure class=\"wp-block-image size-full\"><img loading=\"lazy\" decoding=\"async\" width=\"618\" height=\"822\" src=\"https:\/\/rrb.be\/rrb\/wp-content\/uploads\/2026\/02\/Tombe-de-John-RAY.jpg\" alt=\"\" class=\"wp-image-3121\" srcset=\"https:\/\/rrb.be\/rrb\/wp-content\/uploads\/2026\/02\/Tombe-de-John-RAY.jpg 618w, https:\/\/rrb.be\/rrb\/wp-content\/uploads\/2026\/02\/Tombe-de-John-RAY-226x300.jpg 226w\" sizes=\"auto, (max-width: 618px) 100vw, 618px\" \/><\/figure>\n\n\n\n<p><strong>Les Allemands ont aussi pay\u00e9 cette bataille \u00e0 Sainte-M\u00e8re-Eglise au prix fort.<\/strong><br>Nombre d\u2019entre eux sont tu\u00e9s dont ceux-ci pr\u00eat \u00e0 \u00eatre inhum\u00e9s au cimeti\u00e8re d\u2019Orglandes ce 6 juin 1944<\/p>\n\n\n\n<figure class=\"wp-block-image size-large\"><img loading=\"lazy\" decoding=\"async\" width=\"1024\" height=\"659\" src=\"https:\/\/rrb.be\/rrb\/wp-content\/uploads\/2026\/02\/soldats-allemands-tues-dont-pret-a-etre-inhumes-au-cimetiere-dOrglandes-ce-6-juin-1944-1024x659.jpg\" alt=\"\" class=\"wp-image-3122\" srcset=\"https:\/\/rrb.be\/rrb\/wp-content\/uploads\/2026\/02\/soldats-allemands-tues-dont-pret-a-etre-inhumes-au-cimetiere-dOrglandes-ce-6-juin-1944-1024x659.jpg 1024w, https:\/\/rrb.be\/rrb\/wp-content\/uploads\/2026\/02\/soldats-allemands-tues-dont-pret-a-etre-inhumes-au-cimetiere-dOrglandes-ce-6-juin-1944-300x193.jpg 300w, https:\/\/rrb.be\/rrb\/wp-content\/uploads\/2026\/02\/soldats-allemands-tues-dont-pret-a-etre-inhumes-au-cimetiere-dOrglandes-ce-6-juin-1944-768x494.jpg 768w, https:\/\/rrb.be\/rrb\/wp-content\/uploads\/2026\/02\/soldats-allemands-tues-dont-pret-a-etre-inhumes-au-cimetiere-dOrglandes-ce-6-juin-1944.jpg 1240w\" sizes=\"auto, (max-width: 1024px) 100vw, 1024px\" \/><\/figure>\n\n\n\n<p>Il est difficile d\u2019\u00e9prouver de la joie face \u00e0 la mort d\u2019autrui. Derri\u00e8re chaque uniforme, il y avait un homme, souvent emport\u00e9 par une machine de guerre implacable et une id\u00e9ologie qui mena\u00e7ait les valeurs de libert\u00e9 et de justice.<\/p>\n\n\n\n<p>La mort de ces soldats allemands \u00e9tait-elle in\u00e9vitable ? La r\u00e9ponse s\u2019impose avec force :&nbsp;<strong>OUI<\/strong>.<br>Qu\u2019ils aient \u00e9t\u00e9 convaincus par l\u2019id\u00e9ologie nazie ou conscrits qu\u2019importe, ils repr\u00e9sentaient une menace r\u00e9elle pour les Alli\u00e9s et pour le monde libre. Leur disparition a \u00e9t\u00e9 le prix \u00e0 payer pour sauver d\u2019autres vies et d\u00e9fendre un id\u00e9al de libert\u00e9.<\/p>\n\n\n\n<p><strong>Il faut se souvenir du sacrifice des soldats alli\u00e9s qui se sont battus avec courage \u00e0 Sainte-M\u00e8re-\u00c9glise<\/strong>.<br>Notre homme, le sergent am\u00e9ricain John Ray tu\u00e9 par l\u2019un d\u2019eux, c\u2019est lui le v\u00e9ritable h\u00e9ros, il est mort pour nous rendre notre libert\u00e9. Les alli\u00e9s se sont battus contre les nazis, leur d\u00e9termination a permis de repousser l\u2019obscurantisme et de r\u00e9tablir une forme de justice. La reconnaissance que nous leur devons est immense, et il ne faudrait pas qu\u2019une compassion mal plac\u00e9e envers l\u2019ennemi vienne l\u2019att\u00e9nuer.<\/p>\n\n\n\n<p><strong>La mort de ces soldats allemands \u00e9tait une n\u00e9cessit\u00e9 absolue.<\/strong><br>Dans certaines circonstances, la violence extr\u00eame est n\u00e9cessaire et indispensable pour d\u00e9fendre des valeurs fondamentales. Chaque ennemi \u00e9limin\u00e9 rapprochait un peu plus les Alli\u00e9s de la victoire et de la paix, en \u00e7a, la mise \u00e0 mort de ces soldats allemands est un bienfait pour la sauvegarde de nos soldats et de notre d\u00e9mocratie.<br><em>\u00ab&nbsp;\u00c0 la guerre, pas de piti\u00e9 pour l\u2019ennemi, il faut le vaincre pour ne pas \u00eatre vaincu !&nbsp;\u00bb<\/em><\/p>\n\n\n\n<p>Par Alain Schenkels<\/p>\n\n\n\n<figure data-wp-context=\"{&quot;imageId&quot;:&quot;69ea7df64fe52&quot;}\" data-wp-interactive=\"core\/image\" data-wp-key=\"69ea7df64fe52\" class=\"wp-block-image size-full is-resized wp-lightbox-container\"><img loading=\"lazy\" decoding=\"async\" width=\"728\" height=\"1006\" data-wp-class--hide=\"state.isContentHidden\" data-wp-class--show=\"state.isContentVisible\" data-wp-init=\"callbacks.setButtonStyles\" data-wp-on--click=\"actions.showLightbox\" data-wp-on--load=\"callbacks.setButtonStyles\" data-wp-on-window--resize=\"callbacks.setButtonStyles\" src=\"http:\/\/rrb.be\/rrb\/wp-content\/uploads\/2025\/12\/Alain_Schenkels-2.jpg\" alt=\"\" class=\"wp-image-484\" style=\"width:210px;height:auto\" srcset=\"https:\/\/rrb.be\/rrb\/wp-content\/uploads\/2025\/12\/Alain_Schenkels-2.jpg 728w, https:\/\/rrb.be\/rrb\/wp-content\/uploads\/2025\/12\/Alain_Schenkels-2-217x300.jpg 217w\" sizes=\"auto, (max-width: 728px) 100vw, 728px\" \/><button\n\t\t\tclass=\"lightbox-trigger\"\n\t\t\ttype=\"button\"\n\t\t\taria-haspopup=\"dialog\"\n\t\t\taria-label=\"Enlarge\"\n\t\t\tdata-wp-init=\"callbacks.initTriggerButton\"\n\t\t\tdata-wp-on--click=\"actions.showLightbox\"\n\t\t\tdata-wp-style--right=\"state.imageButtonRight\"\n\t\t\tdata-wp-style--top=\"state.imageButtonTop\"\n\t\t>\n\t\t\t<svg xmlns=\"http:\/\/www.w3.org\/2000\/svg\" width=\"12\" height=\"12\" fill=\"none\" viewBox=\"0 0 12 12\">\n\t\t\t\t<path fill=\"#fff\" d=\"M2 0a2 2 0 0 0-2 2v2h1.5V2a.5.5 0 0 1 .5-.5h2V0H2Zm2 10.5H2a.5.5 0 0 1-.5-.5V8H0v2a2 2 0 0 0 2 2h2v-1.5ZM8 12v-1.5h2a.5.5 0 0 0 .5-.5V8H12v2a2 2 0 0 1-2 2H8Zm2-12a2 2 0 0 1 2 2v2h-1.5V2a.5.5 0 0 0-.5-.5H8V0h2Z\" \/>\n\t\t\t<\/svg>\n\t\t<\/button><\/figure>\n\n\n\n<p>Cat\u00e9gorie(s) :<\/p>\n\n\n<div class=\"taxonomy-category wp-block-post-terms\"><a href=\"https:\/\/rrb.be\/rrb\/category\/conflits-guerres\/seconde-guerre-mondiale\/histoires-de-soldats-et-de-guerre\/\" rel=\"tag\">Histoires de soldats et de guerre<\/a><span class=\"wp-block-post-terms__separator\">, <\/span><a href=\"https:\/\/rrb.be\/rrb\/category\/conflits-guerres\/seconde-guerre-mondiale\/\" rel=\"tag\">Seconde guerre mondiale<\/a><span class=\"wp-block-post-terms__separator\">, <\/span><a href=\"https:\/\/rrb.be\/rrb\/category\/conflits-guerres\/seconde-guerre-mondiale\/soldats-allies-tues-a-lennemi\/\" rel=\"tag\">Soldats Alli\u00e9s tu\u00e9s \u00e0 l&rsquo;ennemi<\/a><\/div>\n\n\n<figure class=\"wp-block-embed is-type-wp-embed is-provider-alain-schenkels wp-block-embed-alain-schenkels\"><div class=\"wp-block-embed__wrapper\">\n<blockquote class=\"wp-embedded-content\" data-secret=\"wM88JUWRgh\"><a href=\"https:\/\/rrb.be\/rrb\/seconde-guerre-mondiale\/\">Seconde Guerre Mondiale<\/a><\/blockquote><iframe loading=\"lazy\" class=\"wp-embedded-content\" sandbox=\"allow-scripts\" security=\"restricted\" style=\"position: absolute; visibility: hidden;\" title=\"\u00ab\u00a0Seconde Guerre Mondiale\u00a0\u00bb &#8212; Alain Schenkels\" src=\"https:\/\/rrb.be\/rrb\/seconde-guerre-mondiale\/embed\/#?secret=ITyjxQfeCG#?secret=wM88JUWRgh\" data-secret=\"wM88JUWRgh\" width=\"600\" height=\"338\" frameborder=\"0\" marginwidth=\"0\" marginheight=\"0\" scrolling=\"no\"><\/iframe>\n<\/div><\/figure>\n","protected":false},"excerpt":{"rendered":"<p>Parents Union Informations 9 janvier 1941John Ray s\u2019engage dans l\u2019arm\u00e9e am\u00e9ricaine, suivant les traces de son p\u00e8re, v\u00e9t\u00e9ran de la Premi\u00e8re Guerre mondiale. Son fr\u00e8re, Stanley, le rejoint. 1942John Ray est affect\u00e9 \u00e0 la 82e division a\u00e9roport\u00e9e, 505e r\u00e9giment d\u2019infanterie, compagnie F, 2e peloton. Vers mai 1943Pendant une permission, John Ray \u00e9pouse Paula Freeman \u00e0 [&hellip;]<\/p>\n","protected":false},"author":1,"featured_media":3118,"parent":0,"menu_order":0,"comment_status":"closed","ping_status":"open","template":"","meta":{"footnotes":""},"categories":[31,20,30],"tags":[],"class_list":["post-3117","page","type-page","status-publish","has-post-thumbnail","hentry","category-histoires-de-soldats-et-de-guerre","category-seconde-guerre-mondiale","category-soldats-allies-tues-a-lennemi"],"_links":{"self":[{"href":"https:\/\/rrb.be\/rrb\/wp-json\/wp\/v2\/pages\/3117","targetHints":{"allow":["GET"]}}],"collection":[{"href":"https:\/\/rrb.be\/rrb\/wp-json\/wp\/v2\/pages"}],"about":[{"href":"https:\/\/rrb.be\/rrb\/wp-json\/wp\/v2\/types\/page"}],"author":[{"embeddable":true,"href":"https:\/\/rrb.be\/rrb\/wp-json\/wp\/v2\/users\/1"}],"replies":[{"embeddable":true,"href":"https:\/\/rrb.be\/rrb\/wp-json\/wp\/v2\/comments?post=3117"}],"version-history":[{"count":1,"href":"https:\/\/rrb.be\/rrb\/wp-json\/wp\/v2\/pages\/3117\/revisions"}],"predecessor-version":[{"id":3123,"href":"https:\/\/rrb.be\/rrb\/wp-json\/wp\/v2\/pages\/3117\/revisions\/3123"}],"wp:featuredmedia":[{"embeddable":true,"href":"https:\/\/rrb.be\/rrb\/wp-json\/wp\/v2\/media\/3118"}],"wp:attachment":[{"href":"https:\/\/rrb.be\/rrb\/wp-json\/wp\/v2\/media?parent=3117"}],"wp:term":[{"taxonomy":"category","embeddable":true,"href":"https:\/\/rrb.be\/rrb\/wp-json\/wp\/v2\/categories?post=3117"},{"taxonomy":"post_tag","embeddable":true,"href":"https:\/\/rrb.be\/rrb\/wp-json\/wp\/v2\/tags?post=3117"}],"curies":[{"name":"wp","href":"https:\/\/api.w.org\/{rel}","templated":true}]}}