{"id":2582,"date":"2025-09-10T16:06:12","date_gmt":"2025-09-10T16:06:12","guid":{"rendered":"https:\/\/rrb.be\/rrb\/?page_id=2582"},"modified":"2026-02-08T22:12:04","modified_gmt":"2026-02-08T22:12:04","slug":"au-coeur-des-flammes-trois-soldats-americains-perissent-mais-un-refugie-russe-sauve-un-soldat","status":"publish","type":"page","link":"https:\/\/rrb.be\/rrb\/au-coeur-des-flammes-trois-soldats-americains-perissent-mais-un-refugie-russe-sauve-un-soldat\/","title":{"rendered":"Au c\u0153ur des flammes, trois soldats am\u00e9ricains p\u00e9rissent, mais un r\u00e9fugi\u00e9 russe sauve un soldat."},"content":{"rendered":"\n<p><strong>Le 21 mars 1945, les forces alli\u00e9es, dont la 10e division blind\u00e9e am\u00e9ricaine, poursuivaient leur avanc\u00e9e \u00e0 travers l\u2019Allemagne, un pays d\u00e9chir\u00e9 par la guerre. Les combats \u00e9taient acharn\u00e9s, chaque ville et chaque village devenant un champ de bataille.<\/strong><\/p>\n\n\n\n<p>Alors que la Seconde Guerre mondiale touchait \u00e0 sa fin, un acte de bravoure incroyable se produit au milieu du chaos.<\/p>\n\n\n\n<p>Un r\u00e9fugi\u00e9 russe, dont le nom s\u2019est perdu dans les m\u00e9andres de l\u2019histoire, se trouvait pris dans la tourmente de ces combats. Chass\u00e9 de sa patrie par l\u2019invasion allemande, il trouve refuge parmi les civils d\u00e9plac\u00e9s, cherchant d\u00e9sesp\u00e9r\u00e9ment un abri et un moyen de survivre. C\u2019est alors qu\u2019il est t\u00e9moin d\u2019une sc\u00e8ne d\u2019horreur, un char am\u00e9ricain, frapp\u00e9 par un obus s\u2019embrase.<\/p>\n\n\n\n<p>Trois membres d\u2019\u00e9quipage p\u00e9rissent sous ses yeux dans les flammes, retenus prisonnier de la carcasse du char, mais il aper\u00e7oit un quatri\u00e8me soldat am\u00e9ricain, lui aussi pris au pi\u00e8ge \u00e0 l\u2019int\u00e9rieur du v\u00e9hicule, qui lutte d\u00e9sesp\u00e9r\u00e9ment pour sa survie. Une obstruction bloque l\u2019\u00e9coutille, le maintenant prisonnier dans cet enfer de m\u00e9tal en fusion. Malgr\u00e9 ses efforts, il ne parvient qu\u2019\u00e0 l\u2019entrouvrir de quelques centim\u00e8tres. D\u00e9sesp\u00e9r\u00e9, il appel \u00e0 l\u2019aide tandis que les flammes se rapprochaient inexorablement de lui. La situation semble sans issue, une mort atroce lui parait in\u00e9luctable.<\/p>\n\n\n\n<p>T\u00e9moin de cette sc\u00e8ne, le r\u00e9fugi\u00e9 russe n\u2019h\u00e9site pas un instant. Ignorant le danger pour sa propre vie, il se pr\u00e9cipite vers le char en feu, affrontant les flammes et les risques d\u2019explosion. Avec une d\u00e9termination et une force exceptionnelles, il parvient \u00e0 d\u00e9gager l\u2019\u00e9coutille et \u00e0 extraire le soldat am\u00e9ricain, dont les v\u00eatements commencent \u00e0 s\u2019embraser. Apr\u00e8s avoir rapidement \u00e9teint les flammes sur son pantalon, il l\u2019aide \u00e0 se r\u00e9fugier dans un ravin, le mettant ainsi hors de port\u00e9e du brasier. Le soldat am\u00e9ricain est sauv\u00e9 de justesse, l\u00e9g\u00e8rement br\u00fbl\u00e9 aux jambes. Sans l\u2019aide de ce r\u00e9fugier, il serait mort br\u00fbl\u00e9 vif comme ses camarades.<\/p>\n\n\n\n<p>Cet acte de bravoure n\u2019est pas pass\u00e9 inaper\u00e7u. En reconnaissance de son h\u00e9ro\u00efsme, \u00e0 sa demande le r\u00e9fugi\u00e9 russe re\u00e7oit un uniforme am\u00e9ricain et est int\u00e9gr\u00e9 au 3e bataillon de chars de la 10e division blind\u00e9e. Il devient ainsi un combattant, luttant aux c\u00f4t\u00e9s de ceux qu\u2019il avait sauv\u00e9s, unis par un lien ind\u00e9fectible.<\/p>\n\n\n\n<p>Malgr\u00e9 la mort des trois soldats am\u00e9ricains br\u00fbl\u00e9s vifs dans ce char, cette histoire relate le courage et la solidarit\u00e9 qui transcendent les nationalit\u00e9s et les conflits. Un homme est sauv\u00e9 gr\u00e2ce \u00e0 un autre homme, qui pourtant aurait pu ne pas intervenir vu le danger, comme quoi l\u2019espoir qui peut na\u00eetre m\u00eame au c\u0153ur de la guerre.<\/p>\n\n\n\n<p>Par Alain Schenkels<\/p>\n\n\n\n<figure data-wp-context=\"{&quot;imageId&quot;:&quot;69ea7de0e3d34&quot;}\" data-wp-interactive=\"core\/image\" data-wp-key=\"69ea7de0e3d34\" class=\"wp-block-image size-full is-resized wp-lightbox-container\"><img loading=\"lazy\" decoding=\"async\" width=\"412\" height=\"421\" data-wp-class--hide=\"state.isContentHidden\" data-wp-class--show=\"state.isContentVisible\" data-wp-init=\"callbacks.setButtonStyles\" data-wp-on--click=\"actions.showLightbox\" data-wp-on--load=\"callbacks.setButtonStyles\" data-wp-on-window--resize=\"callbacks.setButtonStyles\" src=\"http:\/\/rrb.be\/rrb\/wp-content\/uploads\/2026\/01\/Alain-Schenkels-rond.png\" alt=\"\" class=\"wp-image-2009\" style=\"width:206px;height:auto\" srcset=\"https:\/\/rrb.be\/rrb\/wp-content\/uploads\/2026\/01\/Alain-Schenkels-rond.png 412w, https:\/\/rrb.be\/rrb\/wp-content\/uploads\/2026\/01\/Alain-Schenkels-rond-294x300.png 294w\" sizes=\"auto, (max-width: 412px) 100vw, 412px\" \/><button\n\t\t\tclass=\"lightbox-trigger\"\n\t\t\ttype=\"button\"\n\t\t\taria-haspopup=\"dialog\"\n\t\t\taria-label=\"Enlarge\"\n\t\t\tdata-wp-init=\"callbacks.initTriggerButton\"\n\t\t\tdata-wp-on--click=\"actions.showLightbox\"\n\t\t\tdata-wp-style--right=\"state.imageButtonRight\"\n\t\t\tdata-wp-style--top=\"state.imageButtonTop\"\n\t\t>\n\t\t\t<svg xmlns=\"http:\/\/www.w3.org\/2000\/svg\" width=\"12\" height=\"12\" fill=\"none\" viewBox=\"0 0 12 12\">\n\t\t\t\t<path fill=\"#fff\" d=\"M2 0a2 2 0 0 0-2 2v2h1.5V2a.5.5 0 0 1 .5-.5h2V0H2Zm2 10.5H2a.5.5 0 0 1-.5-.5V8H0v2a2 2 0 0 0 2 2h2v-1.5ZM8 12v-1.5h2a.5.5 0 0 0 .5-.5V8H12v2a2 2 0 0 1-2 2H8Zm2-12a2 2 0 0 1 2 2v2h-1.5V2a.5.5 0 0 0-.5-.5H8V0h2Z\" \/>\n\t\t\t<\/svg>\n\t\t<\/button><\/figure>\n\n\n\n<p>Cat\u00e9gorie(s) :<\/p>\n\n\n<div class=\"taxonomy-category wp-block-post-terms\"><a href=\"https:\/\/rrb.be\/rrb\/category\/conflits-guerres\/seconde-guerre-mondiale\/histoires-de-soldats-et-de-guerre\/\" rel=\"tag\">Histoires de soldats et de guerre<\/a><span class=\"wp-block-post-terms__separator\">, <\/span><a href=\"https:\/\/rrb.be\/rrb\/category\/conflits-guerres\/seconde-guerre-mondiale\/\" rel=\"tag\">Seconde guerre mondiale<\/a><span class=\"wp-block-post-terms__separator\">, <\/span><a href=\"https:\/\/rrb.be\/rrb\/category\/conflits-guerres\/seconde-guerre-mondiale\/soldats-allies-tues-a-lennemi\/\" rel=\"tag\">Soldats Alli\u00e9s tu\u00e9s \u00e0 l&rsquo;ennemi<\/a><\/div>\n\n\n<figure class=\"wp-block-embed is-type-wp-embed is-provider-alain-schenkels wp-block-embed-alain-schenkels\"><div class=\"wp-block-embed__wrapper\">\n<blockquote class=\"wp-embedded-content\" data-secret=\"SH2kWeWJ3f\"><a href=\"https:\/\/rrb.be\/rrb\/seconde-guerre-mondiale\/\">Seconde Guerre Mondiale<\/a><\/blockquote><iframe loading=\"lazy\" class=\"wp-embedded-content\" sandbox=\"allow-scripts\" security=\"restricted\" style=\"position: absolute; visibility: hidden;\" title=\"\u00ab\u00a0Seconde Guerre Mondiale\u00a0\u00bb &#8212; Alain Schenkels\" src=\"https:\/\/rrb.be\/rrb\/seconde-guerre-mondiale\/embed\/#?secret=rLMVl4b2Ug#?secret=SH2kWeWJ3f\" data-secret=\"SH2kWeWJ3f\" width=\"600\" height=\"338\" frameborder=\"0\" marginwidth=\"0\" marginheight=\"0\" scrolling=\"no\"><\/iframe>\n<\/div><\/figure>\n","protected":false},"excerpt":{"rendered":"<p>Le 21 mars 1945, les forces alli\u00e9es, dont la 10e division blind\u00e9e am\u00e9ricaine, poursuivaient leur avanc\u00e9e \u00e0 travers l\u2019Allemagne, un pays d\u00e9chir\u00e9 par la guerre. Les combats \u00e9taient acharn\u00e9s, chaque ville et chaque village devenant un champ de bataille. Alors que la Seconde Guerre mondiale touchait \u00e0 sa fin, un acte de bravoure incroyable se [&hellip;]<\/p>\n","protected":false},"author":1,"featured_media":2583,"parent":0,"menu_order":0,"comment_status":"closed","ping_status":"closed","template":"","meta":{"footnotes":""},"categories":[31,20,30],"tags":[],"class_list":["post-2582","page","type-page","status-publish","has-post-thumbnail","hentry","category-histoires-de-soldats-et-de-guerre","category-seconde-guerre-mondiale","category-soldats-allies-tues-a-lennemi"],"_links":{"self":[{"href":"https:\/\/rrb.be\/rrb\/wp-json\/wp\/v2\/pages\/2582","targetHints":{"allow":["GET"]}}],"collection":[{"href":"https:\/\/rrb.be\/rrb\/wp-json\/wp\/v2\/pages"}],"about":[{"href":"https:\/\/rrb.be\/rrb\/wp-json\/wp\/v2\/types\/page"}],"author":[{"embeddable":true,"href":"https:\/\/rrb.be\/rrb\/wp-json\/wp\/v2\/users\/1"}],"replies":[{"embeddable":true,"href":"https:\/\/rrb.be\/rrb\/wp-json\/wp\/v2\/comments?post=2582"}],"version-history":[{"count":4,"href":"https:\/\/rrb.be\/rrb\/wp-json\/wp\/v2\/pages\/2582\/revisions"}],"predecessor-version":[{"id":2663,"href":"https:\/\/rrb.be\/rrb\/wp-json\/wp\/v2\/pages\/2582\/revisions\/2663"}],"wp:featuredmedia":[{"embeddable":true,"href":"https:\/\/rrb.be\/rrb\/wp-json\/wp\/v2\/media\/2583"}],"wp:attachment":[{"href":"https:\/\/rrb.be\/rrb\/wp-json\/wp\/v2\/media?parent=2582"}],"wp:term":[{"taxonomy":"category","embeddable":true,"href":"https:\/\/rrb.be\/rrb\/wp-json\/wp\/v2\/categories?post=2582"},{"taxonomy":"post_tag","embeddable":true,"href":"https:\/\/rrb.be\/rrb\/wp-json\/wp\/v2\/tags?post=2582"}],"curies":[{"name":"wp","href":"https:\/\/api.w.org\/{rel}","templated":true}]}}