{"id":2539,"date":"2025-10-16T15:08:51","date_gmt":"2025-10-16T15:08:51","guid":{"rendered":"https:\/\/rrb.be\/rrb\/?page_id=2539"},"modified":"2026-02-08T22:10:49","modified_gmt":"2026-02-08T22:10:49","slug":"ivan-laveikine-pilote-sovietique-a-abattu-23-avions-allemands-entre-1941-et-1944","status":"publish","type":"page","link":"https:\/\/rrb.be\/rrb\/ivan-laveikine-pilote-sovietique-a-abattu-23-avions-allemands-entre-1941-et-1944\/","title":{"rendered":"Ivan Laveikine, pilote sovi\u00e9tique a abattu 23 avions allemands entre 1941 et 1944"},"content":{"rendered":"\n<p><strong>Ivan Laveikine, un pilote de chasse sovi\u00e9tique exceptionnel originaire de Smolensk, s&rsquo;est illustr\u00e9 avec bravoure pendant la Seconde Guerre mondiale. Aux commandes de son Lavotchkine La-5, il a abattu 23 avions ennemis entre 1941 et 1944, contribuant de mani\u00e8re significative \u00e0 la d\u00e9fense de l&rsquo;Union sovi\u00e9tique.<\/strong><\/p>\n\n\n\n<p>Avec plus de 600 missions de combat \u00e0 son actif, Laveikine a d\u00e9montr\u00e9 un courage et une habilet\u00e9 remarquables. Il a notamment brill\u00e9 lors de la bataille de Stalingrad en novembre 1942, o\u00f9 il a effectu\u00e9 des missions de mitraillage audacieuses contre les positions ennemies, et lors de la bataille de Koursk en juillet 1943, o\u00f9 il a attaqu\u00e9 des formations blind\u00e9es allemandes au c\u0153ur de la plaine.<\/p>\n\n\n\n<p>Son parcours est un t\u00e9moignage de l&rsquo;h\u00e9ro\u00efsme des pilotes sovi\u00e9tiques qui ont combattu avec acharnement pour repousser l&rsquo;invasion nazie. Ivan Laveikine a surv\u00e9cu \u00e0 la guerre et s&rsquo;est \u00e9teint en 1986, laissant derri\u00e8re lui un h\u00e9ritage de courage et de d\u00e9termination.<\/p>\n\n\n\n<figure class=\"wp-block-image size-full\"><img loading=\"lazy\" decoding=\"async\" width=\"320\" height=\"400\" src=\"https:\/\/rrb.be\/rrb\/wp-content\/uploads\/2026\/02\/Ivan-Laveikine-pilote-sovietique-a-abattu-23-avions-allemands-entre-1941-et-1944-2.jpg\" alt=\"\" class=\"wp-image-2541\" srcset=\"https:\/\/rrb.be\/rrb\/wp-content\/uploads\/2026\/02\/Ivan-Laveikine-pilote-sovietique-a-abattu-23-avions-allemands-entre-1941-et-1944-2.jpg 320w, https:\/\/rrb.be\/rrb\/wp-content\/uploads\/2026\/02\/Ivan-Laveikine-pilote-sovietique-a-abattu-23-avions-allemands-entre-1941-et-1944-2-240x300.jpg 240w\" sizes=\"auto, (max-width: 320px) 100vw, 320px\" \/><\/figure>\n\n\n\n<p><strong>Petit bout d&rsquo;histoire de l&rsquo;aviation sur le front de l&rsquo;Est<\/strong><br>Au d\u00e9but de la guerre, la Luftwaffe allemande avait la supr\u00e9matie a\u00e9rienne sur le front de l&rsquo;Est. Cependant, \u00e0 mesure que la guerre progressait, les VVS sovi\u00e9tiques ont gagn\u00e9 en exp\u00e9rience et en \u00e9quipement, et ont finalement r\u00e9ussi \u00e0 obtenir la sup\u00e9riorit\u00e9 a\u00e9rienne. La bataille de Koursk en 1943 est souvent consid\u00e9r\u00e9e comme un tournant, marquant le d\u00e9but de la domination a\u00e9rienne sovi\u00e9tique.<\/p>\n\n\n\n<p>La bataille de Koursk, qui a eu lieu du 5 juillet au 23 ao\u00fbt 1943, fut l&rsquo;une des plus grandes batailles a\u00e9riennes de la guerre. Les forces sovi\u00e9tiques ont affront\u00e9 la Luftwaffe dans une s\u00e9rie de combats intenses, avec des pertes significatives pour les deux camps. Les Sovi\u00e9tiques ont finalement pris le dessus, contribuant \u00e0 un tournant d\u00e9cisif dans la guerre sur le front de l&rsquo;Est.<\/p>\n\n\n\n<p>Les pilotes sovi\u00e9tiques ont \u00e9galement particip\u00e9 \u00e0 d&rsquo;autres batailles importantes, comme la bataille de Stalingrad et la d\u00e9fense de L\u00e9ningrad. Ces campagnes ont montr\u00e9 la capacit\u00e9 de l&rsquo;aviation sovi\u00e9tique \u00e0 s&rsquo;adapter et \u00e0 contre-attaquer face \u00e0 une Luftwaffe initialement sup\u00e9rieure en technologie et en tactique.<\/p>\n\n\n\n<p>L&rsquo;Union sovi\u00e9tique a \u00e9galement eu des femmes pilotes, comme Lydia Litvak et Iekaterina Boudanova, qui ont acquis une renomm\u00e9e consid\u00e9rable en tant qu&rsquo;as de l&rsquo;aviation. Les pilotes sovi\u00e9tiques ont fait preuve d&rsquo;un grand courage et d&rsquo;une grande d\u00e9termination dans la lutte contre la Luftwaffe, cela \u00e9tant les pertes de pilotes et d&rsquo;avions sovi\u00e9tiques ont \u00e9t\u00e9 extr\u00eamement \u00e9lev\u00e9es (20 000 avions avec un nombre significatif de pilotes tu\u00e9s), refl\u00e9tant l&rsquo;intensit\u00e9 des combats sur le front de l&rsquo;Est et des remplacements constants de pilotes, parfois \u00e0 peine form\u00e9s.<\/p>\n\n\n\n<p>Parmi les pilotes sovi\u00e9tiques les plus c\u00e9l\u00e8bres, on trouve Alexandre Pokrychkine avec plus de 650 sorties et 59 victoires homologu\u00e9es, il fut l&rsquo;un des as les plus redout\u00e9s par la Luftwaffe. Il a \u00e9t\u00e9 nomm\u00e9 trois fois H\u00e9ros de l&rsquo;Union sovi\u00e9tique. Il y a aussi Grigori Retchkalov, vompagnon de Pokrychkine, il a effectu\u00e9 452 sorties et abattu 56 avions ennemis. Il \u00e9tait connu pour ses sorties solitaires \u00e0 haute altitude. Un dernier pour la route, Ivan Kojedoub qui est consid\u00e9r\u00e9 comme l&rsquo;as des as des arm\u00e9es alli\u00e9es, il a descendu 62 avions ennemis, dont un Messerschmitt Me 262.<\/p>\n\n\n\n<p>\u00c0 noter que si tous ces aviateurs ont surv\u00e9cu \u00e0 la guerre, une majorit\u00e9 des pilotes allemands dont les avions ont \u00e9t\u00e9 descendu par eux ont par contre trouv\u00e9 la mort lors des combats.<\/p>\n\n\n\n<p>Par Alain Schenkels<\/p>\n\n\n\n<figure class=\"wp-block-image size-full is-resized\"><img loading=\"lazy\" decoding=\"async\" width=\"412\" height=\"421\" src=\"http:\/\/rrb.be\/rrb\/wp-content\/uploads\/2026\/01\/Alain-Schenkels-rond.png\" alt=\"\" class=\"wp-image-2009\" style=\"width:248px;height:auto\" srcset=\"https:\/\/rrb.be\/rrb\/wp-content\/uploads\/2026\/01\/Alain-Schenkels-rond.png 412w, https:\/\/rrb.be\/rrb\/wp-content\/uploads\/2026\/01\/Alain-Schenkels-rond-294x300.png 294w\" sizes=\"auto, (max-width: 412px) 100vw, 412px\" \/><\/figure>\n\n\n\n<p>Cat\u00e9gorie(s) :<\/p>\n\n\n<div class=\"taxonomy-category wp-block-post-terms\"><a href=\"https:\/\/rrb.be\/rrb\/category\/conflits-guerres\/seconde-guerre-mondiale\/histoires-de-soldats-et-de-guerre\/\" rel=\"tag\">Histoires de soldats et de guerre<\/a><span class=\"wp-block-post-terms__separator\">, <\/span><a href=\"https:\/\/rrb.be\/rrb\/category\/conflits-guerres\/seconde-guerre-mondiale\/\" rel=\"tag\">Seconde guerre mondiale<\/a><\/div>\n\n\n<figure class=\"wp-block-embed is-type-wp-embed is-provider-alain-schenkels wp-block-embed-alain-schenkels\"><div class=\"wp-block-embed__wrapper\">\n<blockquote class=\"wp-embedded-content\" data-secret=\"y6fUaCM65t\"><a href=\"https:\/\/rrb.be\/rrb\/seconde-guerre-mondiale\/\">Seconde Guerre Mondiale<\/a><\/blockquote><iframe loading=\"lazy\" class=\"wp-embedded-content\" sandbox=\"allow-scripts\" security=\"restricted\" style=\"position: absolute; visibility: hidden;\" title=\"\u00ab\u00a0Seconde Guerre Mondiale\u00a0\u00bb &#8212; Alain Schenkels\" src=\"https:\/\/rrb.be\/rrb\/seconde-guerre-mondiale\/embed\/#?secret=dOzqc0ksX3#?secret=y6fUaCM65t\" data-secret=\"y6fUaCM65t\" width=\"600\" height=\"338\" frameborder=\"0\" marginwidth=\"0\" marginheight=\"0\" scrolling=\"no\"><\/iframe>\n<\/div><\/figure>\n","protected":false},"excerpt":{"rendered":"<p>Ivan Laveikine, un pilote de chasse sovi\u00e9tique exceptionnel originaire de Smolensk, s&rsquo;est illustr\u00e9 avec bravoure pendant la Seconde Guerre mondiale. Aux commandes de son Lavotchkine La-5, il a abattu 23 avions ennemis entre 1941 et 1944, contribuant de mani\u00e8re significative \u00e0 la d\u00e9fense de l&rsquo;Union sovi\u00e9tique. Avec plus de 600 missions de combat \u00e0 son [&hellip;]<\/p>\n","protected":false},"author":1,"featured_media":2540,"parent":0,"menu_order":0,"comment_status":"closed","ping_status":"closed","template":"","meta":{"footnotes":""},"categories":[31,20],"tags":[],"class_list":["post-2539","page","type-page","status-publish","has-post-thumbnail","hentry","category-histoires-de-soldats-et-de-guerre","category-seconde-guerre-mondiale"],"_links":{"self":[{"href":"https:\/\/rrb.be\/rrb\/wp-json\/wp\/v2\/pages\/2539","targetHints":{"allow":["GET"]}}],"collection":[{"href":"https:\/\/rrb.be\/rrb\/wp-json\/wp\/v2\/pages"}],"about":[{"href":"https:\/\/rrb.be\/rrb\/wp-json\/wp\/v2\/types\/page"}],"author":[{"embeddable":true,"href":"https:\/\/rrb.be\/rrb\/wp-json\/wp\/v2\/users\/1"}],"replies":[{"embeddable":true,"href":"https:\/\/rrb.be\/rrb\/wp-json\/wp\/v2\/comments?post=2539"}],"version-history":[{"count":3,"href":"https:\/\/rrb.be\/rrb\/wp-json\/wp\/v2\/pages\/2539\/revisions"}],"predecessor-version":[{"id":2659,"href":"https:\/\/rrb.be\/rrb\/wp-json\/wp\/v2\/pages\/2539\/revisions\/2659"}],"wp:featuredmedia":[{"embeddable":true,"href":"https:\/\/rrb.be\/rrb\/wp-json\/wp\/v2\/media\/2540"}],"wp:attachment":[{"href":"https:\/\/rrb.be\/rrb\/wp-json\/wp\/v2\/media?parent=2539"}],"wp:term":[{"taxonomy":"category","embeddable":true,"href":"https:\/\/rrb.be\/rrb\/wp-json\/wp\/v2\/categories?post=2539"},{"taxonomy":"post_tag","embeddable":true,"href":"https:\/\/rrb.be\/rrb\/wp-json\/wp\/v2\/tags?post=2539"}],"curies":[{"name":"wp","href":"https:\/\/api.w.org\/{rel}","templated":true}]}}