{"id":1869,"date":"2026-01-15T13:07:49","date_gmt":"2026-01-15T13:07:49","guid":{"rendered":"https:\/\/rrb.be\/rrb\/?page_id=1869"},"modified":"2026-02-08T22:02:51","modified_gmt":"2026-02-08T22:02:51","slug":"seconde-guerre-mondiale-lieutenant-michael-allmand-tue-en-heros-lors-de-la-derniere-offensive-a-mogaung-en-1944-a-lage-de-20-ans","status":"publish","type":"page","link":"https:\/\/rrb.be\/rrb\/seconde-guerre-mondiale-lieutenant-michael-allmand-tue-en-heros-lors-de-la-derniere-offensive-a-mogaung-en-1944-a-lage-de-20-ans\/","title":{"rendered":"Seconde Guerre Mondiale : Lieutenant Michael Allmand, tu\u00e9 en h\u00e9ros lors de la derni\u00e8re offensive \u00e0 Mogaung en 1944, \u00e0 l\u2019\u00e2ge de 20 ans"},"content":{"rendered":"\n<p><strong>Michael Allmand est n\u00e9 le 22 ao\u00fbt 1923 \u00e0 Golders Green, Londres, Angleterre. Il \u00e9tait avant guerre \u00e9tudiant en histoire. Lorsque la seconde guerre \u00e9clata, il f\u00fbt affect\u00e9 en tant que lieutenant au Corps blind\u00e9 indien, 6e r\u00e9giment de fusiliers Gurkha. Le 24 juin 1944, il est tu\u00e9 d&rsquo;un tir de mitrailleuse japonaise \u00e0 Mogaung, Birmanie britannique (gri\u00e8vement bless\u00e9 la veille), \u00e0 l\u2019\u00e2ge de 20 ans. Michael Allmand est inhum\u00e9 au cimeti\u00e8re de guerre de Taukkyan, Birmanie.<\/strong><\/p>\n\n\n\n<p>Le 11 juin 1944, le lieutenant Michael Allmand, \u00e2g\u00e9 de 20 ans, dirigea une section du 3e bataillon des 6e Gurkha Rifles de l\u2019arm\u00e9e indienne lors de la bataille de Mogaung, dans le nord de la Birmanie.<\/p>\n\n\n\n<p>L\u2019unit\u00e9 d\u2019Allmand faisait partie de la force Chindit qui avan\u00e7ait vers des positions tenues par les Japonais. Le bataillon avait re\u00e7u l\u2019ordre de s\u2019emparer du pont de la route de Pin Hmi, une position fortifi\u00e9e qui retardait l\u2019avance. L\u2019ennemi contr\u00f4lait le pont depuis des positions retranch\u00e9es, arm\u00e9es de mitrailleuses et d\u2019armes l\u00e9g\u00e8res. Le terrain autour de l\u2019objectif \u00e9tait mar\u00e9cageux, couvert d\u2019une jungle \u00e9paisse, et canalisa l\u2019approche vers une zone de tir \u00e9troite.<\/p>\n\n\n\n<blockquote class=\"wp-block-quote is-layout-flow wp-block-quote-is-layout-flow\">\n<p>Alors que la section d\u2019Allmand progressait, elle parvint \u00e0 moins de 20 m\u00e8tres de l\u2019objectif et fut accueillie par un feu japonais intense. L\u2019attaque s\u2019enlisa. Ses hommes \u00e9taient clou\u00e9s au sol. Les pertes augment\u00e8rent rapidement. Sans attendre d\u2019ordre, Allmand sortit de sa position, chargea seul l\u2019ennemi et commen\u00e7a \u00e0 lancer des grenades sur les nids de mitrailleuses. Il r\u00e9duisit la distance, d\u00e9gaina son couteau kukri et tua trois soldats japonais au corps \u00e0 corps.<\/p>\n<\/blockquote>\n\n\n\n<p>Inspir\u00e9s par son assaut, le reste de ses hommes le suivit. La section fit alors irruption et submergea la position ennemie. Le pont fut s\u00e9curis\u00e9. Cette action permit de briser la ligne de d\u00e9fense et de rouvrir la voie \u00e0 l\u2019avance.<\/p>\n\n\n\n<p>Le 13 juin, Allmand mena \u00e0 nouveau un assaut, cette fois-ci \u00e0 travers des marais sous le feu des mitrailleuses. L\u2019ennemi s\u2019\u00e9tait retranch\u00e9 sur une cr\u00eate basse et tirait depuis plusieurs positions fortifi\u00e9es. Allmand neutralisa personnellement plusieurs postes de mitrailleuses, tuant tous ses servants, avan\u00e7ant devant ses hommes et chargeant chaque position de front. Il utilisa des grenades et son fusil \u00e0 bout portant.<\/p>\n\n\n\n<p>Dix jours plus tard, le 23 juin, lors de la derni\u00e8re offensive pour prendre la ville de Mogaung, Allmand, alors atteint du pied de tranch\u00e9e, mena une attaque frontale sur un pont ferroviaire lourdement d\u00e9fendu. Il progressa \u00e0 travers une boue profonde et des trous d\u2019obus gorg\u00e9s d\u2019eau. Les mitrailleuses japonaises balay\u00e8rent l\u2019approche. Allmand avan\u00e7a \u00e0 nouveau seul, attaquant un poste de mitrailleuse sous le feu direct. <strong>Il fut touch\u00e9 d\u2019une rafale de mitrailleuse avant d\u2019atteindre le poste, il s\u2019effondra.<\/strong><\/p>\n\n\n\n<p>Gri\u00e8vement bless\u00e9 son pronostic vital engag\u00e9, il fut \u00e9vacu\u00e9, mais lendemain 24 juin 1944, notre homme est mort des suites de ses blessures par balles.<\/p>\n\n\n\n<p>Pour ses actions des 11, 13 et 23 juin, le lieutenant Michael Allmand fut d\u00e9cor\u00e9 \u00e0 titre posthume de la Croix de Victoria.<\/p>\n\n\n\n<h2 class=\"wp-block-heading\">R\u00e9f\u00e9rences :<\/h2>\n\n\n\n<ul class=\"wp-block-list\">\n<li><strong>London Gazette (citation officielle de la Victoria Cross)<\/strong>&nbsp;: Gazette du 26 octobre 1944, d\u00e9taillant les actions des 11, 13 et 23 juin 1944. Texte int\u00e9gral de la citation posthume.<\/li>\n\n\n\n<li><strong>6th Gurkha Rifles (site officiel du r\u00e9giment)<\/strong>&nbsp;: R\u00e9cit d\u00e9taill\u00e9 des assauts \u00e0 Pin Hmi Road Bridge (11 juin), cr\u00eate (13 juin) et railway bridge (23 juin), avec extraits de la citation VC.<\/li>\n\n\n\n<li><strong>Burma Star Memorial<\/strong>&nbsp;: Page d\u00e9di\u00e9e au Captain Michael Allmand VC, confirmant le contexte Chindits, blessures et h\u00e9ro\u00efsme au kukri.<\/li>\n\n\n\n<li><strong>Gurkha Museum (Winchester)<\/strong>&nbsp;: Histoire de la VC d\u2019Allmand, don de la famille en 2003, avec focus sur Mogaung 1944.<\/li>\n\n\n\n<li><strong>Victoria Cross.org.uk<\/strong>&nbsp;: Fiche compl\u00e8te avec m\u00e9daille, gazette et enterrement \u00e0 Taukkyan.<\/li>\n<\/ul>\n\n\n\n<p>Par Alain Schenkels<\/p>\n\n\n\n<figure data-wp-context=\"{&quot;imageId&quot;:&quot;69ea688247eb2&quot;}\" data-wp-interactive=\"core\/image\" data-wp-key=\"69ea688247eb2\" class=\"wp-block-image size-full is-resized wp-lightbox-container\"><img loading=\"lazy\" decoding=\"async\" width=\"728\" height=\"1006\" data-wp-class--hide=\"state.isContentHidden\" data-wp-class--show=\"state.isContentVisible\" data-wp-init=\"callbacks.setButtonStyles\" data-wp-on--click=\"actions.showLightbox\" data-wp-on--load=\"callbacks.setButtonStyles\" data-wp-on-window--resize=\"callbacks.setButtonStyles\" src=\"http:\/\/rrb.be\/rrb\/wp-content\/uploads\/2025\/12\/Alain_Schenkels-1.jpg\" alt=\"\" class=\"wp-image-329\" style=\"width:272px;height:auto\" srcset=\"https:\/\/rrb.be\/rrb\/wp-content\/uploads\/2025\/12\/Alain_Schenkels-1.jpg 728w, https:\/\/rrb.be\/rrb\/wp-content\/uploads\/2025\/12\/Alain_Schenkels-1-217x300.jpg 217w\" sizes=\"auto, (max-width: 728px) 100vw, 728px\" \/><button\n\t\t\tclass=\"lightbox-trigger\"\n\t\t\ttype=\"button\"\n\t\t\taria-haspopup=\"dialog\"\n\t\t\taria-label=\"Enlarge\"\n\t\t\tdata-wp-init=\"callbacks.initTriggerButton\"\n\t\t\tdata-wp-on--click=\"actions.showLightbox\"\n\t\t\tdata-wp-style--right=\"state.imageButtonRight\"\n\t\t\tdata-wp-style--top=\"state.imageButtonTop\"\n\t\t>\n\t\t\t<svg xmlns=\"http:\/\/www.w3.org\/2000\/svg\" width=\"12\" height=\"12\" fill=\"none\" viewBox=\"0 0 12 12\">\n\t\t\t\t<path fill=\"#fff\" d=\"M2 0a2 2 0 0 0-2 2v2h1.5V2a.5.5 0 0 1 .5-.5h2V0H2Zm2 10.5H2a.5.5 0 0 1-.5-.5V8H0v2a2 2 0 0 0 2 2h2v-1.5ZM8 12v-1.5h2a.5.5 0 0 0 .5-.5V8H12v2a2 2 0 0 1-2 2H8Zm2-12a2 2 0 0 1 2 2v2h-1.5V2a.5.5 0 0 0-.5-.5H8V0h2Z\" \/>\n\t\t\t<\/svg>\n\t\t<\/button><\/figure>\n\n\n\n<p>Cat\u00e9gorie(s) :<\/p>\n\n\n<div class=\"taxonomy-category wp-block-post-terms\"><a href=\"https:\/\/rrb.be\/rrb\/category\/conflits-guerres\/seconde-guerre-mondiale\/histoires-de-soldats-et-de-guerre\/\" rel=\"tag\">Histoires de soldats et de guerre<\/a><span class=\"wp-block-post-terms__separator\">, <\/span><a href=\"https:\/\/rrb.be\/rrb\/category\/conflits-guerres\/seconde-guerre-mondiale\/\" rel=\"tag\">Seconde guerre mondiale<\/a><span class=\"wp-block-post-terms__separator\">, <\/span><a href=\"https:\/\/rrb.be\/rrb\/category\/conflits-guerres\/seconde-guerre-mondiale\/soldats-allies-tues-a-lennemi\/\" rel=\"tag\">Soldats Alli\u00e9s tu\u00e9s \u00e0 l&rsquo;ennemi<\/a><\/div>\n\n\n<figure class=\"wp-block-embed is-type-wp-embed is-provider-alain-schenkels wp-block-embed-alain-schenkels\"><div class=\"wp-block-embed__wrapper\">\n<blockquote class=\"wp-embedded-content\" data-secret=\"LMvWkT8VYN\"><a href=\"https:\/\/rrb.be\/rrb\/seconde-guerre-mondiale\/\">Seconde Guerre Mondiale<\/a><\/blockquote><iframe loading=\"lazy\" class=\"wp-embedded-content\" sandbox=\"allow-scripts\" security=\"restricted\" style=\"position: absolute; visibility: hidden;\" title=\"\u00ab\u00a0Seconde Guerre Mondiale\u00a0\u00bb &#8212; Alain Schenkels\" src=\"https:\/\/rrb.be\/rrb\/seconde-guerre-mondiale\/embed\/#?secret=w9RtckZwA3#?secret=LMvWkT8VYN\" data-secret=\"LMvWkT8VYN\" width=\"600\" height=\"338\" frameborder=\"0\" marginwidth=\"0\" marginheight=\"0\" scrolling=\"no\"><\/iframe>\n<\/div><\/figure>\n","protected":false},"excerpt":{"rendered":"<p>Michael Allmand est n\u00e9 le 22 ao\u00fbt 1923 \u00e0 Golders Green, Londres, Angleterre. Il \u00e9tait avant guerre \u00e9tudiant en histoire. Lorsque la seconde guerre \u00e9clata, il f\u00fbt affect\u00e9 en tant que lieutenant au Corps blind\u00e9 indien, 6e r\u00e9giment de fusiliers Gurkha. Le 24 juin 1944, il est tu\u00e9 d&rsquo;un tir de mitrailleuse japonaise \u00e0 Mogaung, [&hellip;]<\/p>\n","protected":false},"author":1,"featured_media":1870,"parent":0,"menu_order":0,"comment_status":"closed","ping_status":"closed","template":"","meta":{"footnotes":""},"categories":[31,20,30],"tags":[],"class_list":["post-1869","page","type-page","status-publish","has-post-thumbnail","hentry","category-histoires-de-soldats-et-de-guerre","category-seconde-guerre-mondiale","category-soldats-allies-tues-a-lennemi"],"_links":{"self":[{"href":"https:\/\/rrb.be\/rrb\/wp-json\/wp\/v2\/pages\/1869","targetHints":{"allow":["GET"]}}],"collection":[{"href":"https:\/\/rrb.be\/rrb\/wp-json\/wp\/v2\/pages"}],"about":[{"href":"https:\/\/rrb.be\/rrb\/wp-json\/wp\/v2\/types\/page"}],"author":[{"embeddable":true,"href":"https:\/\/rrb.be\/rrb\/wp-json\/wp\/v2\/users\/1"}],"replies":[{"embeddable":true,"href":"https:\/\/rrb.be\/rrb\/wp-json\/wp\/v2\/comments?post=1869"}],"version-history":[{"count":4,"href":"https:\/\/rrb.be\/rrb\/wp-json\/wp\/v2\/pages\/1869\/revisions"}],"predecessor-version":[{"id":2636,"href":"https:\/\/rrb.be\/rrb\/wp-json\/wp\/v2\/pages\/1869\/revisions\/2636"}],"wp:featuredmedia":[{"embeddable":true,"href":"https:\/\/rrb.be\/rrb\/wp-json\/wp\/v2\/media\/1870"}],"wp:attachment":[{"href":"https:\/\/rrb.be\/rrb\/wp-json\/wp\/v2\/media?parent=1869"}],"wp:term":[{"taxonomy":"category","embeddable":true,"href":"https:\/\/rrb.be\/rrb\/wp-json\/wp\/v2\/categories?post=1869"},{"taxonomy":"post_tag","embeddable":true,"href":"https:\/\/rrb.be\/rrb\/wp-json\/wp\/v2\/tags?post=1869"}],"curies":[{"name":"wp","href":"https:\/\/api.w.org\/{rel}","templated":true}]}}