{"id":1755,"date":"2026-01-13T15:25:46","date_gmt":"2026-01-13T15:25:46","guid":{"rendered":"https:\/\/rrb.be\/rrb\/?page_id=1755"},"modified":"2026-02-08T22:14:57","modified_gmt":"2026-02-08T22:14:57","slug":"seconde-guerre-mondiale-le-boxeur-professionnel-edouard-til-veteran-de-la-grande-guerre-est-deporte-et-assassine-a-auschwitz-a-lage-de-55-ans","status":"publish","type":"page","link":"https:\/\/rrb.be\/rrb\/seconde-guerre-mondiale\/seconde-guerre-mondiale-le-boxeur-professionnel-edouard-til-veteran-de-la-grande-guerre-est-deporte-et-assassine-a-auschwitz-a-lage-de-55-ans\/","title":{"rendered":"Seconde Guerre Mondiale : Le boxeur professionnel \u00c9douard Til, v\u00e9t\u00e9ran de la grande guerre, est d\u00e9port\u00e9 et assassin\u00e9 \u00e0 Auschwitz \u00e0 l\u2019\u00e2ge de 55 ans"},"content":{"rendered":"\n<p><strong>Lors de la seconde guerre mondiale, il est arr\u00eat\u00e9 le 26 juin 1941 pour \u00ab&nbsp;distribution illicite de tracts&nbsp;\u00bb et d\u00e9port\u00e9 vers le camp nazi d\u2019Auschwitz. Il y est assassin\u00e9 \u00e0 l\u2019\u00e2ge de 55 ans. Une rue porte son nom \u00e0 Vitry-sur-Seine.<\/strong><\/p>\n\n\n\n<blockquote class=\"wp-block-quote is-layout-flow wp-block-quote-is-layout-flow\">\n<p>Le boxeur professionnel \u00c9douard Til \u00e9tait aussi un v\u00e9t\u00e9ran de la Grande guerre cit\u00e9 en 1917 pour son \u00ab&nbsp;<em>d\u00e9vouement en soignant, sous un violent bombardement, ses camarades bless\u00e9s \u00e0 ses c\u00f4t\u00e9s<\/em>&nbsp;\u00bb.<\/p>\n<\/blockquote>\n\n\n\n<p>Lors de la Premi\u00e8re Guerre Mondiale, cet homme a fait preuve d\u2019une abn\u00e9gation extraordinaire, soignant ses camarades bless\u00e9s alors que tout autour n\u2019\u00e9tait que chaos et danger. Son acte de bravoure, reconnu par une citation, d\u00e9montre une force int\u00e9rieure avec cette capacit\u00e9 \u00e0 d\u00e9passer la violence pour se tourner vers les autres.<\/p>\n\n\n\n<p>Mais la brutalit\u00e9 de la Seconde Guerre mondiale l\u2019a rattrap\u00e9. Pour avoir eu le courage de r\u00e9sister, en distribuant des tracts, il a \u00e9t\u00e9 arr\u00eat\u00e9, tortur\u00e9, puis d\u00e9port\u00e9 \u00e0 Auschwitz. Dans ce lieu o\u00f9 l\u2019horreur d\u00e9passait l\u2019entendement, il est assassin\u00e9.<\/p>\n\n\n\n<p>Aujourd\u2019hui, une rue de Vitry-sur-Seine porte son nom. C\u2019est un hommage \u00e0 une vie bris\u00e9e, un symbole de la lutte contre l\u2019injustice et de la m\u00e9moire qui perdure.<\/p>\n\n\n\n<p>Comment un homme d\u2019une telle force et d\u2019un tel altruisme a-t-il pu \u00eatre an\u00e9anti par la folie d\u2019un r\u00e9gime totalitaire ? Son histoire nous fait prendre conscience que personne, aussi fort soit-il, n\u2019est \u00e0 l\u2019abri de la violence et que la lutte pour la justice et la m\u00e9moire est un combat de chaque instant.<\/p>\n\n\n\n<h2 class=\"wp-block-heading\">Histoire de vie<\/h2>\n\n\n\n<p>\u00c9douard est n\u00e9 le 5 d\u00e9cembre 1887 \u00e0 Paris, il est l\u2019a\u00een\u00e9 d\u2019une fratrie de huit enfants. Son p\u00e8re, Victor Til est bijoutier et sa m\u00e8re, Jeanne Magnaudet est ouvri\u00e8re. Edouard se marie le 2 septembre 1911 \u00e0 Arcueil avec D\u00e9sir\u00e9e Cordier, ils ont trois enfants.<\/p>\n\n\n\n<p>Le soir du mariage, une bagarre \u00e9clate&nbsp;; une femme re\u00e7oit des coups de poing et accuse son fr\u00e8re Paul Til d\u2019en \u00eatre \u00e0 l\u2019origine. Ce dernier se d\u00e9fend vivement mais est condamn\u00e9 \u00e0 une peine de 15 jours de prison avec sursis et une amende de 50 francs. Plus tard dans la nuit de noces, son autre fr\u00e8re Andr\u00e9 Til est bless\u00e9 par un coup de couteau lors d\u2019une autre altercation et est transport\u00e9 \u00e0 l\u2019H\u00f4tel-Dieu.<\/p>\n\n\n\n<p>Sa carri\u00e8re de boxeur professionnel d\u00e9bute en 1911 \u00e0 l\u2019\u00e2ge de 23 ans, dans les cat\u00e9gories des poids mi-lourds et poids lourds. Til travaille en famille avec ses fr\u00e8res, Cl\u00e9ment, dit Andr\u00e9 Til et Paul Til. Son fr\u00e8re Paul Til est d\u00e9j\u00e0 un boxeur vedette dans le circuit international.<\/p>\n\n\n\n<p>\u00c9douard Til commence sa carri\u00e8re professionnelle lors d\u2019un combat contre le boxeur turc Sabri Mahir \u00e0 l\u2019\u00c9lys\u00e9e-Montmartre&nbsp;le 8 d\u00e9cembre 1911. Son adversaire en est \u00e0 son cinqui\u00e8me combat et n\u2019a jusqu\u2019alors remport\u00e9 aucune victoire. Cette premi\u00e8re rencontre se solde par un match nul, en revanche la seconde, trois mois plus tard, est remport\u00e9e par \u00c9douard Til.<\/p>\n\n\n\n<p>Le 13 f\u00e9vrier 1912 \u00e0&nbsp;Paris, \u00c9douard Til affronte \u00e0 l\u2019occasion de son deuxi\u00e8me combat Camille Coeuille. Il s\u2019est entra\u00een\u00e9 avec son fr\u00e8re Paul Til et&nbsp;Henri Piet&nbsp;et est en tr\u00e8s bonne forme. \u00c9douard Til remporte le combat par&nbsp;Knockout&nbsp;au premier round et enthousiasme les observateurs par sa qualit\u00e9 de frappe.<\/p>\n\n\n\n<p>Apr\u00e8s une premi\u00e8re ann\u00e9e d\u2019activit\u00e9 riche, Til monte moins souvent sur le ring en 1913. Il est d\u2019abord contraint de d\u00e9clarer forfait pour blessure \u00e0 l\u2019entra\u00eenement dans le cadre d\u2019un match \u00e9liminatoire pour le titre de champion de France poids lourds.<\/p>\n\n\n\n<p>C\u2019est \u00e0&nbsp;Anvers, le 2 juillet 1914, qu\u2019\u00c9douard Til enregistre sa derni\u00e8re victoire, il bat Charles Bradley pour la seconde fois. Le 16 ao\u00fbt 1914, sa carri\u00e8re, comme celles de ses fr\u00e8res et d\u2019autres boxeurs, doit s\u2019interrompre pour cause de guerre.<\/p>\n\n\n\n<p><strong>Premi\u00e8re guerre mondiale<\/strong><\/p>\n\n\n\n<p>\u00c0 l\u2019\u00e9t\u00e9 1915, Edouard Til se bat au sein de la 32<sup>\u00e8me<\/sup>&nbsp;compagnie d\u2019artillerie. Son fr\u00e8re Andr\u00e9 Til est  gri\u00e8vement bless\u00e9 au combat \u00e0 Brest. Son autre fr\u00e8re Albert Til est tu\u00e9 dans les&nbsp;Ardennes&nbsp;le 28 septembre 1918 \u00e0 l\u2019\u00e2ge de 20 ans. \u00c9douard survit \u00e0 la premi\u00e8re guerre mondiale, il re\u00e7oit la croix de guerre 1914-1948 avec palme et \u00e9toile de bronze.<\/p>\n\n\n\n<p><strong>Entre les deux guerres<\/strong><\/p>\n\n\n\n<p>Les combats de boxe se rar\u00e9fient et il ne retrouve pas sa forme&nbsp;; il raccroche les gants en 1922.<\/p>\n\n\n\n<p>En 1926, deux de ses fr\u00e8res d\u00e9c\u00e8dent \u00e0 quelques mois d\u2019intervalle dans des circonstances myst\u00e9rieuses&nbsp;:<br>Ernest meurt le 21 janvier, \u00e0 30 ans et Paul meurt le 23 mai, \u00e0 34 ans.<\/p>\n\n\n\n<p>\u00c9douard vit \u00e0&nbsp;Vitry-sur-Seine, 17 rue du R\u00fb Grand, et y est \u00e9lu en 1935 en tant qu\u2019adjoint au maire communiste et&nbsp;conseiller g\u00e9n\u00e9ral de la Seine&nbsp;Charles Rigaud.<\/p>\n\n\n\n<p><strong>Seconde guerre mondiale<\/strong><\/p>\n\n\n\n<p>\u00c9douard entre dans la r\u00e9sistance, mais est arr\u00eat\u00e9 le 26 juin 1941 pour distribution illicite de tracts et est d\u00e9port\u00e9 le 6 juillet 1942 vers Auschwitz par le&nbsp;Convoi des 45000&nbsp;au d\u00e9part du&nbsp;Camp de Royallieu, il est officiellement d\u00e9c\u00e9d\u00e9 en d\u00e9cembre 1942.<\/p>\n\n\n\n<p><strong>Il est homologu\u00e9 \u00e0 titre posthume dans le grade de sergent de la&nbsp;R\u00e9sistance int\u00e9rieure fran\u00e7aise.<\/strong><\/p>\n\n\n\n<h2 class=\"wp-block-heading\">R\u00e9f\u00e9rences<\/h2>\n\n\n\n<ul class=\"wp-block-list\">\n<li>Le dictionnaire biographique&nbsp;<strong>Le Maitron<\/strong>&nbsp;: n\u00e9 le 5 d\u00e9cembre 1887 \u00e0 Paris (20e), employ\u00e9 dans l&rsquo;alimentation, militant communiste, \u00e9lu adjoint au maire de Vitry-sur-Seine (1935) sous Charles Rigaud. Arrestation le 26 juin 1941 pour distribution de tracts, d\u00e9portation le 6 juillet 1942 via le Convoi des 45000 depuis Royallieu (Compi\u00e8gne), mort officielle en d\u00e9cembre 1942 \u00e0 Auschwitz. Homologu\u00e9 sergent FFI posthume.<\/li>\n\n\n\n<li><strong>D\u00e9port\u00e9s politiques \u00e0 Auschwitz<\/strong> : naissance 1887 Paris 20e, r\u00e9sidence au 17 rue du R\u00fb Grand (rebaptis\u00e9e rue \u00c9douard-Til \u00e0 Vitry-sur-Seine). Membre de la R\u00e9sistance int\u00e9rieure fran\u00e7aise (RIF), arr\u00eat\u00e9 pour activit\u00e9 antifasciste, inclus dans le convoi des 45000 (otages communistes).<\/li>\n\n\n\n<li><strong>Archives du Service Historique de la D\u00e9fense (SHD)<\/strong>&nbsp;\u00e0 Vincennes : Dossiers matricules militaires et citations de guerre pour la p\u00e9riode 1914-1918 ; homologation FFI pour 1940-1944.<\/li>\n\n\n\n<li><strong>M\u00e9morial de la Shoah (Paris)<\/strong>&nbsp;: Fiches individuelles du Convoi des 45000, confirmant dates d&rsquo;arrestation, d\u00e9portation et d\u00e9c\u00e8s.<\/li>\n\n\n\n<li><strong>Ouvrages sur la boxe<\/strong>&nbsp;: \u00ab\u00a0Un si\u00e8cle de boxe anglaise dans le Nord\u00a0\u00bb mentionne la famille Til (fr\u00e8res Paul, Andr\u00e9, Cl\u00e9ment), carri\u00e8re d&rsquo;\u00c9douard d\u00e8s 1911 (combats vs. Sabri Mahir, Camille Coeuille ; fin en 1914 \u00e0 Anvers).<\/li>\n<\/ul>\n\n\n\n<p>Par Alain Schenkels<\/p>\n\n\n\n<figure data-wp-context=\"{&quot;imageId&quot;:&quot;69ea6a80bbd4f&quot;}\" data-wp-interactive=\"core\/image\" data-wp-key=\"69ea6a80bbd4f\" class=\"wp-block-image size-full is-resized wp-lightbox-container\"><img loading=\"lazy\" decoding=\"async\" width=\"728\" height=\"1006\" data-wp-class--hide=\"state.isContentHidden\" data-wp-class--show=\"state.isContentVisible\" data-wp-init=\"callbacks.setButtonStyles\" data-wp-on--click=\"actions.showLightbox\" data-wp-on--load=\"callbacks.setButtonStyles\" data-wp-on-window--resize=\"callbacks.setButtonStyles\" src=\"http:\/\/rrb.be\/rrb\/wp-content\/uploads\/2025\/12\/Alain_Schenkels-1.jpg\" alt=\"\" class=\"wp-image-329\" style=\"width:244px;height:auto\" srcset=\"https:\/\/rrb.be\/rrb\/wp-content\/uploads\/2025\/12\/Alain_Schenkels-1.jpg 728w, https:\/\/rrb.be\/rrb\/wp-content\/uploads\/2025\/12\/Alain_Schenkels-1-217x300.jpg 217w\" sizes=\"auto, (max-width: 728px) 100vw, 728px\" \/><button\n\t\t\tclass=\"lightbox-trigger\"\n\t\t\ttype=\"button\"\n\t\t\taria-haspopup=\"dialog\"\n\t\t\taria-label=\"Enlarge\"\n\t\t\tdata-wp-init=\"callbacks.initTriggerButton\"\n\t\t\tdata-wp-on--click=\"actions.showLightbox\"\n\t\t\tdata-wp-style--right=\"state.imageButtonRight\"\n\t\t\tdata-wp-style--top=\"state.imageButtonTop\"\n\t\t>\n\t\t\t<svg xmlns=\"http:\/\/www.w3.org\/2000\/svg\" width=\"12\" height=\"12\" fill=\"none\" viewBox=\"0 0 12 12\">\n\t\t\t\t<path fill=\"#fff\" d=\"M2 0a2 2 0 0 0-2 2v2h1.5V2a.5.5 0 0 1 .5-.5h2V0H2Zm2 10.5H2a.5.5 0 0 1-.5-.5V8H0v2a2 2 0 0 0 2 2h2v-1.5ZM8 12v-1.5h2a.5.5 0 0 0 .5-.5V8H12v2a2 2 0 0 1-2 2H8Zm2-12a2 2 0 0 1 2 2v2h-1.5V2a.5.5 0 0 0-.5-.5H8V0h2Z\" \/>\n\t\t\t<\/svg>\n\t\t<\/button><\/figure>\n\n\n\n<p>Cat\u00e9gorie(s) :<\/p>\n\n\n<div class=\"taxonomy-category wp-block-post-terms\"><a href=\"https:\/\/rrb.be\/rrb\/category\/conflits-guerres\/seconde-guerre-mondiale\/resistance\/\" rel=\"tag\">R\u00e9sistance<\/a><span class=\"wp-block-post-terms__separator\">, <\/span><a href=\"https:\/\/rrb.be\/rrb\/category\/conflits-guerres\/seconde-guerre-mondiale\/\" rel=\"tag\">Seconde guerre mondiale<\/a><span class=\"wp-block-post-terms__separator\">, <\/span><a href=\"https:\/\/rrb.be\/rrb\/category\/sport\/\" rel=\"tag\">Sport<\/a><\/div>\n\n\n<figure class=\"wp-block-embed is-type-wp-embed is-provider-alain-schenkels wp-block-embed-alain-schenkels\"><div class=\"wp-block-embed__wrapper\">\n<blockquote class=\"wp-embedded-content\" data-secret=\"rMJ0jPOGzW\"><a href=\"https:\/\/rrb.be\/rrb\/seconde-guerre-mondiale\/\">Seconde Guerre Mondiale<\/a><\/blockquote><iframe loading=\"lazy\" class=\"wp-embedded-content\" sandbox=\"allow-scripts\" security=\"restricted\" style=\"position: absolute; visibility: hidden;\" title=\"\u00ab\u00a0Seconde Guerre Mondiale\u00a0\u00bb &#8212; Alain Schenkels\" src=\"https:\/\/rrb.be\/rrb\/seconde-guerre-mondiale\/embed\/#?secret=cTSM1hCPGf#?secret=rMJ0jPOGzW\" data-secret=\"rMJ0jPOGzW\" width=\"600\" height=\"338\" frameborder=\"0\" marginwidth=\"0\" marginheight=\"0\" scrolling=\"no\"><\/iframe>\n<\/div><\/figure>\n","protected":false},"excerpt":{"rendered":"<p>Lors de la seconde guerre mondiale, il est arr\u00eat\u00e9 le 26 juin 1941 pour \u00ab&nbsp;distribution illicite de tracts&nbsp;\u00bb et d\u00e9port\u00e9 vers le camp nazi d\u2019Auschwitz. Il y est assassin\u00e9 \u00e0 l\u2019\u00e2ge de 55 ans. Une rue porte son nom \u00e0 Vitry-sur-Seine. Le boxeur professionnel \u00c9douard Til \u00e9tait aussi un v\u00e9t\u00e9ran de la Grande guerre cit\u00e9 [&hellip;]<\/p>\n","protected":false},"author":1,"featured_media":1756,"parent":886,"menu_order":0,"comment_status":"closed","ping_status":"closed","template":"","meta":{"footnotes":""},"categories":[29,20,8],"tags":[],"class_list":["post-1755","page","type-page","status-publish","has-post-thumbnail","hentry","category-resistance","category-seconde-guerre-mondiale","category-sport"],"_links":{"self":[{"href":"https:\/\/rrb.be\/rrb\/wp-json\/wp\/v2\/pages\/1755","targetHints":{"allow":["GET"]}}],"collection":[{"href":"https:\/\/rrb.be\/rrb\/wp-json\/wp\/v2\/pages"}],"about":[{"href":"https:\/\/rrb.be\/rrb\/wp-json\/wp\/v2\/types\/page"}],"author":[{"embeddable":true,"href":"https:\/\/rrb.be\/rrb\/wp-json\/wp\/v2\/users\/1"}],"replies":[{"embeddable":true,"href":"https:\/\/rrb.be\/rrb\/wp-json\/wp\/v2\/comments?post=1755"}],"version-history":[{"count":5,"href":"https:\/\/rrb.be\/rrb\/wp-json\/wp\/v2\/pages\/1755\/revisions"}],"predecessor-version":[{"id":2672,"href":"https:\/\/rrb.be\/rrb\/wp-json\/wp\/v2\/pages\/1755\/revisions\/2672"}],"up":[{"embeddable":true,"href":"https:\/\/rrb.be\/rrb\/wp-json\/wp\/v2\/pages\/886"}],"wp:featuredmedia":[{"embeddable":true,"href":"https:\/\/rrb.be\/rrb\/wp-json\/wp\/v2\/media\/1756"}],"wp:attachment":[{"href":"https:\/\/rrb.be\/rrb\/wp-json\/wp\/v2\/media?parent=1755"}],"wp:term":[{"taxonomy":"category","embeddable":true,"href":"https:\/\/rrb.be\/rrb\/wp-json\/wp\/v2\/categories?post=1755"},{"taxonomy":"post_tag","embeddable":true,"href":"https:\/\/rrb.be\/rrb\/wp-json\/wp\/v2\/tags?post=1755"}],"curies":[{"name":"wp","href":"https:\/\/api.w.org\/{rel}","templated":true}]}}