{"id":1579,"date":"2026-01-11T11:39:46","date_gmt":"2026-01-11T11:39:46","guid":{"rendered":"https:\/\/rrb.be\/rrb\/?page_id=1579"},"modified":"2026-02-08T22:04:35","modified_gmt":"2026-02-08T22:04:35","slug":"officier-allemand-capture-par-les-troupes-coloniales-francaises-en-1944","status":"publish","type":"page","link":"https:\/\/rrb.be\/rrb\/seconde-guerre-mondiale\/officier-allemand-capture-par-les-troupes-coloniales-francaises-en-1944\/","title":{"rendered":"Seconde Guerre Mondiale : Officier allemand captur\u00e9 par les troupes coloniales fran\u00e7aises en 1944"},"content":{"rendered":"\n<p><strong>L\u2019officier allemand captur\u00e9 incarne la d\u00e9faite d\u2019un r\u00e9gime bas\u00e9 sur une id\u00e9ologie raciste et supr\u00e9maciste.<\/strong><\/p>\n\n\n\n<p>En 1944, les troupes coloniales fran\u00e7aises, compos\u00e9es de soldats venus d\u2019Afrique, participent activement \u00e0 la lib\u00e9ration du territoire fran\u00e7ais. Leur contribution, souvent n\u00e9glig\u00e9e, est pourtant cruciale dans la lutte contre l\u2019occupation nazie.<\/p>\n\n\n\n<p>Sa capture par un soldat issu des colonies fran\u00e7aises repr\u00e9sente une forme de justice historique, un renversement des rapports de domination. L\u2019humiliation ressentie par l\u2019officier est \u00e0 la mesure de l\u2019injustice du syst\u00e8me qu\u2019il servait.<\/p>\n\n\n\n<p>Le sourire du soldat colonial relate de la fiert\u00e9 et de la joie de participer \u00e0 la victoire contre le nazisme. C\u2019est la reconnaissance de son r\u00f4le dans un combat pour la libert\u00e9 et l\u2019\u00e9galit\u00e9. Ce sourire est aussi une revanche sur les discriminations et les pr\u00e9jug\u00e9s dont les soldats coloniaux ont \u00e9t\u00e9 victimes.<\/p>\n\n\n\n<p>Pour tout soldat, \u00eatre captur\u00e9 est un moment psychologiquement difficile, consid\u00e9r\u00e9 comme une d\u00e9faite, il se sait vaincu, mais la capture reste pr\u00e9f\u00e9rable \u00e0 la mort, la chance dans le malheur du soldat. <br>Mais pour cet officier allemand, c\u2019est l\u2019humiliation supr\u00eame. Les mains derri\u00e8re la t\u00eate, face \u00e0 un soldat de couleur, le regard baiss\u00e9, il subit la pire honte de sa vie.<\/p>\n\n\n\n<blockquote class=\"wp-block-quote is-layout-flow wp-block-quote-is-layout-flow\">\n<p>Quelle joie de voir le sourire sur le visage de ce soldat des troupes coloniales fran\u00e7aises, le dos droit son arme entre les mains, victorieux de son prisonnier, d&rsquo;avoir captur\u00e9 cet officier nazi.<\/p>\n<\/blockquote>\n\n\n\n<h2 class=\"wp-block-heading\">R\u00e9f\u00e9rences :<\/h2>\n\n\n\n<ul class=\"wp-block-list\">\n<li><strong>Branche R.<\/strong>&nbsp;(2023).&nbsp;<em>L&rsquo;Afrique du Nord au c\u0153ur de la Lib\u00e9ration<\/em>. Paris : Payot.<\/li>\n\n\n\n<li><strong>Chemins de m\u00e9moire<\/strong>&nbsp;(Minist\u00e8re des Arm\u00e9es). (2025). \u00ab Les soldats colonis\u00e9s de l\u2019Empire fran\u00e7ais (19e-20e si\u00e8cles) \u00bb.<\/li>\n\n\n\n<li><strong>Revue Historique des Arm\u00e9es<\/strong>. (2013). \u00ab Panorama des troupes coloniales fran\u00e7aises dans les deux guerres mondiales \u00bb.<\/li>\n\n\n\n<li><strong>Thomas M.<\/strong>&nbsp;(1998).&nbsp;<em>The French Empire at War 1940-1945<\/em>. Manchester : Manchester University Press.<\/li>\n\n\n\n<li><strong>ECPAD (\u00c9tablissement de communication et de production audiovisuelle de la D\u00e9fense)<\/strong>. (1944). Fonds photographiques : lib\u00e9ration de Provence et captures allemandes par tirailleurs coloniaux. Disponible via catalogue ECPAD.<\/li>\n\n\n\n<li><strong>Mus\u00e9e de l\u2019Arm\u00e9e (Invalides)<\/strong>. (s.d.). Expositions sur les troupes coloniales 1939-1945.&nbsp;<\/li>\n<\/ul>\n\n\n\n<p>Par Alain Schenkels<\/p>\n\n\n\n<figure data-wp-context=\"{&quot;imageId&quot;:&quot;69ea68840f5c1&quot;}\" data-wp-interactive=\"core\/image\" data-wp-key=\"69ea68840f5c1\" class=\"wp-block-image size-full is-resized wp-lightbox-container\"><img loading=\"lazy\" decoding=\"async\" width=\"728\" height=\"1006\" data-wp-class--hide=\"state.isContentHidden\" data-wp-class--show=\"state.isContentVisible\" data-wp-init=\"callbacks.setButtonStyles\" data-wp-on--click=\"actions.showLightbox\" data-wp-on--load=\"callbacks.setButtonStyles\" data-wp-on-window--resize=\"callbacks.setButtonStyles\" src=\"http:\/\/rrb.be\/rrb\/wp-content\/uploads\/2025\/12\/Alain_Schenkels-1.jpg\" alt=\"\" class=\"wp-image-329\" style=\"width:258px;height:auto\" srcset=\"https:\/\/rrb.be\/rrb\/wp-content\/uploads\/2025\/12\/Alain_Schenkels-1.jpg 728w, https:\/\/rrb.be\/rrb\/wp-content\/uploads\/2025\/12\/Alain_Schenkels-1-217x300.jpg 217w\" sizes=\"auto, (max-width: 728px) 100vw, 728px\" \/><button\n\t\t\tclass=\"lightbox-trigger\"\n\t\t\ttype=\"button\"\n\t\t\taria-haspopup=\"dialog\"\n\t\t\taria-label=\"Enlarge\"\n\t\t\tdata-wp-init=\"callbacks.initTriggerButton\"\n\t\t\tdata-wp-on--click=\"actions.showLightbox\"\n\t\t\tdata-wp-style--right=\"state.imageButtonRight\"\n\t\t\tdata-wp-style--top=\"state.imageButtonTop\"\n\t\t>\n\t\t\t<svg xmlns=\"http:\/\/www.w3.org\/2000\/svg\" width=\"12\" height=\"12\" fill=\"none\" viewBox=\"0 0 12 12\">\n\t\t\t\t<path fill=\"#fff\" d=\"M2 0a2 2 0 0 0-2 2v2h1.5V2a.5.5 0 0 1 .5-.5h2V0H2Zm2 10.5H2a.5.5 0 0 1-.5-.5V8H0v2a2 2 0 0 0 2 2h2v-1.5ZM8 12v-1.5h2a.5.5 0 0 0 .5-.5V8H12v2a2 2 0 0 1-2 2H8Zm2-12a2 2 0 0 1 2 2v2h-1.5V2a.5.5 0 0 0-.5-.5H8V0h2Z\" \/>\n\t\t\t<\/svg>\n\t\t<\/button><\/figure>\n\n\n\n<p>Cat\u00e9gorie(s) :<\/p>\n\n\n<div class=\"taxonomy-category wp-block-post-terms\"><a href=\"https:\/\/rrb.be\/rrb\/category\/conflits-guerres\/seconde-guerre-mondiale\/histoires-de-soldats-et-de-guerre\/\" rel=\"tag\">Histoires de soldats et de guerre<\/a><span class=\"wp-block-post-terms__separator\">, <\/span><a href=\"https:\/\/rrb.be\/rrb\/category\/conflits-guerres\/seconde-guerre-mondiale\/\" rel=\"tag\">Seconde guerre mondiale<\/a><span class=\"wp-block-post-terms__separator\">, <\/span><a href=\"https:\/\/rrb.be\/rrb\/category\/conflits-guerres\/seconde-guerre-mondiale\/soldats-ennemis-de-laxe\/\" rel=\"tag\">Soldats ennemis de l&rsquo;Axe<\/a><\/div>\n\n\n<figure class=\"wp-block-embed is-type-wp-embed is-provider-alain-schenkels wp-block-embed-alain-schenkels\"><div class=\"wp-block-embed__wrapper\">\n<blockquote class=\"wp-embedded-content\" data-secret=\"jZm4vhNVXz\"><a href=\"https:\/\/rrb.be\/rrb\/seconde-guerre-mondiale\/\">Seconde Guerre Mondiale<\/a><\/blockquote><iframe loading=\"lazy\" class=\"wp-embedded-content\" sandbox=\"allow-scripts\" security=\"restricted\" style=\"position: absolute; visibility: hidden;\" title=\"\u00ab\u00a0Seconde Guerre Mondiale\u00a0\u00bb &#8212; Alain Schenkels\" src=\"https:\/\/rrb.be\/rrb\/seconde-guerre-mondiale\/embed\/#?secret=wysFhUoQNv#?secret=jZm4vhNVXz\" data-secret=\"jZm4vhNVXz\" width=\"600\" height=\"338\" frameborder=\"0\" marginwidth=\"0\" marginheight=\"0\" scrolling=\"no\"><\/iframe>\n<\/div><\/figure>\n","protected":false},"excerpt":{"rendered":"<p>L\u2019officier allemand captur\u00e9 incarne la d\u00e9faite d\u2019un r\u00e9gime bas\u00e9 sur une id\u00e9ologie raciste et supr\u00e9maciste. En 1944, les troupes coloniales fran\u00e7aises, compos\u00e9es de soldats venus d\u2019Afrique, participent activement \u00e0 la lib\u00e9ration du territoire fran\u00e7ais. Leur contribution, souvent n\u00e9glig\u00e9e, est pourtant cruciale dans la lutte contre l\u2019occupation nazie. Sa capture par un soldat issu des colonies [&hellip;]<\/p>\n","protected":false},"author":1,"featured_media":1580,"parent":886,"menu_order":0,"comment_status":"closed","ping_status":"closed","template":"","meta":{"footnotes":""},"categories":[31,20,32],"tags":[],"class_list":["post-1579","page","type-page","status-publish","has-post-thumbnail","hentry","category-histoires-de-soldats-et-de-guerre","category-seconde-guerre-mondiale","category-soldats-ennemis-de-laxe"],"_links":{"self":[{"href":"https:\/\/rrb.be\/rrb\/wp-json\/wp\/v2\/pages\/1579","targetHints":{"allow":["GET"]}}],"collection":[{"href":"https:\/\/rrb.be\/rrb\/wp-json\/wp\/v2\/pages"}],"about":[{"href":"https:\/\/rrb.be\/rrb\/wp-json\/wp\/v2\/types\/page"}],"author":[{"embeddable":true,"href":"https:\/\/rrb.be\/rrb\/wp-json\/wp\/v2\/users\/1"}],"replies":[{"embeddable":true,"href":"https:\/\/rrb.be\/rrb\/wp-json\/wp\/v2\/comments?post=1579"}],"version-history":[{"count":7,"href":"https:\/\/rrb.be\/rrb\/wp-json\/wp\/v2\/pages\/1579\/revisions"}],"predecessor-version":[{"id":2641,"href":"https:\/\/rrb.be\/rrb\/wp-json\/wp\/v2\/pages\/1579\/revisions\/2641"}],"up":[{"embeddable":true,"href":"https:\/\/rrb.be\/rrb\/wp-json\/wp\/v2\/pages\/886"}],"wp:featuredmedia":[{"embeddable":true,"href":"https:\/\/rrb.be\/rrb\/wp-json\/wp\/v2\/media\/1580"}],"wp:attachment":[{"href":"https:\/\/rrb.be\/rrb\/wp-json\/wp\/v2\/media?parent=1579"}],"wp:term":[{"taxonomy":"category","embeddable":true,"href":"https:\/\/rrb.be\/rrb\/wp-json\/wp\/v2\/categories?post=1579"},{"taxonomy":"post_tag","embeddable":true,"href":"https:\/\/rrb.be\/rrb\/wp-json\/wp\/v2\/tags?post=1579"}],"curies":[{"name":"wp","href":"https:\/\/api.w.org\/{rel}","templated":true}]}}