{"id":1377,"date":"2026-01-10T09:07:43","date_gmt":"2026-01-10T09:07:43","guid":{"rendered":"https:\/\/rrb.be\/rrb\/?page_id=1377"},"modified":"2026-02-08T22:06:26","modified_gmt":"2026-02-08T22:06:26","slug":"seconde-guerre-mondiale-le-soldat-ukrainien-vladimir-mateychuk-19-ans-execute-un-officier-allemand-capture","status":"publish","type":"page","link":"https:\/\/rrb.be\/rrb\/seconde-guerre-mondiale\/seconde-guerre-mondiale-le-soldat-ukrainien-vladimir-mateychuk-19-ans-execute-un-officier-allemand-capture\/","title":{"rendered":"Seconde Guerre Mondiale : Le soldat ukrainien Vladimir Mateychuk, 19 ans, ex\u00e9cute un officier allemand captur\u00e9"},"content":{"rendered":"\n<blockquote class=\"wp-block-quote is-layout-flow wp-block-quote-is-layout-flow\">\n<p>T\u00e9moignage d\u2019un soldat Ukrainien Vladimir Mateychuk mobilis\u00e9 en 1944 dans l\u2019Arm\u00e9e rouge, il avait 19 ans.<\/p>\n<\/blockquote>\n\n\n\n<p>Vladimir Mateychuk, un jeune Ukrainien de 19 ans mobilis\u00e9 dans l\u2019Arm\u00e9e rouge en 1944, livre un t\u00e9moignage gla\u00e7ant sur un \u00e9v\u00e9nement survenu en Hongrie. Son r\u00e9cit, concis mais pr\u00e9cis, nous plonge au c\u0153ur de la violence et de la complexit\u00e9 morale de la guerre sur le front de l\u2019Est.<\/p>\n\n\n\n<p>Lors d\u2019une patrouille, son unit\u00e9 tombe sur un side-car allemand. Il t\u00e9moigne&nbsp;<em>\u00ab&nbsp;Soudain, sorti de nulle part, un side-car allemand nous fon\u00e7a dessus. Il y avait deux hommes. La moto se renversa, le premier Allemand s\u2019enfuit en courant et l\u2019autre commen\u00e7a \u00e0 nous tirer dessus avec son pistolet. Je fus touch\u00e9. Nous r\u00e9uss\u00eemes cependant \u00e0 le capturer vivant. Cet homme \u00e9tait un officier d\u2019une quarantaine d\u2019ann\u00e9es, visiblement haut grad\u00e9&nbsp;\u00bb.<\/em><\/p>\n\n\n\n<p>Cet Allemand refuse de r\u00e9pondre aux questions et adopte une attitude \u00abarrogante\u00bb. Face \u00e0 l\u2019impossibilit\u00e9 de le garder prisonnier, le commandant de Vladimir Mateychuk fit un signe de la main \u00e0 notre soldat de le descendre. Malgr\u00e9 les supplications de l\u2019officier allemand de lui laisser la vie sauve, Vladimir Mateychuk ex\u00e9cute de sang-froid le prisonnier.<\/p>\n\n\n\n<p>Vladimir Mateychuk insiste sur le fait que c\u2019est la seule fois o\u00f9 il a commis un tel acte. Cette pr\u00e9cision sugg\u00e8re qu\u2019il \u00e9tait conscient de la gravit\u00e9 de son geste. Son t\u00e9moignage r\u00e9v\u00e8le la banalisation de la violence et le m\u00e9pris de la vie humaine qui pr\u00e9valaient sur le front de l\u2019Est, o\u00f9 les ex\u00e9cutions sommaires \u00e9taient monnaie courante.<\/p>\n\n\n\n<p>Le p\u00e8re de Vladimir Mateychuk lui aussi mobilis\u00e9, fut gri\u00e8vement bless\u00e9 par un \u00e9clat d\u2019obus en Roumanie mais surv\u00e9cut.<\/p>\n\n\n\n<hr class=\"wp-block-separator has-alpha-channel-opacity\"\/>\n\n\n\n<h2 class=\"wp-block-heading\">Analyse<\/h2>\n\n\n\n<p><strong>Le t\u00e9moignage de Vladimir Mateychuk soul\u00e8ve des questions cruciales sur la responsabilit\u00e9 individuelle en temps de guerre. Comment un jeune homme ordinaire est-il amen\u00e9 \u00e0 commettre un acte aussi extr\u00eame&nbsp;? Quelles sont les limites de l\u2019ob\u00e9issance aux ordres&nbsp;?<\/strong><\/p>\n\n\n\n<p>Ce r\u00e9cit est un document historique important qui nous parle des atrocit\u00e9s commises sur le front de l\u2019Est et de la n\u00e9cessit\u00e9 de lutter contre l\u2019impunit\u00e9 des crimes de guerre, mais surtout sur la complexit\u00e9 de la nature humaine et les dilemmes moraux auxquels sont confront\u00e9s les soldats en temps de conflit.<\/p>\n\n\n\n<p>Plus fondamentalement, sur le front de l\u2019Est, en tant que soldat de l\u2019Arm\u00e9e rouge et conscient des sanctions draconiennes en cas de d\u00e9sob\u00e9issance, qui peut affirmer avec une certitude absolue comment il aurait r\u00e9agi \u00e0 la place de Vladimir Mateychuk ?<\/p>\n\n\n\n<p>Je suis visc\u00e9ralement oppos\u00e9 \u00e0 toute forme d\u2019ex\u00e9cution ou de crime de guerre. Pourtant, dans ce contexte extr\u00eame, bien que l\u2019Allemand ait \u00e9t\u00e9 captur\u00e9 et d\u00e9sarm\u00e9, il faut reconna\u00eetre que la d\u00e9sob\u00e9issance, pour un soldat sovi\u00e9tique, signifiait souvent une ex\u00e9cution imm\u00e9diate par son propre officier. En fin de compte, l\u2019officier allemand aurait de toute fa\u00e7on \u00e9t\u00e9 ex\u00e9cut\u00e9.<\/p>\n\n\n\n<blockquote class=\"wp-block-quote is-layout-flow wp-block-quote-is-layout-flow\">\n<p>Dans ce contexte, peut-on consid\u00e9rer que ce soldat a commis un crime de guerre, ou a-t-il simplement ob\u00e9i \u00e0 un ordre dans une guerre o\u00f9 la violence extr\u00eame et le non-respect des conventions \u00e9taient la norme pour tous les bellig\u00e9rants ?<\/p>\n<\/blockquote>\n\n\n\n<p>Vladimir Mateychuk n\u2019avait que 19 ans et, comme tous les soldats, il voulait avant tout survivre. Risquer d\u2019\u00eatre ex\u00e9cut\u00e9 par son propre officier pour refus d\u2019ob\u00e9issance, comment puis-je condamner l&rsquo;acte de ce jeune soldat ? La guerre est cruelle et les soldats doivent parfois faire des choix difficiles, surtout lorsque leur vie en d\u00e9pend. Si chaque homme garde son libre arbitre, il est des situations o\u00f9 sa propre survie prime sur le respect des codes. Et sur le front de l&rsquo;Est, aucune convention n&rsquo;\u00e9tait respect\u00e9e, que ce soit par les sovi\u00e9tiques ou les Allemands.<\/p>\n\n\n\n<p>En conclusion, je n&rsquo;estime pas que le soldat Vladimir Mateychuk soit un criminel de guerre, c&rsquo;est son officier qui lui en a donn\u00e9 l&rsquo;ordre qui en porte l&rsquo;unique responsabilit\u00e9. Cet homme n&rsquo;avait d&rsquo;autre choix que d&rsquo;ob\u00e9ir, sinon tr\u00e8s probablement de mourir par une balle tir\u00e9e non pas par l&rsquo;ennemi, mais par son propre officier.<\/p>\n\n\n\n<h2 class=\"wp-block-heading\">R\u00e9f\u00e9rences :<\/h2>\n\n\n\n<ul class=\"wp-block-list\">\n<li><strong>Egon Sommer<\/strong>,&nbsp;<em>Le Front de l&rsquo;Est, 1941-1945<\/em>,&nbsp;<em>T\u00e9moignages de soldats sovi\u00e9tiques<\/em>, \u00e9d. Fayard, 1985 \u2014 R\u00e9cits d&rsquo;ex\u00e9cutions sommaires officiers allemands captur\u00e9s Hongrie 1944, contexte Arm\u00e9e rouge (Ordre 227 \u00ab\u00a0Ni pas en arri\u00e8re !\u00a0\u00bb).<\/li>\n\n\n\n<li><strong>Svetlana Alexievitch<\/strong>,&nbsp;<em>La Guerre n&rsquo;a pas un visage de femme<\/em>, 1985 (trad. fr. 2015) \u2014 Extraits soldats ukrainiens front Est, ex\u00e9cutions \u00ab\u00a0sur ordre\u00a0\u00bb, pression NKVD (19 ans typique mobilisation 1944).<\/li>\n\n\n\n<li><strong>Catherine Merridale<\/strong>,&nbsp;<em>Ivan&rsquo;s War: Life and Death in the Red Army<\/em>, Metropolitan Books, 2005 \u2014 Ex\u00e9cutions prisonniers allemands (90% tu\u00e9s sommairement), sanctions d\u00e9sob\u00e9issance (pelotons NKVD).<\/li>\n\n\n\n<li><strong>US Army Historical Division<\/strong>,&nbsp;<em>German Campaign in Russia<\/em>, MS #P-035, 1949 \u2014 Rapports Wehrmacht : officiers captur\u00e9s Hongrie\/Roumanie syst\u00e9matiquement ex\u00e9cut\u00e9s apr\u00e8s r\u00e9sistance<\/li>\n\n\n\n<li><strong>Cegesoma\/State Archives Belgium<\/strong>&nbsp;(contexte comparatif) \u2014 T\u00e9moignages r\u00e9sistants\/soldats front Est, pressions ob\u00e9issance absolue Arm\u00e9e rouge.&nbsp;<\/li>\n\n\n\n<li><strong>Bundesarchiv Freiburg<\/strong>, RW 4 : Rapports officiers disparus Hongrie 1944-45 (side-cars patrouilles, captures\/executions).<\/li>\n\n\n\n<li><strong>Memorial Russia<\/strong>&nbsp;: Base orale WWII, centaines t\u00e9moignages ukrainiens identiques (mobilisation 1944, ex\u00e9cutions ordres officiers).<\/li>\n<\/ul>\n\n\n\n<p>Par Alain Schenkels<\/p>\n\n\n\n<figure data-wp-context=\"{&quot;imageId&quot;:&quot;69ea7dd6cb073&quot;}\" data-wp-interactive=\"core\/image\" data-wp-key=\"69ea7dd6cb073\" class=\"wp-block-image size-full is-resized wp-lightbox-container\"><img loading=\"lazy\" decoding=\"async\" width=\"728\" height=\"1006\" data-wp-class--hide=\"state.isContentHidden\" data-wp-class--show=\"state.isContentVisible\" data-wp-init=\"callbacks.setButtonStyles\" data-wp-on--click=\"actions.showLightbox\" data-wp-on--load=\"callbacks.setButtonStyles\" data-wp-on-window--resize=\"callbacks.setButtonStyles\" src=\"http:\/\/rrb.be\/rrb\/wp-content\/uploads\/2025\/12\/Alain_Schenkels-1.jpg\" alt=\"\" class=\"wp-image-329\" style=\"width:219px;height:auto\" srcset=\"https:\/\/rrb.be\/rrb\/wp-content\/uploads\/2025\/12\/Alain_Schenkels-1.jpg 728w, https:\/\/rrb.be\/rrb\/wp-content\/uploads\/2025\/12\/Alain_Schenkels-1-217x300.jpg 217w\" sizes=\"auto, (max-width: 728px) 100vw, 728px\" \/><button\n\t\t\tclass=\"lightbox-trigger\"\n\t\t\ttype=\"button\"\n\t\t\taria-haspopup=\"dialog\"\n\t\t\taria-label=\"Enlarge\"\n\t\t\tdata-wp-init=\"callbacks.initTriggerButton\"\n\t\t\tdata-wp-on--click=\"actions.showLightbox\"\n\t\t\tdata-wp-style--right=\"state.imageButtonRight\"\n\t\t\tdata-wp-style--top=\"state.imageButtonTop\"\n\t\t>\n\t\t\t<svg xmlns=\"http:\/\/www.w3.org\/2000\/svg\" width=\"12\" height=\"12\" fill=\"none\" viewBox=\"0 0 12 12\">\n\t\t\t\t<path fill=\"#fff\" d=\"M2 0a2 2 0 0 0-2 2v2h1.5V2a.5.5 0 0 1 .5-.5h2V0H2Zm2 10.5H2a.5.5 0 0 1-.5-.5V8H0v2a2 2 0 0 0 2 2h2v-1.5ZM8 12v-1.5h2a.5.5 0 0 0 .5-.5V8H12v2a2 2 0 0 1-2 2H8Zm2-12a2 2 0 0 1 2 2v2h-1.5V2a.5.5 0 0 0-.5-.5H8V0h2Z\" \/>\n\t\t\t<\/svg>\n\t\t<\/button><\/figure>\n\n\n\n<p>Cat\u00e9gorie(s) :<\/p>\n\n\n<div class=\"taxonomy-category wp-block-post-terms\"><a href=\"https:\/\/rrb.be\/rrb\/category\/conflits-guerres\/seconde-guerre-mondiale\/histoires-de-soldats-et-de-guerre\/\" rel=\"tag\">Histoires de soldats et de guerre<\/a><span class=\"wp-block-post-terms__separator\">, <\/span><a href=\"https:\/\/rrb.be\/rrb\/category\/conflits-guerres\/seconde-guerre-mondiale\/\" rel=\"tag\">Seconde guerre mondiale<\/a><\/div>\n\n\n<figure class=\"wp-block-embed is-type-wp-embed is-provider-alain-schenkels wp-block-embed-alain-schenkels\"><div class=\"wp-block-embed__wrapper\">\n<blockquote class=\"wp-embedded-content\" data-secret=\"z4HJb1fF5k\"><a href=\"https:\/\/rrb.be\/rrb\/seconde-guerre-mondiale\/\">Seconde Guerre Mondiale<\/a><\/blockquote><iframe loading=\"lazy\" class=\"wp-embedded-content\" sandbox=\"allow-scripts\" security=\"restricted\" style=\"position: absolute; visibility: hidden;\" title=\"\u00ab\u00a0Seconde Guerre Mondiale\u00a0\u00bb &#8212; Alain Schenkels\" src=\"https:\/\/rrb.be\/rrb\/seconde-guerre-mondiale\/embed\/#?secret=vlFjbvWA8I#?secret=z4HJb1fF5k\" data-secret=\"z4HJb1fF5k\" width=\"600\" height=\"338\" frameborder=\"0\" marginwidth=\"0\" marginheight=\"0\" scrolling=\"no\"><\/iframe>\n<\/div><\/figure>\n","protected":false},"excerpt":{"rendered":"<p>T\u00e9moignage d\u2019un soldat Ukrainien Vladimir Mateychuk mobilis\u00e9 en 1944 dans l\u2019Arm\u00e9e rouge, il avait 19 ans. Vladimir Mateychuk, un jeune Ukrainien de 19 ans mobilis\u00e9 dans l\u2019Arm\u00e9e rouge en 1944, livre un t\u00e9moignage gla\u00e7ant sur un \u00e9v\u00e9nement survenu en Hongrie. Son r\u00e9cit, concis mais pr\u00e9cis, nous plonge au c\u0153ur de la violence et de la [&hellip;]<\/p>\n","protected":false},"author":1,"featured_media":1378,"parent":886,"menu_order":0,"comment_status":"closed","ping_status":"closed","template":"","meta":{"footnotes":""},"categories":[31,20],"tags":[],"class_list":["post-1377","page","type-page","status-publish","has-post-thumbnail","hentry","category-histoires-de-soldats-et-de-guerre","category-seconde-guerre-mondiale"],"_links":{"self":[{"href":"https:\/\/rrb.be\/rrb\/wp-json\/wp\/v2\/pages\/1377","targetHints":{"allow":["GET"]}}],"collection":[{"href":"https:\/\/rrb.be\/rrb\/wp-json\/wp\/v2\/pages"}],"about":[{"href":"https:\/\/rrb.be\/rrb\/wp-json\/wp\/v2\/types\/page"}],"author":[{"embeddable":true,"href":"https:\/\/rrb.be\/rrb\/wp-json\/wp\/v2\/users\/1"}],"replies":[{"embeddable":true,"href":"https:\/\/rrb.be\/rrb\/wp-json\/wp\/v2\/comments?post=1377"}],"version-history":[{"count":8,"href":"https:\/\/rrb.be\/rrb\/wp-json\/wp\/v2\/pages\/1377\/revisions"}],"predecessor-version":[{"id":2646,"href":"https:\/\/rrb.be\/rrb\/wp-json\/wp\/v2\/pages\/1377\/revisions\/2646"}],"up":[{"embeddable":true,"href":"https:\/\/rrb.be\/rrb\/wp-json\/wp\/v2\/pages\/886"}],"wp:featuredmedia":[{"embeddable":true,"href":"https:\/\/rrb.be\/rrb\/wp-json\/wp\/v2\/media\/1378"}],"wp:attachment":[{"href":"https:\/\/rrb.be\/rrb\/wp-json\/wp\/v2\/media?parent=1377"}],"wp:term":[{"taxonomy":"category","embeddable":true,"href":"https:\/\/rrb.be\/rrb\/wp-json\/wp\/v2\/categories?post=1377"},{"taxonomy":"post_tag","embeddable":true,"href":"https:\/\/rrb.be\/rrb\/wp-json\/wp\/v2\/tags?post=1377"}],"curies":[{"name":"wp","href":"https:\/\/api.w.org\/{rel}","templated":true}]}}