{"id":1355,"date":"2025-08-10T07:31:00","date_gmt":"2025-08-10T07:31:00","guid":{"rendered":"https:\/\/rrb.be\/rrb\/?page_id=1355"},"modified":"2026-02-08T18:41:45","modified_gmt":"2026-02-08T18:41:45","slug":"citations-dauteurs-sur-la-vie-le-sacrifice-et-la-mort-a-la-guerre","status":"publish","type":"page","link":"https:\/\/rrb.be\/rrb\/citations-dauteurs-sur-la-vie-le-sacrifice-et-la-mort-a-la-guerre\/","title":{"rendered":"Citations d\u2019auteurs sur la vie, le sacrifice et la mort \u00e0 la guerre"},"content":{"rendered":"\n<blockquote class=\"wp-block-quote is-layout-flow wp-block-quote-is-layout-flow\">\n<p><strong><em>\u00ab&nbsp;Nous nous battrons sur les plages, nous nous battrons sur les terrains d\u2019atterrissage, nous nous battrons dans les champs et dans les rues, nous nous battrons dans les collines\u202f; nous ne nous rendrons jamais.&nbsp;\u00bb\u202f<\/em><br><em>Winston Churchill, 4 juin 1940<\/em><\/strong><\/p>\n<\/blockquote>\n\n\n\n<p><strong>\u00ab\u00a0<em>Celui qui a un pourquoi pour vivre peut supporter n\u2019importe quel comment<\/em>\u00ab\u00a0.<\/strong><br>Nietzsche souligne ici l\u2019importance d\u2019avoir une raison de vivre, m\u00eame si cette raison peut conduire au sacrifice ultime.<\/p>\n\n\n\n<p><em><strong>\u00ab\u00a0Ils peuvent prendre nos vies, mais ils ne prendront jamais notre libert\u00e9 !\u00a0\u00bb<\/strong><\/em><br>William Wallace, h\u00e9ros \u00e9cossais, citation qui est devenue un symbole de r\u00e9sistance et de sacrifice pour la libert\u00e9.<\/p>\n\n\n\n<p><em><strong>\u00ab\u00a0Le plus grand amour, c\u2019est de donner sa vie pour ses amis.\u00a0\u00bb<\/strong><\/em><br>Jean 15:13. Cette citation biblique est une c\u00e9l\u00e9bration du sacrifice ultime pour ceux que l\u2019on aime, y compris sa patrie.<\/p>\n\n\n\n<p><em><strong>\u00ab\u00a0Je crois que s\u2019il fallait, un jour, choisir entre la l\u00e2chet\u00e9 et la violence, je conseillerais la violence. Je pr\u00e9f\u00e9rerais que l\u2019Inde ait recours aux armes pour d\u00e9fendre son honneur, plut\u00f4t que de devenir l\u00e2chement le t\u00e9moin de son d\u00e9shonneur.\u00a0\u00bb<\/strong><\/em><br>Ghandi, ce qu\u2019il \u00e9crivait dans \u00ab&nbsp;Young India&nbsp;\u00bb en 1920<\/p>\n\n\n\n<p><em><strong>\u00ab\u00a0Ce n\u2019est pas de tomber dans la lutte acharn\u00e9e qui fait grand une destin\u00e9e, c\u2019est de mourir fid\u00e8le au devoir accept\u00e9, c\u2019est d\u2019accomplir dans l\u2019ombre un noble sacrifice, d\u2019aller au but certain sans que l\u2019\u00e2me faiblisse et de n\u2019attendre rien de la post\u00e9rit\u00e9\u00a0\u00bb<\/strong><\/em><br>Victorien Sardou 1831-1908 en 1886, auteur dramatique fran\u00e7ais, Grand-croix de la L\u00e9gion d\u2019honneur<\/p>\n\n\n\n<p><em><strong>\u00ab\u00a0L\u2019important dans la vie, ce n\u2019est point le triomphe, mais le combat. L\u2019essentiel n\u2019est pas d\u2019avoir vaincu, mais de s\u2019\u00eatre bien battu.\u00a0\u00bb<\/strong><\/em><br>Pierre de Coubertin<\/p>\n\n\n\n<p><em><strong>\u00ab\u00a0La guerre, ce n\u2019est pas l\u2019acceptation du risque. Ce n\u2019est pas l\u2019acceptation du combat. C\u2019est, \u00e0 certaines heures, pour le combattant, l\u2019acceptation pure et simple de la mort.\u00a0\u00bb<\/strong><\/em><br>Antoine de Saint-Exup\u00e9ry,&nbsp;<em>Pilote de guerre<\/em><\/p>\n\n\n\n<p><strong><em>\u00ab\u00a0La guerre nazie est une r\u00e9pugnante affaire. Nous ne voulions pas y entrer, mais nous y sommes et nous allons combattre avec toutes nos ressources<\/em>\u00ab\u00a0.<\/strong><br>Franklin D. Roosevelt, pr\u00e9sident des \u00c9tats-Unis, exprimant la d\u00e9termination totale \u00e0 vaincre le nazisme, m\u00eame au prix d\u2019\u00e9normes sacrifices<\/p>\n\n\n\n<p><em><strong>\u00ab\u00a0On ne subit pas la guerre, on la fait.\u00a0\u00bb<\/strong><\/em><br>Charles de Gaulle<\/p>\n\n\n\n<p><em><strong>\u00ab\u00a0Mourir en combattant sied mieux au soldat qu\u2019\u00eatre libre dans la fuite.\u00a0\u00bb<\/strong><\/em><br>Miguel de Cervant\u00e8s<\/p>\n\n\n\n<p><em><strong>\u00ab\u00a0\u00c9viter la guerre, tel est donc le devoir de tout homme sage : mais si l\u2019on doit en arriver l\u00e0, ce n\u2019est pas une couronne sans gloire qu\u2019une belle mort pour la cit\u00e9 ; une mort sans beaut\u00e9 d\u00e9shonore.\u00a0\u00bb<\/strong><\/em><br>Euripide<\/p>\n\n\n\n<p><em><strong>\u00ab\u00a0Il vaut mieux mourir debout que vivre \u00e0 genoux.\u00a0\u00bb<\/strong><\/em><br>Emiliano Zapata (souvent attribu\u00e9 aussi \u00e0 Dolores Ib\u00e1rruri)<\/p>\n\n\n\n<p><em><strong>\u00ab\u00a0Les deux visages de la guerre, l\u2019ambigu\u00eft\u00e9 de la guerre.<br>\u2013 La part horrible, cruelle, atroce.<br>\u2013 Et la noblesse de la guerre : le courage, le don de soi total, l\u2019oubli de soi pour une cause sup\u00e9rieure \u00e0 la vie elle-m\u00eame.\u00a0\u00bb<\/strong><\/em><br>Dominique Venner<\/p>\n\n\n\n<p><em><strong>\u00ab\u00a0La mort du soldat est effroyable, l\u00e2chement abandonner sa famille et sa patrie l\u2019est davantage.\u00a0\u00bb<\/strong><\/em><br>Alain Schenkels<\/p>\n\n\n\n<p><em><strong>\u00ab\u00a0Celui qui veut vaincre doit accepter de mourir.\u00a0\u00bb<\/strong><\/em><br>Proverbe militaire<\/p>\n\n\n\n<p><strong>\u00ab\u00a0<em>Le sacrifice supr\u00eame, la destin\u00e9e de soldats de toutes \u00e9poques et de toutes guerres, ne l\u2019oublions pas\u2026<\/em>\u00ab\u00a0<\/strong><br>Gaetan O Keefe<\/p>\n\n\n\n<h2 class=\"wp-block-heading\">R\u00e9f\u00e9rences :<\/h2>\n\n\n\n<ul class=\"wp-block-list\">\n<li><strong>Winston Churchill<\/strong> : \u00ab&nbsp;Nous nous battrons sur les plages\u2026 \u00bb \u2014 Discours \u00e0 la Chambre des communes, 4 juin 1940. Recueilli dans&nbsp;<em>Les Grands Discours de Winston Churchill<\/em>, Albin Michel, 2001.<\/li>\n\n\n\n<li><strong>Friedrich Nietzsche<\/strong> : \u00ab&nbsp;Celui qui a un pourquoi\u2026 \u00bb \u2014&nbsp;<em>Twilight of the Idols<\/em>&nbsp;(Cr\u00e9puscule des idoles), 1888, Maxim 12.<\/li>\n\n\n\n<li><strong>\u00c9vangile selon Jean 15:13<\/strong> : \u00ab&nbsp;Le plus grand amour\u2026 \u00bb \u2014 Bible de J\u00e9rusalem \/ Louis Segond, \u00e9dition standard.<\/li>\n\n\n\n<li><strong>Mahatma Gandhi<\/strong> : \u00ab&nbsp;Je crois que s\u2019il fallait choisir\u2026 \u00bb \u2014&nbsp;<em>Young India<\/em>, 19 ao\u00fbt 1920 ; reproduit dans&nbsp;<em>Collected Works of Mahatma Gandhi<\/em>, vol. 21.<\/li>\n\n\n\n<li><strong>Victorien Sardou<\/strong> : \u00ab&nbsp;Ce n\u2019est pas de tomber\u2026 \u00bb \u2014&nbsp;<em>Patrie !<\/em>&nbsp;(1869), discours final ; cit\u00e9 dans&nbsp;<em>Dictionnaire des citations fran\u00e7aises<\/em>, Larousse, 2003.<\/li>\n\n\n\n<li><strong>Pierre de Coubertin<\/strong> : \u00ab&nbsp;L\u2019important dans la vie\u2026 \u00bb \u2014 Discours d\u2019ouverture des Jeux Olympiques, 1908 ;&nbsp;<em>M\u00e9moires Olympiques<\/em>, 1931.<\/li>\n\n\n\n<li><strong>Antoine de Saint-Exup\u00e9ry<\/strong> : \u00ab&nbsp;La guerre, ce n\u2019est pas\u2026 \u00bb \u2014&nbsp;<em>Pilote de guerre<\/em>, Gallimard, 1942, ch. XIV.<\/li>\n\n\n\n<li><strong>Charles de Gaulle<\/strong> : \u00ab&nbsp;On ne subit pas la guerre\u2026 \u00bb \u2014&nbsp;<em>M\u00e9moires de guerre : L\u2019Appel<\/em>, Plon, 1954.<\/li>\n\n\n\n<li><strong>Miguel de Cervant\u00e8s<\/strong> : \u00ab&nbsp;Mourir en combattant\u2026 \u00bb \u2014&nbsp;<em>Don Quichotte<\/em>, 1605, IIe partie, ch. LVIII.<\/li>\n\n\n\n<li><strong>Euripide<\/strong> : \u00ab&nbsp;\u00c9viter la guerre\u2026 \u00bb \u2014&nbsp;<em>Suppliques<\/em>&nbsp;(H\u00e9cube), v. 285-290 ; \u00e9d. bilingue Les Belles Lettres.<\/li>\n\n\n\n<li><strong>Emiliano Zapata \/ Dolores Ib\u00e1rruri<\/strong> : \u00ab&nbsp;Il vaut mieux mourir debout\u2026 \u00bb \u2014 Zapata (attribu\u00e9, Plan d\u2019Ayala 1911) ; Ib\u00e1rruri (discours r\u00e9publicain, 1936).<\/li>\n\n\n\n<li><strong>Dominique Venner<\/strong> : \u00ab&nbsp;Les deux visages de la guerre\u2026 \u00bb \u2014&nbsp;<em>Histoire et tradition des Europ\u00e9ens<\/em>, 2002, ch. \u00ab La Noblesse de la guerre \u00bb.<\/li>\n\n\n\n<li><strong>Alain Schenkels<\/strong> : \u00ab&nbsp;La mort du soldat\u2026 \u00bb \u2014&nbsp;, \u00e9d. priv\u00e9e \u00e0 compte d&rsquo;auteur, non publi\u00e9e, 2015 (auteur belge contemporain).<\/li>\n<\/ul>\n\n\n\n<p><strong>Nombreuses citations<\/strong>&nbsp;compil\u00e9es et authentifi\u00e9es dans&nbsp;<em>Le Livre des Citations<\/em>, Robert Laffont, Bouquins, 2015;&nbsp;<em>Oxford Dictionary of Quotations<\/em>, 8e \u00e9d., 2020.<\/p>\n\n\n\n<p>Par Alain Schenkels<\/p>\n\n\n\n<figure data-wp-context=\"{&quot;imageId&quot;:&quot;69ea7de269022&quot;}\" data-wp-interactive=\"core\/image\" data-wp-key=\"69ea7de269022\" class=\"wp-block-image size-full is-resized wp-lightbox-container\"><img loading=\"lazy\" decoding=\"async\" width=\"577\" height=\"433\" data-wp-class--hide=\"state.isContentHidden\" data-wp-class--show=\"state.isContentVisible\" data-wp-init=\"callbacks.setButtonStyles\" data-wp-on--click=\"actions.showLightbox\" data-wp-on--load=\"callbacks.setButtonStyles\" data-wp-on-window--resize=\"callbacks.setButtonStyles\" src=\"http:\/\/rrb.be\/rrb\/wp-content\/uploads\/2026\/01\/Alain-Schenkels-sous-fond-blanc.png\" alt=\"\" class=\"wp-image-1963\" style=\"aspect-ratio:1.3326027397260274;width:394px;height:auto\" srcset=\"https:\/\/rrb.be\/rrb\/wp-content\/uploads\/2026\/01\/Alain-Schenkels-sous-fond-blanc.png 577w, https:\/\/rrb.be\/rrb\/wp-content\/uploads\/2026\/01\/Alain-Schenkels-sous-fond-blanc-300x225.png 300w\" sizes=\"auto, (max-width: 577px) 100vw, 577px\" \/><button\n\t\t\tclass=\"lightbox-trigger\"\n\t\t\ttype=\"button\"\n\t\t\taria-haspopup=\"dialog\"\n\t\t\taria-label=\"Enlarge\"\n\t\t\tdata-wp-init=\"callbacks.initTriggerButton\"\n\t\t\tdata-wp-on--click=\"actions.showLightbox\"\n\t\t\tdata-wp-style--right=\"state.imageButtonRight\"\n\t\t\tdata-wp-style--top=\"state.imageButtonTop\"\n\t\t>\n\t\t\t<svg xmlns=\"http:\/\/www.w3.org\/2000\/svg\" width=\"12\" height=\"12\" fill=\"none\" viewBox=\"0 0 12 12\">\n\t\t\t\t<path fill=\"#fff\" d=\"M2 0a2 2 0 0 0-2 2v2h1.5V2a.5.5 0 0 1 .5-.5h2V0H2Zm2 10.5H2a.5.5 0 0 1-.5-.5V8H0v2a2 2 0 0 0 2 2h2v-1.5ZM8 12v-1.5h2a.5.5 0 0 0 .5-.5V8H12v2a2 2 0 0 1-2 2H8Zm2-12a2 2 0 0 1 2 2v2h-1.5V2a.5.5 0 0 0-.5-.5H8V0h2Z\" \/>\n\t\t\t<\/svg>\n\t\t<\/button><\/figure>\n\n\n\n<hr class=\"wp-block-separator has-alpha-channel-opacity\"\/>\n\n\n\n<p><em>L\u00e9gende photo d&rsquo;ent\u00eate : Soldat \u00e9limin\u00e9 lors d\u2019une guerre contemporaine <br>Quelque soit l\u2019\u00e9poque ou le conflit, tous les soldats se ressemblent dans la mort<\/em>.<\/p>\n\n\n\n<p>Cat\u00e9gorie(s) :<\/p>\n\n\n<div class=\"taxonomy-category wp-block-post-terms\"><a href=\"https:\/\/rrb.be\/rrb\/category\/conflits-guerres\/\" rel=\"tag\">Conflits &#8211; Guerres<\/a><span class=\"wp-block-post-terms__separator\">, <\/span><a href=\"https:\/\/rrb.be\/rrb\/category\/philosophie\/\" rel=\"tag\">Philosophie<\/a><\/div>","protected":false},"excerpt":{"rendered":"<p>\u00ab&nbsp;Nous nous battrons sur les plages, nous nous battrons sur les terrains d\u2019atterrissage, nous nous battrons dans les champs et dans les rues, nous nous battrons dans les collines\u202f; nous ne nous rendrons jamais.&nbsp;\u00bb\u202fWinston Churchill, 4 juin 1940 \u00ab\u00a0Celui qui a un pourquoi pour vivre peut supporter n\u2019importe quel comment\u00ab\u00a0.Nietzsche souligne ici l\u2019importance d\u2019avoir une [&hellip;]<\/p>\n","protected":false},"author":1,"featured_media":1356,"parent":0,"menu_order":0,"comment_status":"closed","ping_status":"closed","template":"","meta":{"footnotes":""},"categories":[18,7],"tags":[],"class_list":["post-1355","page","type-page","status-publish","has-post-thumbnail","hentry","category-conflits-guerres","category-philosophie"],"_links":{"self":[{"href":"https:\/\/rrb.be\/rrb\/wp-json\/wp\/v2\/pages\/1355","targetHints":{"allow":["GET"]}}],"collection":[{"href":"https:\/\/rrb.be\/rrb\/wp-json\/wp\/v2\/pages"}],"about":[{"href":"https:\/\/rrb.be\/rrb\/wp-json\/wp\/v2\/types\/page"}],"author":[{"embeddable":true,"href":"https:\/\/rrb.be\/rrb\/wp-json\/wp\/v2\/users\/1"}],"replies":[{"embeddable":true,"href":"https:\/\/rrb.be\/rrb\/wp-json\/wp\/v2\/comments?post=1355"}],"version-history":[{"count":14,"href":"https:\/\/rrb.be\/rrb\/wp-json\/wp\/v2\/pages\/1355\/revisions"}],"predecessor-version":[{"id":2620,"href":"https:\/\/rrb.be\/rrb\/wp-json\/wp\/v2\/pages\/1355\/revisions\/2620"}],"wp:featuredmedia":[{"embeddable":true,"href":"https:\/\/rrb.be\/rrb\/wp-json\/wp\/v2\/media\/1356"}],"wp:attachment":[{"href":"https:\/\/rrb.be\/rrb\/wp-json\/wp\/v2\/media?parent=1355"}],"wp:term":[{"taxonomy":"category","embeddable":true,"href":"https:\/\/rrb.be\/rrb\/wp-json\/wp\/v2\/categories?post=1355"},{"taxonomy":"post_tag","embeddable":true,"href":"https:\/\/rrb.be\/rrb\/wp-json\/wp\/v2\/tags?post=1355"}],"curies":[{"name":"wp","href":"https:\/\/api.w.org\/{rel}","templated":true}]}}